{"text_format":"1","workbook":"xlsx","n_sheets":6,"sheets":["ASHP Calculator","Help & Info","Web ProForma Inputs","TRM lookup tables","Fuel 1 - Savings Calculator","Drop-Down Lists"],"not_rendered":{"charts":0,"images":1,"macros":1,"external_links":4,"defined_names":99,"comments":3,"pivot_tables":0},"unopened":[],"bounds":{"document_bytes":16777216,"sheet_cells":100000,"rows_first":2000,"rows_last":500,"rows_between":2000,"halvings":0,"cell_chars":16384,"cell_head_chars":4096},"cells_cut":0,"cells_raw":0,"read":"whole","date_system":"1900"}

{"sheet":"ASHP Calculator","index":0,"n_rows":46,"n_cols":33,"rows_kept":46,"cut":false,"hidden":false,"merged":[[8,3,8,5],[8,1,19,1],[26,12,26,14],[42,18,42,21],[28,12,28,14],[30,12,30,14],[29,1,29,2],[9,12,9,14],[11,12,11,14],[13,12,13,14],[21,1,27,1],[15,12,15,14],[17,12,17,14],[19,12,19,14],[21,12,21,14]]}
[null,null,null,null,null,null,null,null,null,null,null,null,null,null,null,null,null,null,null,"Room AC","before 2006 (10)","2006 & after (13)","14.5 SEER",null,"Lookup by Fuel Type",null,null,"Unit","Cost per","MBtu per"]
[null,null,null,null,null,null,null,null,null,null,null,null,null,null,null,null,null,null,"Base Case Cooling Systems",null,"Unit","Unit","Const Spd",null,"Fuels",null,"eff","Name","Unit","Unit","Electric Utility/Data Source",null,"Fuel Type"]
[null,null,null,null,null,null,null,null,null,null,null,null,null,null,null,null,null,null,"Rated SEER (Btu/Wh)",11,10,13,14.5,null,"Elect Resist","per kWh",{"$f":"HLOOKUP($D$24,$Z$16:$AB$27,2)","v":{"$error":"#N/A"}},"(kWh)",{"$f":"'Fuel 1 - Savings Calculator'!H7","v":{"$error":"#N/A"}},3.4129999999999998,{"$f":"'Fuel 1 - Savings Calculator'!B5&\" - \"&'Fuel 1 - Savings Calculator'!F7","v":{"$error":"#N/A"}},null,"Electric"]
[null,null,null,null,null,null,"Values that \"Override\" default values",null,null,null,null,null,null,null,null,null,null,null,null,null,null,null,null,null,"Std ASHP","per kWh",{"$f":"HLOOKUP($D$24,$Z$16:$AB$27,3)","v":{"$error":"#N/A"}},{"$f":"AB3","v":"(kWh)"},{"$f":"AC3","v":{"$error":"#N/A"}},{"$f":"AD3","v":3.4129999999999998},{"$f":"AE3","v":{"$error":"#N/A"}},null,"Electric"]
[null,null,null,null,null,null,"Light grey values used in calculations/diagnostics",null,null,null,null,null,null,null,null,null,null,null,null,null,null,null,null,null,"Fuel Oil - Furnace","per gal",{"$f":"HLOOKUP($D$24,$Z$16:$AB$27,4)","v":{"$error":"#N/A"}},"(gal)",{"$f":"'Fuel 1 - Savings Calculator'!H3","v":""},139,{"$f":"'Fuel 1 - Savings Calculator'!F3&\" - \"&'Fuel 1 - Savings Calculator'!H77","v":" - 2017-2019 Avg"},null,"Fuel Oil"]
[null,null,null,null,null,null,null,null,null,null,null,null,null,null,null,null,null,null,null,null,null,null,null,null,"Fuel Oil - Boiler","per gal",{"$f":"HLOOKUP($D$24,$Z$16:$AB$27,5)","v":{"$error":"#N/A"}},{"$f":"AB5","v":"(gal)"},{"$f":"AC5","v":""},{"$f":"AD5","v":139},{"$f":"AE5","v":" - 2017-2019 Avg"},null,"Fuel Oil"]
[null,null,"Air Source Heat Pump",null,null,null,null,null,null,null,null,"Customer Information",null,null,null,null,null,null,null,null,null,null,null,null,"Natural Gas - Furnace","per therm",{"$f":"HLOOKUP($D$24,$Z$16:$AB$27,6)","v":{"$error":"#N/A"}},"(therms)",{"$f":"'Fuel 1 - Savings Calculator'!H4","v":""},100,{"$f":"'Fuel 1 - Savings Calculator'!B6","v":0},null,"Natural Gas"]
[null,null,"Building Heating Load (Manual J):",null,null,"Btu/h @ Des Tmp:",null,"F               ASHP Application:",null,{"$f":"IF(D16>=0.9,\"FULL-LOAD\",\"PARTIAL\")","v":{"$error":"#DIV/0!"}},null,null,null,null,null,null,null,null,null,null,null,null,null,null,"Natural Gas - Boiler","per therm",{"$f":"HLOOKUP($D$24,$Z$16:$AB$27,7)","v":{"$error":"#N/A"}},{"$f":"AB7","v":"(therms)"},{"$f":"AC7","v":""},{"$f":"AD7","v":100},{"$f":"AE7","v":0},null,"Natural Gas"]
[null,"ASHP System","ASHP Type/Scenario",null,null,null,{"$f":"E8*('TRM lookup tables'!A55-'TRM lookup tables'!I61)/(G8-'TRM lookup tables'!I61)","v":{"$error":"#N/A"}},{"$f":"VLOOKUP(D9,'TRM lookup tables'!$B$69:$G$75,5)","v":{"$error":"#N/A"}},{"$f":"VLOOKUP(D9,'TRM lookup tables'!$B$69:$G$75,6)","v":{"$error":"#N/A"}},null,null,null,null,null,null,null,null,null,null,"Base Calcs","HSPF Factor",null,null,null,"Propane - Furnace","per gal",{"$f":"HLOOKUP($D$24,$Z$16:$AB$27,8)","v":{"$error":"#N/A"}},"(gal)",{"$f":"'Fuel 1 - Savings Calculator'!H5","v":""},92,{"$f":"'Fuel 1 - Savings Calculator'!F5&\" - \"&'Fuel 1 - Savings Calculator'!H105","v":" - 2017-2019 Avg"},null,"Propane"]
[null,null,"ASHP Cooling Capacity at 95F",null,null,"Btu/h (all units)",null,null,"No. of Outdoor Units:",null,null,"Name:",null,null,null,null,null,null,null,"City",null,null,null,null,"Propane  - Boiler","per gal",{"$f":"HLOOKUP($D$24,$Z$16:$AB$27,9)","v":{"$error":"#N/A"}},{"$f":"AB9","v":"(gal)"},{"$f":"AC9","v":""},{"$f":"AD9","v":92},{"$f":"AE9","v":" - 2017-2019 Avg"},null,"Propane"]
[null,null,"Max ASHP Heating Capacity at 5F",null,null,"Btu/h (all units)","Weather City:",null,"Total Installed Cost:",null,null,null,null,null,null,null,null,null,"NYC","New York",0.8,null,null,null,"Wood","per cord",{"$f":"HLOOKUP($D$24,$Z$16:$AB$27,10)","v":{"$error":"#N/A"}},"(cord)",{"$f":"'Fuel 1 - Savings Calculator'!H8","v":225},24000,"Statewide Dec-18",null,"Wood"]
[null,null,{"$f":"\"Max ASHP Heating Capacity at \"&G8&\"F\"","v":"Max ASHP Heating Capacity at F"},null,null,null,{"$f":"'TRM lookup tables'!B2","v":{"$error":"#N/A"}},null,null,null,null,"Address:",null,null,null,null,null,null,"Western","Buffalo",0.73,null,null,null,"Wood Pellets","per ton",{"$f":"HLOOKUP($D$24,$Z$16:$AB$27,11)","v":{"$error":"#N/A"}},"(ton)",{"$f":"'Fuel 1 - Savings Calculator'!H9","v":{"$error":"#N/A"}},{"$f":"16500","v":16500},{"$f":"'Fuel 1 - Savings Calculator'!F9&\" - \"&'Fuel 1 - Savings Calculator'!H118","v":{"$error":"#N/A"}},null,"Wood"]
[null,null,"ASHP Rated HSPF",null,null,"Weather Region:",{"$f":"VLOOKUP(M16,'Fuel 1 - Savings Calculator'!L:V,11,)","v":{"$error":"#N/A"}},"Heating Load:",{"$f":"IF(G26>0,G26*G25*I25/1000,F15*G9*G14/1000000)","v":{"$error":"#N/A"}},"MMBtu/yr",null,null,null,null,null,null,null,null,"Central","Binghamton",0.68,null,null,null,"Coal","per ton",{"$f":"HLOOKUP($D$24,$Z$16:$AB$27,12)","v":{"$error":"#N/A"}},"(ton)",200,20150,"prelim costs",null,"Coal"]
[null,null,"ASHP Rated SEER",null,"Nearest HP_Siz",{"$f":"'TRM lookup tables'!C32","v":{"$error":"#N/A"}},{"$f":"'TRM lookup tables'!B32","v":{"$error":"#N/A"}},null,null,{"$f":"IF(G26,\"(Meas Fuel)\",\"(TRM)\")","v":"(TRM)"},null,"City, State:",null,null,null,null,null,null,"North Country","Massena",0.59]
[null,null,"TRM  Scenario",{"$f":"IF('TRM lookup tables'!AS4=\"\",\"invalid\",'TRM lookup tables'!AS4)","v":{"$error":"#N/A"}},"   BEFLH_h",{"$f":"'TRM lookup tables'!A54","v":{"$error":"#N/A"}},{"$f":"'TRM lookup tables'!B8","v":{"$error":"#N/A"}},{"$f":"'TRM lookup tables'!C8","v":{"$error":"#N/A"}},null,null,null,null,null,null,null,null,null,null,"Capital District","Albany",0.7,null,null,null,null,"Efficiency based on Equipment Life"]
[null,null,"Actual_HP_Sizing",{"$f":"E12/E8","v":{"$error":"#DIV/0!"}},"TRM_HP_Sizing",{"$f":"E11/G9","v":{"$error":"#N/A"}},null,"Seasonal AVG HEATING COP (TRM Calcs)",{"$f":"G15+H15*(D13/3.412)","v":{"$error":"#N/A"}},"Avg COP ",null,"Zip:",null,null,null,null,null,null,"Lower Hudson","Poughkeepsie",0.62,null,null,null,null,"≤10 yrs","11+ yrs","TRM-Code Min"]
[null,null,"HP Sizing is :",{"$f":"IF(D16>=0.9,IF(D16<=1.2,\"VALID (0.9-1.2)\",\"OVERSIZED\"),\"PARTIAL (<0.9)\")","v":{"$error":"#DIV/0!"}},{"$f":"'TRM lookup tables'!B36","v":{"$error":"#N/A"}},null,null,"Cooling Load:",{"$f":"D19*F18*E17/1000000","v":{"$error":"#N/A"}},"MMBtu/yr",null,null,null,null,null,null,null,null,"Upper Hudson","Albany",0.7,null,null,null,{"$f":"Y3","v":"Elect Resist"},1,1,1]
[null,null,"Building Cooling Load",null,"Btu/h    BEFLH_c",{"$f":"'TRM lookup tables'!A56","v":{"$error":"#N/A"}},{"$f":"'TRM lookup tables'!B11","v":{"$error":"#N/A"}},{"$f":"'TRM lookup tables'!C11","v":{"$error":"#N/A"}},null,null,null,"County:",null,null,null,null,null,null,"Long Island","New York",0.8,null,null,null,"Std ASHP",{"$f":"Z29*$U$19/3.413","v":{"$error":"#N/A"}},{"$f":"AA29*$U$19/3.413","v":{"$error":"#N/A"}},{"$f":"AB29*$U$19/3.413","v":{"$error":"#N/A"}}]
[null,null,"BCL (estimated)",{"$f":"G9*'TRM lookup tables'!B34","v":{"$error":"#N/A"}},null,null,null,"Seasonal AVG COOLING Efficiency (TRM Calcs):",{"$f":"G18+H18*D14","v":{"$error":"#N/A"}},"Btu/Wh",null,null,null,null,null,null,null,"CURRENT",{"$f":"VLOOKUP($G$13,$S$11:$T$18,1,FALSE)","v":{"$error":"#N/A"}},{"$f":"VLOOKUP($G$13,$S$11:$T$18,2,FALSE)","v":{"$error":"#N/A"}},{"$f":"VLOOKUP($G$13,$S$11:$U$18,3,FALSE)","v":{"$error":"#N/A"}},null,null,null,"Fuel Oil - Furnace",0.82,0.79,0.83]
[null,null,null,null,null,null,"Electric Cost ($/kWh):",{"$f":"AC3","v":{"$error":"#N/A"}},"per kWh",null,null,"Electric Utility:",null,null,null,null,null,null,null,null,null,null,null,null,"Fuel Oil - Boiler",0.85,0.79,0.84]
[null,null,null,"Building Vintage",null,"  (sets BEFLH)",null,{"$f":"AE3","v":{"$error":"#N/A"}},null,null,null,null,null,null,null,null,null,null,null,null,null,null,null,null,"Natural Gas - Furnace",0.9,0.78,0.8]
[null,"Base Case  System","Base Case Fuel/System (choose one):",null,null,null,null,null,null,null,null,"Gas Utility:",null,null,null,null,null,null,null,null,null,null,null,null,"Natural Gas - Boiler",0.85,0.78,0.82]
[null,null,null,null,null,null,"Fuel Cost:",{"$f":"VLOOKUP(C23,Y3:AC13,5,)","v":{"$error":"#N/A"}},{"$f":"VLOOKUP(C23,Y3:Z13,2,)","v":{"$error":"#N/A"}},null,null,null,null,null,null,null,null,null,null,null,null,null,null,null,"Propane - Furnace",0.9,0.78,0.8]
[null,null,"Htg Equipment Age:",null,"(sets baseline equipment efficiency)",null,null,{"$f":"VLOOKUP(C23,Y3:AE13,7,)","v":{"$error":"#N/A"}},null,null,null,null,null,null,null,null,null,null,null,null,null,null,null,null,"Propane  - Boiler",0.85,0.78,0.82]
[null,null,"Base Case factors & Seasonal Efficiency",null,null,null,{"$f":"VLOOKUP(C23,Y3:$AD$13,6,)","v":{"$error":"#N/A"}},{"$f":"\"MBtu \"&I23","v":{"$error":"#N/A"}},{"$f":"VLOOKUP(C23,Y3:AA13,3,)","v":{"$error":"#N/A"}},"eff",null,"ASHP Installer/Contractor Information",null,null,null,null,null,null,null,null,null,null,null,null,"Wood",0.7,0.7,0.7]
[null,null,"MEASURED Annual Fuel Use (for Space Heating ONLY)         Override:",null,null,null,null,{"$f":"MID(I23,4,6)&\" per yr\"","v":{"$error":"#N/A"}},{"$f":"IF(G26,G26*G25/1000*I25,\"\")","v":""},{"$f":"IF(G26,\"MMBtu\",\"\")","v":""},null,null,null,null,null,null,null,null,null,null,null,null,null,null,"Wood Pellets",0.77,0.77,0.77]
[null,null,null,null,null,null,"Base Case AC:",null,null,null,null,"Name:",null,null,null,null,null,null,null,null,null,null,null,null,"Coal",0.78,0.78,0.78]
[null,null,"Base Case Cooling Efficiency (avg EER)",null,null,null,null,"Avg EER:",{"$f":"HLOOKUP(G28,$T$1:$W$11,3,FALSE)","v":{"$error":"#N/A"}},"Btu/Wh"]
[null,null,null,null,null,null,null,null,null,null,null,"Address:",null,null,null,null,null,null,null,null,null,null,null,null,"Std HSPF",7.7,6.8,7.7]
[null,null,null,"Heating Elect (kWh/yr)","Cooling Elect (kWh/yr)",{"$f":"\"Displaced Annual Htg Fuel \"&VLOOKUP(C23,Y3:AB13,4,)","v":{"$error":"#N/A"}},"Annual Heating Cost","Annual Cooling Cost","Total Annual Cost","Fuel Energy (MMBtu/yr) "]
[null,null,"Base Case",null,{"$f":"(I17*1000/I28)","v":{"$error":"#N/A"}},{"$f":"I13*1000/I25/G25","v":{"$error":"#N/A"}},{"$f":"D31*$H$20+F31*$H$23","v":{"$error":"#N/A"}},{"$f":"E31*$H$20","v":{"$error":"#N/A"}},{"$f":"G31+H31","v":{"$error":"#N/A"}},{"$f":"F31*G25/1000","v":{"$error":"#N/A"}},null,"City, State, Zip:"]
[null,null,"ASHP System",{"$f":"(I13*1000/3.413/I16)","v":{"$error":"#N/A"}},{"$f":"(I17*1000/I19)","v":{"$error":"#N/A"}},null,{"$f":"D32*$H$20+F32*$H$23","v":{"$error":"#N/A"}},{"$f":"E32*$H$20","v":{"$error":"#N/A"}},{"$f":"G32+H32","v":{"$error":"#N/A"}}]
[null,null,"Savings",{"$f":"D31-D32","v":{"$error":"#N/A"}},{"$error":"#N/A"},{"$error":"#N/A"},{"$error":"#N/A"},{"$error":"#N/A"},{"$error":"#N/A"}]
[]
[null,null,"MMBtu Calcs","Space Heat","Cooling","Space Heat",null,null,null,null,null,"Calculator for Multiple ASHP Units"]
[null,null,"Base Case",null,{"$f":"E31*3.412/1000","v":{"$error":"#N/A"}},{"$f":"F31*G25/1000","v":{"$error":"#N/A"}},null,null,null,null,null,null,"Htg Capacity","HSPF","Clg Capacity","SEER"]
[null,null,"ASHP System",{"$f":"D32*3.412/1000","v":{"$error":"#N/A"}},{"$f":"E32*3.412/1000","v":{"$error":"#N/A"}},null,null,null,null,null,null,null,"at 5F (Btu/h)","(Btu/Wh)","at 95F (Btu/h)","(Btu/Wh)"]
[null,null,null,"Electric","Electric",{"$f":"VLOOKUP(C23,Y2:AG13,9,)","v":{"$error":"#N/A"}},null,null,null,null,null,"ASHP Unit 1"]
[null,null,"Site Energy Savings by Fuel","MMBtu/yr",null,null,null,null,null,"v12.19.2022",null,"ASHP Unit 2"]
[null,null,"Electric",{"$f":"SUMIF($D$38:$F$38,C40,$D$36:$F$36)-SUMIF($D$38:$F$38,C40,$D$37:$F$37)","v":{"$error":"#N/A"}},null,null,null,null,null,null,null,"ASHP Unit 3"]
[null,null,"Natural Gas",{"$f":"SUMIF($D$38:$F$38,C41,$D$36:$F$36)-SUMIF($D$38:$F$38,C41,$D$37:$F$37)","v":0},null,null,null,null,null,null,null,"ASHP Unit 4"]
[null,null,"Propane",0,null,null,null,null,null,null,null,"ASHP Unit 5"]
[null,null,"Fuel Oil",0,null,null,null,null,null,null,null,"Total/ Weighted Avg",{"$f":"SUM(M38:M42)","v":0},{"$f":"SUMPRODUCT(M38:M42,N38:N42)/(M43+0.0000000001)","v":0},{"$f":"SUM(O38:O42)","v":0},{"$f":"SUMPRODUCT(O38:O42,P38:P42)/(O43+0.0000000001)","v":0}]
[null,null,"Wood",0,null,null,null,null,null,null,null,null,{"$f":"IF($J$10>1,ABS(E11-M43),0)","v":0},{"$f":"IF($J$10>1,ABS(D13-N43),0)","v":0},{"$f":"IF($J$10>1,ABS(E10-O43),0)","v":0},{"$f":"IF($J$10>1,ABS(D14-P43),0)","v":0}]
[null,null,"Coal",0]
[null,null,"NET",{"$f":"SUM(D40:D45)","v":{"$error":"#N/A"}}]

{"sheet":"Help & Info","index":1,"n_rows":42,"n_cols":11,"rows_kept":42,"cut":false,"hidden":false,"merged":[[3,2,6,2],[3,3,6,3],[3,4,6,4],[3,6,5,6],[7,2,14,2],[7,3,14,3],[7,4,12,4],[7,5,9,5],[10,5,12,5],[13,4,14,4],[20,5,21,5],[10,7,12,7],[13,5,14,5],[15,2,17,2],[15,3,17,3],[16,4,17,4],[16,5,17,5],[18,2,21,2],[18,3,21,3],[18,4,19,4],[18,5,19,5],[20,4,21,4]]}
[null,"Scenario Table from Technical Resource Manual (TRM) (some Scenarios are currently disabled in this tool, shown as strike-thru, grey)",null,null,null,null,null,null,"Guidance & Common Issues"]
[]
[null,"Scenario","Description","ASHP Type","Application","Controls","HP Sizing Ratio",null,"ERRORS"]
[null,"1a","Central Ducted ASHP","Central, Ducted","Whole","Integrated/ Modulating",0.9,null,"Scenario is \"Invalid\":",null,"You must choose a ASHP Type/Scenario that is "]
[null,"1b",null,null,null,"Integrated/ Fixed capacity",null,null,null,null,"compatible with the HP Sizing fraction (cell D15)"]
[null,"1c",null,null,null,"DF/Either HP or Furnace",null,null,null,null,"If scenario is FULL-LOAD then HP sizing greater than or equal to 0.9.  PARTIAL then HP sizing less than 0.9"]
[null,"1d",null,null,null,"Integrated/ Modulating  ",1,null,"WARNINGS"]
[null,"2a","Ductless Mini-spilt sized at 30%, 50%, 70% and 90/100%","Single-zone Ductless","Displace","Separate",0.3,null,"ASHP Rated Data is Orange",null,"If you have multiple ASHPs use the calculator starting in Cell L34.  Enter Rated/NEEP values for all units."]
[null,"2b",null,null,null,null,0.5,null,null,null,"Then Enter the Capacities, HSPF and SEER in Cells E10:E11 and D12:13"]
[null,"2c",null,null,null,null,0.7,null,null,null,"If the entered values are different from the \"calculator\" values,  the Text turns Orange"]
[null,"2d",null,null,null,"Integrated/ Fixed Capacity",0.3,"Enhanced Control Option for ASHP (FUTURE USE)"]
[null,"2e",null,null,null,null,0.5]
[null,"2f",null,null,null,null,0.7]
[null,"2g",null,null,"Whole","Integrated/ Modulating ",0.9]
[null,"2h",null,null,null,null,1]
[null,"3a","Ductless MULTI-split sized to 70% and 90/100%","Multi-zone Ductless","Displace","Separate",0.7]
[null,"3b",null,null,"Whole","Integrated/ Modulating",0.9]
[null,"3c",null,null,null,null,1]
[null,"4a","Compact Ducted Mini-split sized to 50% ,70% and 90/100%","Single-zone Compact Ducted","Displace","Separate",0.5]
[null,"4b",null,null,null,null,0.7]
[null,"4c",null,null,"Whole","Integrated/ Modulating ",0.9]
[null,"4d",null,null,null,null,1]
[]
[]
[" ","Definitions"]
[null,"ASHP Description and Type"]
[null,"Central, ducted ASHPs that are installed like a traditional, central air conditioner or heat pump."]
[null,"Single zone ductless mini-split (non-ducted) units with indoor sections that can be wall-mounted, floor-mounted or ceiling-mounted.  These units are “single zone” because there is one indoor section corresponding to one outdoor section."]
[null,"MULTI-split or Multi-zone units with one outdoor section and multiple indoor sections.  The indoor sections can be in combinations of ductless, compact ducted or mixed ductless and ducted."]
[null,"“Compact” ducted mini-split with limited ducting"]
[]
[null,"Application"]
[null,"Whole house or FULL-LOAD.  ASHP is sized to meet the entire heating load for the house (HP_Siz between 0.9 and 1.2)"]
[null,"Displacement or PARTIAL.  The ASHP only sized to met a portion of the peak heating load (HP_siz less than 0.9)"]
[]
[null,"Controls"]
[null,"Separate Controls.  For PARTIAL applications where the backup heating system is on a separate thermostat.  The backup system comes on and satisfied the heating load before the ASHP can meet it"]
[null,"Integrated/Fixed Controls.  For either FULL-LOAD or PARTIAL applications.  The ASHP backup system are controlled by the same thermostat.  Backup system has fixed capacity, usually larger than the ASHP cpacity"]
[null,"DF \"Dual Fuel\", Either ASHP or Furnace.  This approach lets the ASHP meet the load down to the economic balance point temperature.  At colder outdoor temperatures the ASHP turns off and  the backup system (furnace) meets the heating load. "]
[null,"Integrated/Modulating Controls.   Similar to integrated/fixed above except the backup heating system can modulate.  This allows the ASHP to meet the maximum amount of heating load.  Corresponds to Central, ducted ASHP with staged resistance heat"]
[]
[null,"HP Sizing Ratio:  BHL/QH5_max, or Building Heating Load divided by ASHP Heating Capacity at 5F"]

{"sheet":"Web ProForma Inputs","index":2,"n_rows":19,"n_cols":2,"rows_kept":19,"cut":false,"hidden":false,"merged":[]}
["Web ProForma Inputs for Savings"]
[]
["Total Project Cost",{"$f":"'ASHP Calculator'!$J$11","v":0}]
["Installed Capacity"]
["MWh Generation"]
["MWH Savings",{"$f":"'ASHP Calculator'!D40/3.412","v":{"$error":"#N/A"}}]
["Natural Gas MMBTU Savings",{"$f":"'ASHP Calculator'!D41","v":0}]
["Propane MMBTU Savings",{"$f":"'ASHP Calculator'!D42","v":0}]
["#2/Distillate Oil MMBTU Savings",{"$f":"'ASHP Calculator'!D43","v":0}]
["#6/ Residual Oil MMBTU Savings"]
["Gasoline MMBTU Savings"]
["Wood MMBTU Savings",{"$f":"'ASHP Calculator'!D44","v":0}]
["Steam MMBTU Savings"]
["Kerosene MMBTU Savings"]
["Coal MMBTU Savings",{"$f":"'ASHP Calculator'!D45","v":0}]
["Other MMBTU Savings"]
["Total MMBTU Savings",{"$f":"SUM(B7:B16)","v":0}]
["Fuel Switch: (Y/N)",{"$f":"IF('ASHP Calculator'!C23=\"\",\"\",IF(AND('ASHP Calculator'!C23<>\"Elect Res\",'ASHP Calculator'!C23<>\"Std ASHP\"),\"Yes\",\"No\"))","v":""}]
["$ Savings",{"$f":"IF(ISERROR('ASHP Calculator'!I33),\"\",'ASHP Calculator'!I33)","v":""}]

{"sheet":"TRM lookup tables","index":3,"n_rows":75,"n_cols":49,"rows_kept":75,"cut":false,"hidden":true,"merged":[[5,39,5,40],[29,24,29,30],[5,20,5,21],[29,5,29,11],[4,24,4,37],[5,24,5,25],[5,26,5,27],[5,28,5,29],[5,30,5,31],[5,32,5,33],[5,34,5,35],[5,36,5,37],[4,5,4,18],[5,5,5,6],[5,7,5,8],[5,9,5,10],[5,11,5,12],[5,13,5,14],[5,15,5,16],[5,17,5,18]]}
["INPUTS",{"$f":"'ASHP Calculator'!M16","v":0},"zip",null,null,null,"These coefficients are the orignal TRM values that use QH5_max to find the HP Sizing in NYC (not QH17_rated or QH17_max)",null,null,null,null,null,null,null,null,null,null,null,null,null,null,null,null,null,null,null,null,null,null,null,null,null,null,null,null,null,null,null,null,null,null,null,null,"Type",{"$f":"'ASHP Calculator'!H9","v":{"$error":"#N/A"}},{"$f":"'ASHP Calculator'!D9","v":0}]
["Location",{"$f":"VLOOKUP(B1,'Fuel 1 - Savings Calculator'!L:X,13,)","v":{"$error":"#N/A"}},null,{"$f":"VLOOKUP(B2,$R$32:$S$38,2,TRUE)","v":{"$error":"#N/A"}},null,null,null,null,null,null,null,null,null,null,null,null,null,null,null,null,null,null,null,null,null,null,null,null,null,null,null,null,null,null,null,null,null,null,null,null,null,null,null,"Control",{"$f":"'ASHP Calculator'!I9","v":{"$error":"#N/A"}},{"$f":"'ASHP Calculator'!G9","v":{"$error":"#N/A"}}]
["Vintage",{"$f":"'ASHP Calculator'!E21","v":0},null,{"$f":"VLOOKUP(B3,$R$40:$S$42,2,)","v":{"$error":"#N/A"}},null,null,null,null,null,null,null,null,null,null,null,null,null,null,null,null,null,null,null,null,null,null,null,null,null,null,null,null,null,null,null,null,null,null,null,null,null,null,null,"HP_siz",{"$f":"'ASHP Calculator'!F16","v":{"$error":"#N/A"}}]
["Scenario",{"$f":"'ASHP Calculator'!D15","v":{"$error":"#N/A"}},null,null,null,null,null,null,null,null,null,null,null,null,null,null,null,null,null,null,null,null,null,null,null,null,null,null,null,null,null,null,null,null,null,null,null,null,null,null,null,null,null,"Nearest Scenario",{"$f":"AW8&AW9&AW10&AW11&AW12&AW13&AW14&AW15&AW16&AW17&AW18&AW19&AW20&AW21&AW22&AW23&AW24&AW25&AW26","v":{"$error":"#N/A"}}]
[null,null,null,null,null,"Coefficients of Best Fit Linear Model:  COP = a + b x HSPF/3.412",null,null,null,null,null,null,null,null,null,null,null,null,null,null,null,null,null,null,"Coefficients of Best Fit Linear Model:  EER = c + d x SEER"]
[{"$f":"B2","v":{"$error":"#N/A"}},null,null,null,null,"Albany",null,"Binghamton",null,"Buffalo",null,"Massena",null,"New York",null,"Poughkeepsie",null,"Syracuse",null,null,{"$f":"B2","v":{"$error":"#N/A"}},null,null,null,"Albany",null,"Binghamton",null,"Buffalo",null,"Massena",null,"New York",null,"Poughkeepsie",null,"Syracuse",null,null,{"$f":"B2","v":{"$error":"#N/A"}}]
["Scenario","a","b",null,"Scenario","a","b","a","b","a","b","a","b","a","b","a","b","a","b",null,"a","b",null,"Scenario","c","d","c","d","c","d","c","d","c","d","c","d","c","d",null,"a","b",null,"Scenario","Type","Control","HP_siz","min","max"]
[{"$f":"B4","v":{"$error":"#N/A"}},{"$f":"VLOOKUP($B$4,$T$8:$V$26,2,)","v":{"$error":"#N/A"}},{"$f":"VLOOKUP($B$4,$T$8:$V$26,3,)","v":{"$error":"#N/A"}},null,"1a",-1.04268E-2,0.88006300000000004,0.112596,0.85402900000000004,0.21875600000000001,0.84176799999999996,-0.18515999999999999,0.83758100000000002,0.91902300000000003,0.73754299999999995,0.33333299999999999,0.79571400000000003,0.124039,0.85965899999999995,{"$f":"E8","v":"1a"},{"$f":"OFFSET(E8,0,($D$2-1)*2+1)","v":{"$error":"#N/A"}},{"$f":"OFFSET(E8,0,($D$2-1)*2+2)","v":{"$error":"#N/A"}},null,"1a",-0.54250799999999999,0.96057499999999996,0.918188,0.91367600000000004,-1.3710100000000001,1.0349200000000001,-0.39118700000000001,0.93649800000000005,0.96611800000000003,0.88889300000000004,-0.50685800000000003,0.96547099999999997,-0.81234399999999996,0.98781600000000003,{"$f":"X8","v":"1a"},{"$f":"OFFSET(X8,0,($D$2-1)*2+1)","v":{"$error":"#N/A"}},{"$f":"OFFSET(X8,0,($D$2-1)*2+2)","v":{"$error":"#N/A"}},null,{"$f":"AM8","v":"1a"},1,4,0.9,0.6,1,{"$f":"IF($AS$1=AR8,IF($AS$2=AS8,IF($AS$3>=AU8,IF($AS$3<AV8,AQ8,\"\"),\"\"),\"\"),\"\")","v":{"$error":"#N/A"}}]
[null,null,null,null,"1b",-3.96361E-2,0.89089399999999996,9.18297E-2,0.86287800000000003,0.19714400000000001,0.85059200000000001,-0.16777900000000001,0.82991300000000001,0.88789600000000002,0.74974300000000005,0.30078199999999999,0.81271499999999997,9.3425400000000006E-2,0.87115799999999999,{"$f":"E9","v":"1b"},{"$error":"#N/A"},{"$error":"#N/A"},null,"1b",-0.54250799999999999,0.96057499999999996,0.918188,0.91367600000000004,-1.3710100000000001,1.0349200000000001,-0.39118700000000001,0.93649800000000005,0.96611800000000003,0.88889300000000004,-0.50685800000000003,0.96547099999999997,-0.81234399999999996,0.98781600000000003,{"$f":"X9","v":"1b"},{"$error":"#N/A"},{"$error":"#N/A"},null,{"$f":"AM9","v":"1b"},1,2,0.9,0.6,1.8,{"$f":"IF($AS$1=AR9,IF($AS$2=AS9,IF($AS$3>=AU9,IF($AS$3<AV9,AQ9,\"\"),\"\"),\"\"),\"\")","v":{"$error":"#N/A"}}]
[null,"c","d",null,"1c",5.6263100000000003E-2,0.90624199999999999,0.22012499999999999,0.86966299999999996,0.31021700000000002,0.84904900000000005,-5.6628999999999999E-2,0.92161899999999997,0.94481000000000004,0.74054200000000003,0.57921400000000001,0.80195300000000003,0.18295600000000001,0.87536199999999997,"1c",{"$error":"#N/A"},{"$error":"#N/A"},null,"1c",-0.54250799999999999,0.96057499999999996,0.918188,0.91367600000000004,-1.3710100000000001,1.0349200000000001,-0.39118700000000001,0.93649800000000005,0.96611800000000003,0.88889300000000004,-0.50685800000000003,0.96547099999999997,-0.81234399999999996,0.98781600000000003,"1c",{"$error":"#N/A"},{"$error":"#N/A"},null,"1c",1,3,0.9,0.6,1.8,{"$error":"#N/A"}]
[{"$f":"B4","v":{"$error":"#N/A"}},{"$f":"VLOOKUP($B$4,$AM$8:$AO$26,2,)","v":{"$error":"#N/A"}},{"$f":"VLOOKUP($B$4,$AM$8:$AO$26,3,)","v":{"$error":"#N/A"}},null,"1d",-0.116548,0.90195899999999996,-3.33541E-3,0.87920500000000001,8.0877900000000003E-2,0.87559699999999996,-0.25917600000000002,0.84718000000000004,0.84366300000000005,0.75169799999999998,0.23741200000000001,0.81540500000000005,-7.2356599999999997E-3,0.88977899999999999,"1d",{"$error":"#N/A"},{"$error":"#N/A"},null,"1d",-0.46004499999999998,0.94626299999999997,-0.13969200000000001,0.96554300000000004,-1.6720900000000001,1.0408200000000001,-0.21340100000000001,0.91580300000000003,0.46476400000000001,0.91123600000000005,-0.58849499999999999,0.96053200000000005,-0.88736899999999996,0.98235600000000001,"1d",{"$error":"#N/A"},{"$error":"#N/A"},null,"1d",1,4,1,1,1.8,{"$error":"#N/A"}]
[null,null,null,null,"2a",2.5517300000000001,0.19697700000000001,2.5324900000000001,0.20233100000000001,2.6448999999999998,0.181307,2.3035299999999999,0.20405100000000001,2.4572600000000002,0.30346600000000001,2.6196299999999999,0.17718700000000001,2.56528,0.19474900000000001,"2a",{"$error":"#N/A"},{"$error":"#N/A"},null,"2a",12.3316,0.11848400000000001,11.9535,0.115618,12.244400000000001,0.130049,12.3612,0.135458,11.9689,0.109085,12.1044,0.11114300000000001,12.1782,0.122544,"2a",{"$error":"#N/A"},{"$error":"#N/A"},null,"2a",2,1,0.3,0,0.3,{"$error":"#N/A"}]
[null,null,null,null,"2b",2.3506100000000001,0.25554900000000003,2.41886,0.24255399999999999,2.6438899999999999,0.18779899999999999,2.01064,0.29049000000000003,2.4532500000000002,0.314633,2.4699800000000001,0.228466,2.5002,0.217112,"2b",{"$error":"#N/A"},{"$error":"#N/A"},null,"2b",11.4399,0.20794399999999999,12.209300000000001,0.145533,11.0082,0.228714,10.3293,0.27255600000000002,12.2719,0.14027500000000001,12.129,0.166713,11.333500000000001,0.20985500000000001,"2b",{"$error":"#N/A"},{"$error":"#N/A"},null,"2b",2,1,0.5,0.3,0.5,{"$error":"#N/A"}]
[null,null,null,null,"2c",2.4412799999999999,0.227774,2.4803299999999999,0.22357199999999999,2.6186699999999998,0.19772300000000001,2.3584800000000001,0.20286100000000001,2.6169799999999999,0.27066899999999999,2.45886,0.238566,2.5503,0.20566899999999999,"2c",{"$error":"#N/A"},{"$error":"#N/A"},null,"2c",9.8067899999999995,0.30627599999999999,10.9414,0.23219100000000001,9.5909800000000001,0.30165199999999998,9.1570699999999992,0.32120199999999999,11.246600000000001,0.21984999999999999,10.305300000000001,0.28214899999999998,9.7423800000000007,0.307813,"2c",{"$error":"#N/A"},{"$error":"#N/A"},null,"2c",2,1,0.7,0.5,0.9,{"$error":"#N/A"}]
[null,null,null,null,"2d",2.6152199999999999,0.113486,2.63679,0.11269999999999999,2.7015500000000001,0.107511,2.3119499999999999,0.14986099999999999,2.9977200000000002,0.10546899999999999,2.7249099999999999,0.103502,2.6551399999999998,0.10696799999999999,"2d",{"$error":"#N/A"},{"$error":"#N/A"},null,"2d",12.3316,0.11848400000000001,11.9535,0.115618,12.244400000000001,0.130049,12.3612,0.135458,11.9689,0.109085,12.1044,0.11114300000000001,12.1782,0.122544,"2d",{"$error":"#N/A"},{"$error":"#N/A"},null,"2d",2,2,0.3,0,0.3,{"$error":"#N/A"}]
[null,null,null,null,"2e",2.5741800000000001,0.125109,2.6014400000000002,0.123529,2.6468699999999998,0.12212000000000001,2.3348599999999999,0.14301900000000001,2.8958599999999999,0.137293,2.65402,0.11895500000000001,2.6308199999999999,0.116009,"2e",{"$error":"#N/A"},{"$error":"#N/A"},null,"2e",11.4399,0.20794399999999999,12.209300000000001,0.145533,11.0082,0.228714,10.3293,0.27255600000000002,12.2719,0.14027500000000001,12.129,0.166713,11.333500000000001,0.20985500000000001,"2e",{"$error":"#N/A"},{"$error":"#N/A"},null,"2e",2,2,0.5,0.5,0.7,{"$error":"#N/A"}]
[null,null,null,null,"2f",2.4575999999999998,0.16017000000000001,2.4926300000000001,0.15526499999999999,2.5456599999999998,0.15287800000000001,2.3221799999999999,0.14502899999999999,2.89195,0.139039,2.58805,0.135326,2.5134699999999999,0.15381300000000001,"2f",{"$error":"#N/A"},{"$error":"#N/A"},null,"2f",9.8067899999999995,0.30627599999999999,10.9414,0.23219100000000001,9.5909800000000001,0.30165199999999998,9.1570699999999992,0.32120199999999999,11.246600000000001,0.21984999999999999,10.305300000000001,0.28214899999999998,9.7423800000000007,0.307813,"2f",{"$error":"#N/A"},{"$error":"#N/A"},null,"2f",2,2,0.7,0.7,0.9,{"$error":"#N/A"}]
[null,null,null,null,"2g",2.3508100000000001,0.171653,2.3820299999999999,0.169178,2.4401099999999998,0.160548,2.1250499999999999,0.17757899999999999,2.8262800000000001,0.14316899999999999,2.42414,0.16167500000000001,2.4145099999999999,0.16323499999999999,"2g",{"$error":"#N/A"},{"$error":"#N/A"},null,"2g",9.3994999999999997,0.31396800000000002,9.9535,0.29984100000000002,8.1274200000000008,0.36642999999999998,8.5004299999999997,0.35144300000000001,10.424899999999999,0.28017799999999998,9.0779999999999994,0.32803599999999999,9.0803799999999999,0.32686799999999999,"2g",{"$error":"#N/A"},{"$error":"#N/A"},null,"2g",2,4,0.9,0.6,1,{"$error":"#N/A"}]
[null,null,null,null,"2h",2.33636,0.17940900000000001,2.3864700000000001,0.16871800000000001,2.4224100000000002,0.167847,2.0297999999999998,0.204683,2.8269099999999998,0.14695900000000001,2.3724799999999999,0.176673,2.4140899999999998,0.167516,"2h",{"$error":"#N/A"},{"$error":"#N/A"},null,"2h",8.8873999999999995,0.33644400000000002,9.4415499999999994,0.31254500000000002,7.9621700000000004,0.37515300000000001,8.1600400000000004,0.36399799999999999,9.8707700000000003,0.29537400000000003,9.1276899999999994,0.32743299999999997,9.0207200000000007,0.33225700000000002,"2h",{"$error":"#N/A"},{"$error":"#N/A"},null,"2h",2,4,1,1,1.8,{"$error":"#N/A"}]
[null,null,null,null,"3a",-3.33446,1.9925200000000001,-3.3072699999999999,1.99142,-3.4849100000000002,2.0653899999999998,-2.9375599999999999,1.8100499999999999,-3.71007,2.2045400000000002,-3.0929700000000002,1.92936,-3.3394900000000001,2.00569,"3a",{"$error":"#N/A"},{"$error":"#N/A"},null,"3a",17.760100000000001,-0.188608,6.6765999999999996,0.45402999999999999,10.961399999999999,0.19872000000000001,18.581399999999999,-0.21792500000000001,10.4003,0.22073000000000001,16.238399999999999,-0.104629,14.458,-7.9993800000000004E-3,"3a",{"$error":"#N/A"},{"$error":"#N/A"},null,"3a",3,1,0.7,0,0.9,{"$error":"#N/A"}]
[null,null,null,null,"3b",-2.6834500000000001,1.73495,-2.6369699999999998,1.7284900000000001,-2.71991,1.77016,-2.0035500000000002,1.4462699999999999,-3.2411400000000001,2.0097999999999998,-2.3061600000000002,1.62354,-2.7096,1.7573300000000001,"3b",{"$error":"#N/A"},{"$error":"#N/A"},null,"3b",14.533799999999999,3.5419699999999998E-2,14.098100000000001,8.6386699999999993E-3,15.6554,-5.9623799999999998E-2,11.420999999999999,0.204459,18.375399999999999,-0.23178499999999999,18.504300000000001,-0.20517199999999999,17.263300000000001,-0.14749499999999999,"3b",{"$error":"#N/A"},{"$error":"#N/A"},null,"3b",3,4,0.9,0.6,1,{"$error":"#N/A"}]
[null,null,null,null,"3c",-2.82335,1.7748999999999999,-2.7826300000000002,1.7685599999999999,-2.8318099999999999,1.79993,-1.99129,1.43618,-3.3113000000000001,2.02481,-2.3951199999999999,1.6445099999999999,-2.8611900000000001,1.79952,"3c",{"$error":"#N/A"},{"$error":"#N/A"},null,"3c",10.8476,0.25476799999999999,17.069700000000001,-0.16405400000000001,14.6333,1.6830399999999999E-2,13.7425,6.5680000000000002E-2,17.533899999999999,-0.15957299999999999,15.2654,-8.5590300000000005E-3,14.1417,5.1617099999999999E-2,"3c",{"$error":"#N/A"},{"$error":"#N/A"},null,"3c",3,4,1,1,1.8,{"$error":"#N/A"}]
[null,null,null,null,"4a",-0.33255099999999999,1.1414899999999999,-0.30477399999999999,1.13808,-0.250861,1.13724,-0.85219199999999995,1.2630600000000001,0.37311,1.0264800000000001,-0.40747699999999998,1.1940900000000001,-0.30845899999999998,1.13991,"4a",{"$error":"#N/A"},{"$error":"#N/A"},null,"4a",-12.9368,1.4782200000000001,-12.2158,1.4327300000000001,-11.549899999999999,1.39551,-13.555099999999999,1.5204299999999999,-13.1778,1.47634,-12.688499999999999,1.45644,-12.766400000000001,1.4733499999999999,"4a",{"$error":"#N/A"},{"$error":"#N/A"},null,"4a",4,1,0.5,0,0.5,{"$error":"#N/A"}]
[null,null,null,null,"4b",-0.40177000000000002,1.15459,-0.39267000000000002,1.1598200000000001,-0.30047699999999999,1.14669,-0.86508700000000005,1.2610600000000001,0.22489300000000001,1.0568,-0.38968900000000001,1.17472,-0.385463,1.16021,"4b",{"$error":"#N/A"},{"$error":"#N/A"},null,"4b",-14.1595,1.5560400000000001,-13.0556,1.49316,-3.3954399999999998,0.95651299999999995,-14.374499999999999,1.5693999999999999,-13.427899999999999,1.5023,-14.0077,1.54674,-4.6920799999999998,1.0382899999999999,"4b",{"$error":"#N/A"},{"$error":"#N/A"},null,"4b",4,1,0.7,0.5,0.9,{"$error":"#N/A"}]
[null,null,null,null,"4c",-0.165912,1.00353,-1.9324399999999999E-2,0.96319699999999997,1.7565799999999999E-2,0.96093600000000001,-0.23424800000000001,0.971576,0.281974,0.97199000000000002,0.12099,0.92579500000000003,-5.7929699999999997E-3,0.96243100000000004,"4c",{"$error":"#N/A"},{"$error":"#N/A"},null,"4c",-14.366300000000001,1.5658300000000001,-4.3097700000000003,1.0187900000000001,-9.5966000000000005,1.3004899999999999,-14.645099999999999,1.57565,-14.2494,1.5551299999999999,-14.679600000000001,1.58609,-8.4466800000000006,1.24577,"4c",{"$error":"#N/A"},{"$error":"#N/A"},null,"4c",4,4,0.9,0.6,1,{"$error":"#N/A"}]
[null,null,null,null,"4d",-0.23980899999999999,1.0243599999999999,-0.10158200000000001,0.98346299999999998,2.7023100000000001E-2,0.95024699999999995,-0.32094099999999998,0.99290400000000001,0.22432099999999999,0.98424599999999995,0.10979,0.91986199999999996,-0.12706899999999999,1.00064,"4d",{"$error":"#N/A"},{"$error":"#N/A"},null,"4d",-14.436199999999999,1.5661,-4.6865199999999998,1.0410600000000001,-10.170400000000001,1.3281499999999999,-14.6967,1.57222,-14.3666,1.5626599999999999,-14.7913,1.58972,-16.4834,1.6758999999999999,"4d",{"$error":"#N/A"},{"$error":"#N/A"},null,"4d",4,4,1,1,1.8,{"$error":"#N/A"}]
[null,null,null,null,"invalid"]
[]
[]
[null,null,null,null,null,"Fraction of Load Met by ASHP (-)",null,null,null,null,null,null,null,"Current Values",null,null,null,null,null,null,null,null,null,null,"Fraction of Cooling Load Met by ASHP (-)",null,null,null,null,null,null,null,"Current Values"]
[{"$f":"A6","v":{"$error":"#N/A"}},"Fload","HP_siz","QH/QC","Scenario","Albany","Binghamton","Buffalo","Massena","New York","Poughkeepsie","Syracuse",null,{"$f":"B2","v":{"$error":"#N/A"}},"HP_siz","QH/QC",null,null,"Index","C-H ratio",null,null,null,"Scenario","Albany","Binghamton","Buffalo","Massena","New York","Poughkeepsie","Syracuse",null,{"$f":"B2","v":{"$error":"#N/A"}}]
[{"$f":"B4","v":{"$error":"#N/A"}},{"$f":"VLOOKUP($B$4,$M$32:$P$50,2,)","v":{"$error":"#N/A"}},{"$f":"VLOOKUP($B$4,$M$32:$P$50,3,)","v":{"$error":"#N/A"}},{"$f":"VLOOKUP($B$4,$M$32:$P$50,4,)","v":{"$error":"#N/A"}},"1a",0.99826800000000004,0.99527399999999999,0.99880999999999998,0.97873099999999991,0.99878800000000001,0.97223100000000007,0.99668000000000001,{"$f":"E32","v":"1a"},{"$f":"OFFSET(E32,0,($D$2-1)+1)","v":{"$error":"#N/A"}},0.9,0.8,null,"Albany",1,0.5,null,null,null,"1a",0.99999700000000002,0.99995000000000001,1,1,0.99972800000000006,1,0.99998699999999996,{"$f":"X32","v":"1a"},{"$f":"OFFSET(X32,0,($D$2-1)+1)","v":{"$error":"#N/A"}},0.9]
[null,null,null,null,"1b",0.99393100000000001,0.98740700000000003,0.994452,0.95722200000000002,0.99655899999999997,0.94785799999999998,0.99139799999999989,{"$f":"E33","v":"1b"},{"$error":"#N/A"},0.9,0.8,null,"Binghamton",2,0.5,null,null,null,"1b",0.99999700000000002,0.99995000000000001,1,1,0.99972800000000006,1,0.99998699999999996,{"$f":"X33","v":"1b"},{"$error":"#N/A"},0.9]
["C-H ratio",{"$f":"VLOOKUP($B$2,$R$32:$T$38,3,)","v":{"$error":"#N/A"}},null,null,"1c",0.85855400000000004,0.86197100000000004,0.89175499999999996,0.69098499999999996,0.97995900000000002,0.8191759999999999,0.90054699999999999,"1c",{"$error":"#N/A"},0.9,0.8,null,"Buffalo",3,0.5,null,null,null,"1c",0.99999700000000002,0.99995000000000001,1,1,0.99972800000000006,1,0.99998699999999996,"1c",{"$error":"#N/A"},0.9]
[null,"Fload_c",null,null,"1d",0.99942400000000009,0.99768699999999999,0.99962999999999991,0.98508300000000004,0.99954200000000004,0.98053200000000007,0.99819999999999998,"1d",{"$error":"#N/A"},1,0.8,null,"Massena",4,0.35,null,null,null,"1d",1,0.99999399999999994,1,1,0.99995199999999995,1,0.99999700000000002,"1d",{"$error":"#N/A"},1]
[{"$f":"A32","v":{"$error":"#N/A"}},{"$f":"VLOOKUP($B$4,$AF$32:$AH$50,2,)","v":{"$error":"#N/A"}},null,null,"2a",0.25004300000000002,0.246643,0.24638400000000002,0.230624,0.280609,0.24732099999999999,0.24285699999999999,"2a",{"$error":"#N/A"},0.3,1.05,null,"New York",5,0.75,null,null,null,"2a",0.90095999999999998,0.79377799999999998,0.90124099999999996,0.94900899999999988,0.80895300000000003,0.87518899999999999,0.89158500000000007,"2a",{"$error":"#N/A"},0.3]
[null,null,null,null,"2b",0.38861899999999999,0.38444600000000001,0.38904499999999997,0.36809700000000001,0.44195899999999999,0.38762399999999997,0.37917200000000001,"2b",{"$error":"#N/A"},0.5,1.05,null,"Poughkeepsie",6,0.6,null,null,null,"2b",0.98622299999999996,0.9531059999999999,0.99166300000000007,0.99794799999999995,0.95900700000000005,0.98801400000000006,0.9869159999999999,"2b",{"$error":"#N/A"},0.5]
[null,null,null,null,"2c",0.56172,0.55002499999999999,0.55893900000000007,0.55114300000000005,0.60824100000000003,0.54069699999999998,0.55174299999999998,"2c",{"$error":"#N/A"},0.7,1.05,null,"Syracuse",7,0.5,null,null,null,"2c",0.99824500000000005,0.99308899999999989,0.99978100000000003,0.99988600000000005,0.99255300000000002,0.99940099999999998,0.99779799999999996,"2c",{"$error":"#N/A"},0.7]
[null,null,null,null,"2d",0.54401200000000005,0.53358400000000006,0.53213599999999994,0.51314700000000002,0.58971799999999996,0.50880000000000003,0.535358,"2d",{"$error":"#N/A"},0.3,1.05,null,null,"Index",null,null,null,null,"2d",0.90095999999999998,0.79377799999999998,0.90124099999999996,0.94900899999999988,0.80895300000000003,0.87518899999999999,0.89158500000000007,"2d",{"$error":"#N/A"},0.3]
[null,null,null,null,"2e",0.74235200000000001,0.72845599999999999,0.73019800000000001,0.71239099999999989,0.77198499999999992,0.69165899999999991,0.73661500000000002,"2e",{"$error":"#N/A"},0.5,1.05,null,"Old",1,null,null,null,null,"2e",0.98622299999999996,0.9531059999999999,0.99166300000000007,0.99794799999999995,0.95900700000000005,0.98801400000000006,0.9869159999999999,"2e",{"$error":"#N/A"},0.5]
[null,null,null,null,"2f",0.86189700000000002,0.85416099999999995,0.85051699999999997,0.81978899999999999,0.88946799999999993,0.81013499999999994,0.85883399999999999,"2f",{"$error":"#N/A"},0.7,1.05,null,"Avg",2,null,null,null,null,"2f",0.99824500000000005,0.99308899999999989,0.99978100000000003,0.99988600000000005,0.99255300000000002,0.99940099999999998,0.99779799999999996,"2f",{"$error":"#N/A"},0.7]
[null,null,null,null,"2g",0.97919400000000001,0.96683600000000003,0.971086,0.94200699999999993,0.98037999999999992,0.92115199999999997,0.97824900000000004,"2g",{"$error":"#N/A"},0.9,1.05,null,"New",3,null,null,null,null,"2g",0.99974300000000005,0.99927699999999997,0.999996,0.99995400000000001,0.99858400000000003,0.99991799999999997,0.999641,"2g",{"$error":"#N/A"},0.9]
[null,null,null,null,"2h",0.98979499999999998,0.98391600000000001,0.98801400000000006,0.95488499999999998,0.98916399999999993,0.93954899999999997,0.98914000000000002,"2h",{"$error":"#N/A"},1,1.05,null,null,null,null,null,null,null,"2h",0.99984399999999996,0.99973900000000004,0.99999799999999994,0.99996099999999999,0.99934299999999998,0.999946,0.99983999999999995,"2h",{"$error":"#N/A"},1]
[null,null,null,null,"3a",0.71861500000000011,0.71008399999999994,0.69751400000000008,0.67289500000000002,0.76691100000000001,0.66737999999999997,0.71677199999999996,"3a",{"$error":"#N/A"},0.7,1.05,null,null,null,null,null,null,null,"3a",0.99696200000000001,0.98565600000000009,0.99928700000000004,0.99990899999999994,0.98816100000000007,0.99837299999999995,0.99703100000000011,"3a",{"$error":"#N/A"},0.7]
[null,null,null,null,"3b",0.95608599999999999,0.94144900000000009,0.93724400000000008,0.91834400000000005,0.96343699999999999,0.89912199999999998,0.95313000000000003,"3b",{"$error":"#N/A"},0.9,1.05,null,null,null,null,null,null,null,"3b",0.99960800000000005,0.99802099999999994,1,1,0.99758899999999995,0.99998399999999998,0.99932399999999999,"3b",{"$error":"#N/A"},0.9]
[null,null,null,null,"3c",0.97489800000000004,0.96476399999999995,0.96131100000000003,0.94037899999999996,0.97725399999999996,0.92232600000000009,0.97562099999999996,"3c",{"$error":"#N/A"},1,1.05,null,null,null,null,null,null,null,"3c",0.99993899999999991,0.99945099999999998,1,1,0.99888499999999991,1,0.99974000000000007,"3c",{"$error":"#N/A"},1]
[null,null,null,null,"4a",0.42965400000000004,0.42283700000000002,0.43364900000000001,0.42075800000000002,0.48834099999999997,0.42896200000000001,0.41932600000000003,"4a",{"$error":"#N/A"},0.5,1.05,null,null,null,null,null,null,null,"4a",0.98935400000000007,0.96400000000000008,0.99262600000000001,0.99850899999999998,0.96764799999999995,0.9902979999999999,0.98881200000000002,"4a",{"$error":"#N/A"},0.5]
[null,null,null,null,"4b",0.59018700000000002,0.57879100000000006,0.58409699999999998,0.56300899999999998,0.63739199999999996,0.564253,0.58200799999999997,"4b",{"$error":"#N/A"},0.7,1.05,null,null,null,null,null,null,null,"4b",0.99880300000000011,0.99424599999999996,0.99987999999999999,0.99997100000000005,0.99426400000000004,0.999525,0.99852699999999994,"4b",{"$error":"#N/A"},0.7]
[null,null,null,null,"4c",0.97273300000000007,0.96223100000000006,0.96591499999999997,0.93613200000000008,0.97757400000000005,0.91812399999999994,0.97513800000000006,"4c",{"$error":"#N/A"},0.9,1.05,null,null,null,null,null,null,null,"4c",0.9998999999999999,0.99946000000000002,1,1,0.99904700000000002,0.99999499999999997,0.99975199999999997,"4c",{"$error":"#N/A"},0.9]
[null,null,null,null,"4d",0.99200599999999994,0.98770799999999992,0.993946,0.95969399999999994,0.99403999999999992,0.94709999999999994,0.99118700000000004,"4d",{"$error":"#N/A"},1,1.05,null,null,null,null,null,null,null,"4d",0.99997600000000009,0.99985299999999999,1,1,0.99959199999999993,1,0.99992800000000004,"4d",{"$error":"#N/A"},1]
[]
[]
[{"$f":"B2","v":{"$error":"#N/A"}},null,null,null,"Old","Avg","New",null,{"$f":"OFFSET(D53,0,$D$3)","v":{"$error":"#N/A"}},"Design Tmp",null,null,null,null,null,null,null,null,null,null,null,null,null,"Old","Avg","New",null,{"$f":"OFFSET(W53,0,$D$3)","v":{"$error":"#N/A"}}]
[{"$f":"OFFSET(I53,D2,0)","v":{"$error":"#N/A"}},null,null,"Albany",1878,1763,1643,"Albany",{"$error":"#N/A"},-2,null,null,null,null,null,null,null,null,null,null,null,null,"Albany",403,388,349,"Albany",{"$error":"#N/A"}]
[{"$f":"OFFSET(J53,D2,0)","v":{"$error":"#N/A"}},"Design Temp",null,"Binghamton",2060,1935,1804,"Binghamton",{"$error":"#N/A"},2,null,null,null,null,null,null,null,null,null,null,null,null,"Binghamton",249,246,198,"Binghamton",{"$error":"#N/A"}]
[{"$f":"OFFSET(AB53,D2,0)","v":{"$error":"#N/A"}},null,null,"Buffalo",2080,1952,1819,"Buffalo",{"$error":"#N/A"},5,null,null,null,null,null,null,null,null,null,null,null,null,"Buffalo",418,403,345,"Buffalo",{"$error":"#N/A"}]
[null,null,null,"Massena",1986,1880,1772,"Massena",{"$error":"#N/A"},-10,null,null,null,null,null,null,null,null,null,null,null,null,"Massena",323,313,263,"Massena",{"$error":"#N/A"}]
[null,null,null,"New York (LGA)",1636,1485,1329,"New York",{"$error":"#N/A"},15,null,null,null,null,null,null,null,null,null,null,null,null,"New York (LGA)",838,811,788,"New York",{"$error":"#N/A"}]
[null,null,null,"Poughkeepsie",2044,1912,1776,"Poughkeepsie",{"$error":"#N/A"},5,null,null,null,null,null,null,null,null,null,null,null,null,"Poughkeepsie",620,588,580,"Poughkeepsie",{"$error":"#N/A"}]
[null,null,null,"Syracuse",1960,1842,1720,"Syracuse",{"$f":"OFFSET(D60,0,$D$3)","v":{"$error":"#N/A"}},2,null,null,null,null,null,null,null,null,null,null,null,null,"Syracuse",388,370,335,"Syracuse",{"$error":"#N/A"}]
[null,null,null,"Bal Pt",55,57.5,60,null,{"$f":"OFFSET(D61,0,$D$3)","v":{"$error":"#N/A"}}]
[]
[]
[]
[]
[]
[]
[]
[null,"1a,d-Centrally-Ducted ASHP,  FULL-LOAD",null,null,null,1,4]
[null,"2a,b,c-Mini-Split (Ductless) ASHP, PARTIAL",null,null,null,2,1]
[null,"2g,h-Mini-Split (Ductless) ASHP, FULL-LOAD",null,null,null,2,4]
[null,"3a-Multi-Split ASHP, PARTIAL",null,null,null,3,1]
[null,"3b,c-Multi-Split ASHP, FULL-LOAD",null,null,null,3,4]
[null,"4a,b-Compact Ducted Mini-Split, PARTIAL",null,null,null,4,1]
[null,"4c,d-Compact Ducted Mini-Split, FULL-LOAD",null,null,null,4,4]

{"sheet":"Fuel 1 - Savings Calculator","index":4,"n_rows":2158,"n_cols":24,"rows_kept":2158,"cut":false,"hidden":true,"merged":[]}
["Inputs",null,"          ","          ","Project Fuel Costs"]
["Zip",{"$f":"'ASHP Calculator'!M16","v":0},null,null,"Price",null,null,"Final","  ","Unique ID for Zip/County Combo","ZIP Code","ZIP Code","NYISO Zone","Utility","County","Electric REDC Name - Region","Heating Oil Region-County Mapping","KEROSENSE REGION_COUNTY MAPPING","PROPANE REGION_COUNTY MAPPING","Consolidated Edison Region","NYISO Zone","Mmbtu/kBtu - Added KWh/kbtu/h","Pellets","Weather City"]
["County",{"$f":"'ASHP Calculator'!M18","v":0},null,null,"Oil",{"$f":"IF(ISERROR($H$90),\"\",OFFSET(F90,-2,0))","v":""},null,{"$f":"IF(ISERROR($H$90),\"\",H90)","v":""},null,"12009Albany","12009",12009,"Zone F - Capital","National Grid","Albany","Capital Region","Capital District","Capital District","Capital District",null,"Zone F - Capital","Capital District","Capital District","Albany"]
["Fuel",{"$f":"VLOOKUP('ASHP Calculator'!C23,'ASHP Calculator'!$Y$3:$AG$12,9,)","v":{"$error":"#N/A"}},null,null,"Natural Gas",null,null,{"$f":"IF(ISERROR(VLOOKUP($B$6,$E$65:$H$75,4,)),\"\",VLOOKUP($B$6,$E$65:$H$75,4,))","v":""},null,"12023Albany","12023",12023,"Zone F - Capital","National Grid","Albany","Capital Region","Capital District","Capital District","Capital District",null,"Zone F - Capital","Capital District","Capital District","Albany"]
["Electric Utility",{"$f":"'ASHP Calculator'!M20","v":0},null,null,"Propane",{"$f":"IF(ISERROR($H$116),\"\",OFFSET(F116,-2,0))","v":""},null,{"$f":"IF(ISERROR($H$116),\"\",H116)","v":""},null,"12041Albany","12041",12041,"Zone F - Capital","National Grid","Albany","Capital Region","Capital District","Capital District","Capital District",null,"Zone F - Capital","Capital District","Capital District","Albany"]
["Natural Gas Utility",{"$f":"'ASHP Calculator'!M22","v":0},null,null,"Kerosene",{"$f":"IF(ISERROR(F$101),\"\",F$101)","v":""},null,{"$f":"IF(ISERROR(H$101),\"\",H$101)","v":""},null,"12047Albany","12047",12047,"Zone F - Capital","National Grid","Albany","Capital Region","Capital District","Capital District","Capital District",null,"Zone F - Capital","Capital District","Capital District","Albany"]
["Price per Unit of Energy",{"$f":"IF(ISERROR(VLOOKUP(B4,E3:H10,4,)),\"\",VLOOKUP(B4,E3:H10,4,))","v":""},null,null,"Electric",{"$f":"F22","v":{"$error":"#N/A"}},null,{"$f":"H22","v":{"$error":"#N/A"}},null,"12054Albany","12054",12054,"Zone F - Capital","National Grid","Albany","Capital Region","Capital District","Capital District","Capital District",null,"Zone F - Capital","Capital District","Capital District","Albany"]
[null,null,null,null,"Cord Wood",225,null,225,null,"12059Albany","12059",12059,"Zone F - Capital","National Grid","Albany","Capital Region","Capital District","Capital District","Capital District",null,"Zone F - Capital","Capital District","Capital District","Albany"]
[null,null,null,null,"Wood Pellets",{"$f":"F127","v":{"$error":"#N/A"}},null,{"$f":"H129","v":{"$error":"#N/A"}},null,"12067Albany","12067",12067,"Zone F - Capital","National Grid","Albany","Capital Region","Capital District","Capital District","Capital District",null,"Zone F - Capital","Capital District","Capital District","Albany"]
[null,null,null,null,null,null,null,null,null,"12077Albany","12077",12077,"Zone F - Capital","National Grid","Albany","Capital Region","Capital District","Capital District","Capital District",null,"Zone F - Capital","Capital District","Capital District","Albany"]
[null,null,null,null,null,null,null,null,null,"12084Albany","12084",12084,"Zone F - Capital","National Grid","Albany","Capital Region","Capital District","Capital District","Capital District",null,"Zone F - Capital","Capital District","Capital District","Albany"]
[null,null,null,null,"Residential Electric Rates",null,null,"2017-2019 Avg",null,"12085Albany","12085",12085,"Zone F - Capital","National Grid","Albany","Capital Region","Capital District","Capital District","Capital District",null,"Zone F - Capital","Capital District","Capital District","Albany"]
[null,null,null,null,"Electric Utility Company",null,null,"$ / kWh",null,"12107Albany","12107",12107,"Zone F - Capital","National Grid","Albany","Capital Region","Capital District","Capital District","Capital District",null,"Zone F - Capital","Capital District","Capital District","Albany"]
[null,null,null,null,"Central Hudson Gas and Electric",null,null,0.14000000000000001,null,"12110Albany","12110",12110,"Zone F - Capital","National Grid","Albany","Capital Region","Capital District","Capital District","Capital District",null,"Zone F - Capital","Capital District","Capital District","Albany"]
[null,null,null,null,"Consolidated Edison",{"$f":"F61","v":{"$error":"#N/A"}},null,{"$f":"H61","v":""},null,"12128Albany","12128",12128,"Zone F - Capital","National Grid","Albany","Capital Region","Capital District","Capital District","Capital District",null,"Zone F - Capital","Capital District","Capital District","Albany"]
[null,null,null,null,"National Grid",{"$f":"F35","v":"NA"},null,{"$f":"H35","v":""},null,"12158Albany","12158",12158,"Zone F - Capital","National Grid","Albany","Capital Region","Capital District","Capital District","Capital District",null,"Zone F - Capital","Capital District","Capital District","Albany"]
[null,null,null,null,"New York State Electric and Gas",{"$f":"F50","v":"NA"},null,{"$f":"H52","v":{"$error":"#N/A"}},null,"12159Albany","12159",12159,"Zone F - Capital","National Grid","Albany","Capital Region","Capital District","Capital District","Capital District",null,"Zone F - Capital","Capital District","Capital District","Albany"]
[null,null,null,null,"Orange and Rockland",null,null,0.17699999999999999,null,"12161Albany","12161",12161,"Zone F - Capital","National Grid","Albany","Capital Region","Capital District","Capital District","Capital District",null,"Zone F - Capital","Capital District","Capital District","Albany"]
[null,null,null,null,"Rochester Gas and Electric",null,null,9.9699999999999997E-2,null,"12186Albany","12186",12186,"Zone F - Capital","National Grid","Albany","Capital Region","Capital District","Capital District","Capital District",null,"Zone F - Capital","Capital District","Capital District","Albany"]
[null,null,null,null,"PSEG Long Island",null,null,0.2019,null,"12189Albany","12189",12189,"Zone F - Capital","National Grid","Albany","Capital Region","Capital District","Capital District","Capital District",null,"Zone F - Capital","Capital District","Capital District","Albany"]
[null,null,null,null,"Other",null,null,null,null,"12201Albany","12201",12201,"Zone F - Capital","National Grid","Albany","Capital Region","Capital District","Capital District","Capital District",null,"Zone F - Capital","Capital District","Capital District","Albany"]
[null,null,null,null,null,{"$f":"VLOOKUP(B5,$E$14:$F$21,2,)","v":{"$error":"#N/A"}},null,{"$f":"VLOOKUP(B5,$E$14:$H$21,4,)","v":{"$error":"#N/A"}},null,"12202Albany","12202",12202,"Zone F - Capital","National Grid","Albany","Capital Region","Capital District","Capital District","Capital District",null,"Zone F - Capital","Capital District","Capital District","Albany"]
[null,null,null,null,null,null,null,null,null,"12203Albany","12203",12203,"Zone F - Capital","National Grid","Albany","Capital Region","Capital District","Capital District","Capital District",null,"Zone F - Capital","Capital District","Capital District","Albany"]
[null,null,null,null,null,null,null,null,null,"12204Albany","12204",12204,"Zone F - Capital","National Grid","Albany","Capital Region","Capital District","Capital District","Capital District",null,"Zone F - Capital","Capital District","Capital District","Albany"]
[null,null,null,null,"National Grid",null,null,null,null,"12205Albany","12205",12205,"Zone F - Capital","National Grid","Albany","Capital Region","Capital District","Capital District","Capital District",null,"Zone F - Capital","Capital District","Capital District","Albany"]
[null,null,null,null,"National Grid Zone A","Zone A - West",null,0.1021,null,"12206Albany","12206",12206,"Zone F - Capital","National Grid","Albany","Capital Region","Capital District","Capital District","Capital District",null,"Zone F - Capital","Capital District","Capital District","Albany"]
[null,null,null,null,"National Grid Zone B","Zone B - Genesee",null,9.9099999999999994E-2,null,"12207Albany","12207",12207,"Zone F - Capital","National Grid","Albany","Capital Region","Capital District","Capital District","Capital District",null,"Zone F - Capital","Capital District","Capital District","Albany"]
[null,null,null,null,"National Grid Zone C","Zone C - Central",null,0.1002,null,"12208Albany","12208",12208,"Zone F - Capital","National Grid","Albany","Capital Region","Capital District","Capital District","Capital District",null,"Zone F - Capital","Capital District","Capital District","Albany"]
[null,null,null,null,"National Grid Zone D","Zone D - North",null,9.4899999999999998E-2,null,"12209Albany","12209",12209,"Zone F - Capital","National Grid","Albany","Capital Region","Capital District","Capital District","Capital District",null,"Zone F - Capital","Capital District","Capital District","Albany"]
[null,null,null,null,"National Grid Zone E","Zone E - Mohawk Valley",null,0.1004,null,"12210Albany","12210",12210,"Zone F - Capital","National Grid","Albany","Capital Region","Capital District","Capital District","Capital District",null,"Zone F - Capital","Capital District","Capital District","Albany"]
[null,null,null,null,"National Grid Zone F","Zone F - Capital",null,0.1103,null,"12211Albany","12211",12211,"Zone F - Capital","National Grid","Albany","Capital Region","Capital District","Capital District","Capital District",null,"Zone F - Capital","Capital District","Capital District","Albany"]
[null,null,null,null,null,null,null,null,null,"12212Albany","12212",12212,"Zone F - Capital","National Grid","Albany","Capital Region","Capital District","Capital District","Capital District",null,"Zone F - Capital","Capital District","Capital District","Albany"]
[null,null,null,null,"Zip",{"$f":"IF($B$5=E16,VLOOKUP(B2,$L$2:$M$2158,2,),\"NA\")","v":"NA"},null,{"$f":"IF(ISERROR(VLOOKUP(F33,$F$26:$H$31,3,)),\"\",VLOOKUP(F33,$F$26:$H$31,3,))","v":""},null,"12214Albany","12214",12214,"Zone F - Capital","National Grid","Albany","Capital Region","Capital District","Capital District","Capital District",null,"Zone F - Capital","Capital District","Capital District","Albany"]
[null,null,null,null,"County",null,null,null,null,"12220Albany","12220",12220,"Zone F - Capital","National Grid","Albany","Capital Region","Capital District","Capital District","Capital District",null,"Zone F - Capital","Capital District","Capital District","Albany"]
[null,null,null,null,"Final",{"$f":"F33","v":"NA"},null,{"$f":"H33","v":""},null,"12222Albany","12222",12222,"Zone F - Capital","National Grid","Albany","Capital Region","Capital District","Capital District","Capital District",null,"Zone F - Capital","Capital District","Capital District","Albany"]
[null,null,null,null,null,null,null,null,null,"12223Albany","12223",12223,"Zone F - Capital","National Grid","Albany","Capital Region","Capital District","Capital District","Capital District",null,"Zone F - Capital","Capital District","Capital District","Albany"]
[null,null,null,null,null,null,null,null,null,"12224Albany","12224",12224,"Zone F - Capital","National Grid","Albany","Capital Region","Capital District","Capital District","Capital District",null,"Zone F - Capital","Capital District","Capital District","Albany"]
[null,null,null,null,null,null,null,null,null,"12225Albany","12225",12225,"Zone F - Capital","National Grid","Albany","Capital Region","Capital District","Capital District","Capital District",null,"Zone F - Capital","Capital District","Capital District","Albany"]
[null,null,null,null,"NYSEG Sub Lookup",null,null,null,null,"12226Albany","12226",12226,"Zone F - Capital","National Grid","Albany","Capital Region","Capital District","Capital District","Capital District",null,"Zone F - Capital","Capital District","Capital District","Albany"]
[null,null,null,null,"NYSEG West (Zones A-E)","Zone A - West",null,9.5799999999999996E-2,null,"12227Albany","12227",12227,"Zone F - Capital","National Grid","Albany","Capital Region","Capital District","Capital District","Capital District",null,"Zone F - Capital","Capital District","Capital District","Albany"]
[null,null,null,null,"NYSEG West (Zones A-E)","Zone B - Genesee",null,9.5799999999999996E-2,null,"12228Albany","12228",12228,"Zone F - Capital","National Grid","Albany","Capital Region","Capital District","Capital District","Capital District",null,"Zone F - Capital","Capital District","Capital District","Albany"]
[null,null,null,null,"NYSEG West (Zones A-E)","Zone C - Central",null,9.5799999999999996E-2,null,"12229Albany","12229",12229,"Zone F - Capital","National Grid","Albany","Capital Region","Capital District","Capital District","Capital District",null,"Zone F - Capital","Capital District","Capital District","Albany"]
[null,null,null,null,"NYSEG West (Zones A-E)","Zone D - North",null,9.5799999999999996E-2,null,"12230Albany","12230",12230,"Zone F - Capital","National Grid","Albany","Capital Region","Capital District","Capital District","Capital District",null,"Zone F - Capital","Capital District","Capital District","Albany"]
[null,null,null,null,"NYSEG West (Zones A-E)","Zone E - Mohawk Valley",null,9.5799999999999996E-2,null,"12231Albany","12231",12231,"Zone F - Capital","National Grid","Albany","Capital Region","Capital District","Capital District","Capital District",null,"Zone F - Capital","Capital District","Capital District","Albany"]
[null,null,null,null,"NYSEG East (Zones F)","Zone F - Capital",null,0.10390000000000001,null,"12232Albany","12232",12232,"Zone F - Capital","National Grid","Albany","Capital Region","Capital District","Capital District","Capital District",null,"Zone F - Capital","Capital District","Capital District","Albany"]
[null,null,null,null,"NYSEG Lower Hudson (Zone G-I)","Zone G - Hudson Valley",null,0.1167,null,"12233Albany","12233",12233,"Zone F - Capital","National Grid","Albany","Capital Region","Capital District","Capital District","Capital District",null,"Zone F - Capital","Capital District","Capital District","Albany"]
[null,null,null,null,"NYSEG Lower Hudson (Zone G-I)","Zone H - Millwood",null,0.1167,null,"12234Albany","12234",12234,"Zone F - Capital","National Grid","Albany","Capital Region","Capital District","Capital District","Capital District",null,"Zone F - Capital","Capital District","Capital District","Albany"]
[null,null,null,null,"NYSEG Lower Hudson (Zone G-I)","Zone I - Dunwoodie",null,0.1167,null,"12235Albany","12235",12235,"Zone F - Capital","National Grid","Albany","Capital Region","Capital District","Capital District","Capital District",null,"Zone F - Capital","Capital District","Capital District","Albany"]
[null,null,null,null,null,null,null,null,null,"12236Albany","12236",12236,"Zone F - Capital","National Grid","Albany","Capital Region","Capital District","Capital District","Capital District",null,"Zone F - Capital","Capital District","Capital District","Albany"]
[null,null,null,null,"Zip",{"$f":"IF($B$5=E17,VLOOKUP(B2,$L$2:$M$2158,2,),\"NA\")","v":"NA"},null,{"$f":"VLOOKUP(F50,$F$40:$H$48,3,)","v":{"$error":"#N/A"}},null,"12237Albany","12237",12237,"Zone F - Capital","National Grid","Albany","Capital Region","Capital District","Capital District","Capital District",null,"Zone F - Capital","Capital District","Capital District","Albany"]
[null,null,null,null,"County",{"$f":"VLOOKUP(B3,O:V,7,)","v":{"$error":"#N/A"}},null,{"$f":"VLOOKUP(F51,$F$40:$H$48,3,)","v":{"$error":"#N/A"}},null,"12238Albany","12238",12238,"Zone F - Capital","National Grid","Albany","Capital Region","Capital District","Capital District","Capital District",null,"Zone F - Capital","Capital District","Capital District","Albany"]
[null,null,null,null,"Final","                                                                                                                                    ",null,{"$f":"H51","v":{"$error":"#N/A"}},null,"12239Albany","12239",12239,"Zone F - Capital","National Grid","Albany","Capital Region","Capital District","Capital District","Capital District",null,"Zone F - Capital","Capital District","Capital District","Albany"]
[null,null,null,null,null,null,null,null,null,"12240Albany","12240",12240,"Zone F - Capital","National Grid","Albany","Capital Region","Capital District","Capital District","Capital District",null,"Zone F - Capital","Capital District","Capital District","Albany"]
[null,null,null,null,null,null,null,null,null,"12241Albany","12241",12241,"Zone F - Capital","National Grid","Albany","Capital Region","Capital District","Capital District","Capital District",null,"Zone F - Capital","Capital District","Capital District","Albany"]
[null,null,null,null,"Consolidated Edison - Electric Sub Lookup",null,null,null,null,"12242Albany","12242",12242,"Zone F - Capital","National Grid","Albany","Capital Region","Capital District","Capital District","Capital District",null,"Zone F - Capital","Capital District","Capital District","Albany"]
[null,null,null,null,"Region",null,null,"$ / kWh",null,"12243Albany","12243",12243,"Zone F - Capital","National Grid","Albany","Capital Region","Capital District","Capital District","Capital District",null,"Zone F - Capital","Capital District","Capital District","Albany"]
[null,null,null,null,"ConEd NYC",null,null,0.221,null,"12244Albany","12244",12244,"Zone F - Capital","National Grid","Albany","Capital Region","Capital District","Capital District","Capital District",null,"Zone F - Capital","Capital District","Capital District","Albany"]
[null,null,null,null,"ConEd Westchester",null,null,0.2135,null,"12245Albany","12245",12245,"Zone F - Capital","National Grid","Albany","Capital Region","Capital District","Capital District","Capital District",null,"Zone F - Capital","Capital District","Capital District","Albany"]
[null,null,null,null,null,null,null,null,null,"12246Albany","12246",12246,"Zone F - Capital","National Grid","Albany","Capital Region","Capital District","Capital District","Capital District",null,"Zone F - Capital","Capital District","Capital District","Albany"]
[null,null,null,null,"Zip",{"$f":"IF(VLOOKUP(B2,L2:T2159,9,)=0,\"NA\",VLOOKUP(B2,L2:T2159,9,))","v":{"$error":"#N/A"}},null,{"$f":"IF(ISERROR(VLOOKUP(F60,$E$57:$H$58,4,)),\"\",VLOOKUP(F60,$E$57:$H$58,4,))","v":""},null,"12247Albany","12247",12247,"Zone F - Capital","National Grid","Albany","Capital Region","Capital District","Capital District","Capital District",null,"Zone F - Capital","Capital District","Capital District","Albany"]
[null,null,null,null,"Final",{"$f":"F60","v":{"$error":"#N/A"}},null,{"$f":"IF(ISERROR(H60),\"\",H60)","v":""},null,"12248Albany","12248",12248,"Zone F - Capital","National Grid","Albany","Capital Region","Capital District","Capital District","Capital District",null,"Zone F - Capital","Capital District","Capital District","Albany"]
[null,null,null,null,null,null,null,null,null,"12249Albany","12249",12249,"Zone F - Capital","National Grid","Albany","Capital Region","Capital District","Capital District","Capital District",null,"Zone F - Capital","Capital District","Capital District","Albany"]
[null,null,null,null,"Residential Natural Gas",null,null,"2017-2019 Avg",null,"12250Albany","12250",12250,"Zone F - Capital","National Grid","Albany","Capital Region","Capital District","Capital District","Capital District",null,"Zone F - Capital","Capital District","Capital District","Albany"]
[null,null,null,null,"Company",null,null,"$ / Therm",null,"12252Albany","12252",12252,"Zone F - Capital","National Grid","Albany","Capital Region","Capital District","Capital District","Capital District",null,"Zone F - Capital","Capital District","Capital District","Albany"]
[null,null,null,null,"National Grid - NYC",null,null,1.3934651666666666,null,"12255Albany","12255",12255,"Zone F - Capital","National Grid","Albany","Capital Region","Capital District","Capital District","Capital District",null,"Zone F - Capital","Capital District","Capital District","Albany"]
[null,null,null,null,"Central Hudson Gas and Electric",null,null,1.677,null,"12256Albany","12256",12256,"Zone F - Capital","National Grid","Albany","Capital Region","Capital District","Capital District","Capital District",null,"Zone F - Capital","Capital District","Capital District","Albany"]
[null,null,null,null,"Consolidated Edison",null,null,1.673,null,"12257Albany","12257",12257,"Zone F - Capital","National Grid","Albany","Capital Region","Capital District","Capital District","Capital District",null,"Zone F - Capital","Capital District","Capital District","Albany"]
[null,null,null,null,"Corning Natural Gas",null,null,1.1299999999999999,null,"12260Albany","12260",12260,"Zone F - Capital","National Grid","Albany","Capital Region","Capital District","Capital District","Capital District",null,"Zone F - Capital","Capital District","Capital District","Albany"]
[null,null,null,null,"National Grid - Long Island",null,null,1.3009213333333334,null,"12261Albany","12261",12261,"Zone F - Capital","National Grid","Albany","Capital Region","Capital District","Capital District","Capital District",null,"Zone F - Capital","Capital District","Capital District","Albany"]
[null,null,null,null,"National Fuel Gas Distribution",null,null,0.86599999999999999,null,"12288Albany","12288",12288,"Zone F - Capital","National Grid","Albany","Capital Region","Capital District","Capital District","Capital District",null,"Zone F - Capital","Capital District","Capital District","Albany"]
[null,null,null,null,"New York State Electric and Gas",null,null,0.97199999999999998,null,"12183Albany","12183",12183,"Zone F - Capital","Municipal Utilities","Albany","Capital Region","Capital District","Capital District","Capital District",null,"Zone F - Capital","Capital District","Capital District","Albany"]
[null,null,null,null,"National Grid - Upstate",null,null,0.95335700000000001,null,"12007Albany","12007",12007,"Zone G - Hudson Valley","National Grid","Albany","Capital Region","Capital District","Capital District","Capital District",null,"Zone G - Hudson Valley","Capital District","Capital District","Albany"]
[null,null,null,null,"Orange and Rockland",null,null,1.32,null,"12046Albany","12046",12046,"Zone G - Hudson Valley","National Grid","Albany","Capital Region","Capital District","Capital District","Capital District",null,"Zone G - Hudson Valley","Capital District","Capital District","Albany"]
[null,null,null,null,"St. Lawrence",null,null,1.0550160982008254,null,"12045Albany","12045",12045,"Zone G - Hudson Valley","Central Hudson Gas and Electric","Albany","Capital Region","Capital District","Capital District","Capital District",null,"Zone G - Hudson Valley","Capital District","Capital District","Albany"]
[null,null,null,null,"Rochester Gas and Electric",null,null,0.85,null,"12055Albany","12055",12055,"Zone G - Hudson Valley","Central Hudson Gas and Electric","Albany","Capital Region","Capital District","Capital District","Capital District",null,"Zone G - Hudson Valley","Capital District","Capital District","Albany"]
[null,null,null,null,null,null,null,null,null,"12120Albany","12120",12120,"Zone G - Hudson Valley","Central Hudson Gas and Electric","Albany","Capital Region","Capital District","Capital District","Capital District",null,"Zone G - Hudson Valley","Capital District","Capital District","Albany"]
[null,null,null,null,"Heating Oil (Home Monitoring Program)",null,null,"2017-2019 Avg",null,"12143Albany","12143",12143,"Zone G - Hudson Valley","Central Hudson Gas and Electric","Albany","Capital Region","Capital District","Capital District","Capital District",null,"Zone G - Hudson Valley","Capital District","Capital District","Albany"]
[null,null,null,null,"Region",null,null,"$ / Gal",null,"12147Albany","12147",12147,"Zone G - Hudson Valley","Central Hudson Gas and Electric","Albany","Capital Region","Capital District","Capital District","Capital District",null,"Zone G - Hudson Valley","Capital District","Capital District","Albany"]
[null,null,null,null,"Long Island",null,null,3.23,null,"12193Albany","12193",12193,"Zone G - Hudson Valley","Central Hudson Gas and Electric","Albany","Capital Region","Capital District","Capital District","Capital District",null,"Zone G - Hudson Valley","Capital District","Capital District","Albany"]
[null,null,null,null,"NYC",null,null,3.16,null,"12469Albany","12469",12469,"Zone G - Hudson Valley","Central Hudson Gas and Electric","Albany","Capital Region","Capital District","Capital District","Capital District",null,"Zone G - Hudson Valley","Capital District","Capital District","Binghamton"]
[null,null,null,null,"Lower Hudson",null,null,3.15,null,"14029Allegany","14029",14029,"Zone A - West","National Grid","Allegany","Western New York","Western","Western","Western",null,"Zone A - West","Western","Western Region","Buffalo"]
[null,null,null,null,"Upper Hudson",null,null,2.96,null,"14727Allegany","14727",14727,"Zone A - West","National Grid","Allegany","Western New York","Western","Western","Western",null,"Zone A - West","Western","Western Region","Buffalo"]
[null,null,null,null,"Capital District",null,null,2.82,null,"14786Allegany","14786",14786,"Zone A - West","National Grid","Allegany","Western New York","Western","Western","Western",null,"Zone A - West","Western","Western Region","Buffalo"]
[null,null,null,null,"North Country",null,null,2.98,null,"14709Allegany","14709",14709,"Zone B - Genesee","Rochester Gas and Electric","Allegany","Western New York","Western","Western","Western",null,"Zone B - Genesee","Western","Western Region","Buffalo"]
[null,null,null,null,"Central",null,null,2.86,null,"14711Allegany","14711",14711,"Zone B - Genesee","Rochester Gas and Electric","Allegany","Western New York","Western","Western","Western",null,"Zone B - Genesee","Western","Western Region","Buffalo"]
[null,null,null,null,"Western",null,null,3.17,null,"14715Allegany","14715",14715,"Zone B - Genesee","Rochester Gas and Electric","Allegany","Western New York","Western","Western","Western",null,"Zone B - Genesee","Western","Western Region","Buffalo"]
[null,null,null,null,null,null,null,null,null,"14717Allegany","14717",14717,"Zone B - Genesee","Rochester Gas and Electric","Allegany","Western New York","Western","Western","Western",null,"Zone B - Genesee","Western","Western Region","Buffalo"]
[null,null,null,null,"Zip",{"$f":"VLOOKUP(B2,$L$2:$Q$2158,6,)","v":{"$error":"#N/A"}},null,{"$f":"VLOOKUP(F88,E79:H86,4,)","v":{"$error":"#N/A"}},null,"14721Allegany","14721",14721,"Zone B - Genesee","Rochester Gas and Electric","Allegany","Western New York","Western","Western","Western",null,"Zone B - Genesee","Western","Western Region","Buffalo"]
[null,null,null,null,"County",{"$f":"VLOOKUP(B3,O2:Q2158,3,)","v":{"$error":"#N/A"}},null,{"$f":"VLOOKUP(F89,E79:H86,4,)","v":{"$error":"#N/A"}},null,"14735Allegany","14735",14735,"Zone B - Genesee","Rochester Gas and Electric","Allegany","Western New York","Western","Western","Western",null,"Zone B - Genesee","Western","Western Region","Buffalo"]
[null,null,null,null,null,"Final",null,{"$f":"IF(ISERROR(H88),H89,H88)","v":{"$error":"#N/A"}},null,"14739Allegany","14739",14739,"Zone B - Genesee","Rochester Gas and Electric","Allegany","Western New York","Western","Western","Western",null,"Zone B - Genesee","Western","Western Region","Buffalo"]
[null,null,null,null,null,null,null,null,null,"14744Allegany","14744",14744,"Zone B - Genesee","Rochester Gas and Electric","Allegany","Western New York","Western","Western","Western",null,"Zone B - Genesee","Western","Western Region","Buffalo"]
[null,null,null,null,null,null,null,null,null,"14745Allegany","14745",14745,"Zone B - Genesee","Rochester Gas and Electric","Allegany","Western New York","Western","Western","Western",null,"Zone B - Genesee","Western","Western Region","Buffalo"]
[null,null,null,null,"Kerosene (Home Monitoring Program)",null,null,"2017-2019 Avg",null,"14754Allegany","14754",14754,"Zone B - Genesee","Rochester Gas and Electric","Allegany","Western New York","Western","Western","Western",null,"Zone B - Genesee","Western","Western Region","Buffalo"]
[null,null,null,null,"Region",null,null,"$ / Gal",null,"14774Allegany","14774",14774,"Zone B - Genesee","Rochester Gas and Electric","Allegany","Western New York","Western","Western","Western",null,"Zone B - Genesee","Western","Western Region","Buffalo"]
[null,null,null,null,"Mid-Hudson",null,null,3.56,null,"14777Allegany","14777",14777,"Zone B - Genesee","Rochester Gas and Electric","Allegany","Western New York","Western","Western","Western",null,"Zone B - Genesee","Western","Western Region","Buffalo"]
[null,null,null,null,"Capital District",null,null,3.28,null,"14813Allegany","14813",14813,"Zone B - Genesee","Rochester Gas and Electric","Allegany","Western New York","Western","Western","Western",null,"Zone B - Genesee","Western","Western Region","Buffalo"]
[null,null,null,null,"North Country",null,null,3.51,null,"14707Allegany","14707",14707,"Zone B - Genesee","National Grid","Allegany","Western New York","Western","Western","Western",null,"Zone B - Genesee","Western","Western Region","Buffalo"]
[null,null,null,null,"Central",null,null,3.34,null,"14708Allegany","14708",14708,"Zone B - Genesee","National Grid","Allegany","Western New York","Western","Western","Western",null,"Zone B - Genesee","Western","Western Region","Buffalo"]
[null,null,null,null,"Western",null,null,3.56,null,"14714Allegany","14714",14714,"Zone B - Genesee","National Grid","Allegany","Western New York","Western","Western","Western",null,"Zone B - Genesee","Western","Western Region","Buffalo"]
[null,null,null,null,null,null,null,null,null,"14880Allegany","14880",14880,"Zone B - Genesee","National Grid","Allegany","Western New York","Western","Western","Western",null,"Zone B - Genesee","Western","Western Region","Buffalo"]
[null,null,null,null,"Zip",{"$f":"VLOOKUP(B2,$L$2:$R$2158,7,)","v":{"$error":"#N/A"}},null,{"$f":"VLOOKUP(F101,E95:H99,4,)","v":{"$error":"#N/A"}},null,"14897Allegany","14897",14897,"Zone C - Central","National Grid","Allegany","Western New York","Western","Western","Western",null,"Zone C - Central","Western","Western Region","Buffalo"]
[null,null,null,null,"County",{"$f":"VLOOKUP(B3,O2:R2158,4,)","v":{"$error":"#N/A"}},null,{"$f":"VLOOKUP(F102,E95:H99,4,)","v":{"$error":"#N/A"}},null,"14802Allegany","14802",14802,"Zone C - Central","New York State Electric and Gas","Allegany","Western New York","Western","Western","Western",null,"Zone C - Central","Western","Western Region","Buffalo"]
[" ",null,null,null,null,"Final",null,{"$f":"IF(ISERROR(H101),H102,H101)","v":{"$error":"#N/A"}},null,"14803Allegany","14803",14803,"Zone C - Central","New York State Electric and Gas","Allegany","Western New York","Western","Western","Western",null,"Zone C - Central","Western","Western Region","Buffalo"]
[null,null,null,null,null,null,null,null,null,"14804Allegany","14804",14804,"Zone C - Central","New York State Electric and Gas","Allegany","Western New York","Western","Western","Western",null,"Zone C - Central","Western","Western Region","Buffalo"]
[null,null,null,null,"Propane (Home Monitoring Program)",null,null,"2017-2019 Avg",null,"14822Allegany","14822",14822,"Zone C - Central","New York State Electric and Gas","Allegany","Western New York","Western","Western","Western",null,"Zone C - Central","Western","Western Region","Buffalo"]
[null,null,null,null,"Region",null,null,"$ / Gal",null,"14884Allegany","14884",14884,"Zone C - Central","New York State Electric and Gas","Allegany","Western New York","Western","Western","Western",null,"Zone C - Central","Western","Western Region","Buffalo"]
[null,null,null,null,"Long Island",null,null,3.17,null,"14806Allegany","14806",14806,"Zone C - Central","Municipal Utilities","Allegany","Western New York","Western","Western","Western",null,"Zone C - Central","Western","Western Region","Buffalo"]
[null,null,null,null,"Mid-Hudson",null,null,2.76,null,"14895Allegany","14895",14895,"Zone C - Central","Municipal Utilities","Allegany","Western New York","Western","Western","Western",null,"Zone C - Central","Western","Western Region","Buffalo"]
[null,null,null,null,"Capital District",null,null,2.88,null,"10453Bronx","10453",10453,"Zone I - Dunwoodie","Consolidated Edison","Bronx","New York City","NYC",{"$error":"#N/A"},{"$error":"#N/A"},"ConEd NYC","Zone I - Dunwoodie","NYC","","New York"]
[null,null,null,null,"North Country",null,null,3.61,null,"10458Bronx","10458",10458,"Zone I - Dunwoodie","Consolidated Edison","Bronx","New York City","NYC",{"$error":"#N/A"},{"$error":"#N/A"},"ConEd NYC","Zone I - Dunwoodie","NYC","","New York"]
[null,null,null,null,"Central",null,null,2.59,null,"10463Bronx","10463",10463,"Zone I - Dunwoodie","Consolidated Edison","Bronx","New York City","NYC",{"$error":"#N/A"},{"$error":"#N/A"},"ConEd NYC","Zone I - Dunwoodie","NYC","","New York"]
[null,null,null,null,"Western",null,null,2.52,null,"10466Bronx","10466",10466,"Zone I - Dunwoodie","Consolidated Edison","Bronx","New York City","NYC",{"$error":"#N/A"},{"$error":"#N/A"},"ConEd NYC","Zone I - Dunwoodie","NYC","","New York"]
[null,null,null,null,null,null,null,null,null,"10467Bronx","10467",10467,"Zone I - Dunwoodie","Consolidated Edison","Bronx","New York City","NYC",{"$error":"#N/A"},{"$error":"#N/A"},"ConEd NYC","Zone I - Dunwoodie","NYC","","New York"]
[null,null,null,null,"Zip",{"$f":"VLOOKUP(B2,$L$2:$S$2158,8,)","v":{"$error":"#N/A"}},null,{"$f":"VLOOKUP(F114,E107:H112,4,)","v":{"$error":"#N/A"}},null,"10468Bronx","10468",10468,"Zone I - Dunwoodie","Consolidated Edison","Bronx","New York City","NYC",{"$error":"#N/A"},{"$error":"#N/A"},"ConEd NYC","Zone I - Dunwoodie","NYC","","New York"]
[null,null,null,null,"County",{"$f":"VLOOKUP(B3,O2:S2158,5,)","v":{"$error":"#N/A"}},null,{"$f":"VLOOKUP(F115,E107:H112,4,)","v":{"$error":"#N/A"}},null,"10469Bronx","10469",10469,"Zone I - Dunwoodie","Consolidated Edison","Bronx","New York City","NYC",{"$error":"#N/A"},{"$error":"#N/A"},"ConEd NYC","Zone I - Dunwoodie","NYC","","New York"]
[null,null,null,null,null,"Final",null,{"$f":"IF(ISERROR(H114),H115,H114)","v":{"$error":"#N/A"}},null,"10470Bronx","10470",10470,"Zone I - Dunwoodie","Consolidated Edison","Bronx","New York City","NYC",{"$error":"#N/A"},{"$error":"#N/A"},"ConEd NYC","Zone I - Dunwoodie","NYC","","New York"]
[null,null,null,null,null,null,null,null,null,"10471Bronx","10471",10471,"Zone I - Dunwoodie","Consolidated Edison","Bronx","New York City","NYC",{"$error":"#N/A"},{"$error":"#N/A"},"ConEd NYC","Zone I - Dunwoodie","NYC","","New York"]
[null,null,null,null,"Pellet Wood (Home Monitoring Program)",null,null,"2017-2019 Avg",null,"10475Bronx","10475",10475,"Zone I - Dunwoodie","Consolidated Edison","Bronx","New York City","NYC",{"$error":"#N/A"},{"$error":"#N/A"},"ConEd NYC","Zone I - Dunwoodie","NYC","","New York"]
[null,null,null,null,"Region",null,null,"$ / Ton",null,"10451Bronx","10451",10451,"Zone J - New York City","Consolidated Edison","Bronx","New York City","NYC",{"$error":"#N/A"},{"$error":"#N/A"},"ConEd NYC","Zone J - New York City","NYC","","New York"]
[null,null,null,null,"Long Island",null,null,314.64,null,"10452Bronx","10452",10452,"Zone J - New York City","Consolidated Edison","Bronx","New York City","NYC",{"$error":"#N/A"},{"$error":"#N/A"},"ConEd NYC","Zone J - New York City","NYC","","New York"]
[null,null,null,null,"Hudson Valley",null,null,284.73,null,"10454Bronx","10454",10454,"Zone J - New York City","Consolidated Edison","Bronx","New York City","NYC",{"$error":"#N/A"},{"$error":"#N/A"},"ConEd NYC","Zone J - New York City","NYC","","New York"]
[null,null,null,null,"Capital District",null,null,274.27999999999997,null,"10455Bronx","10455",10455,"Zone J - New York City","Consolidated Edison","Bronx","New York City","NYC",{"$error":"#N/A"},{"$error":"#N/A"},"ConEd NYC","Zone J - New York City","NYC","","New York"]
[null,null,null,null,"North Country",null,null,258.44,null,"10456Bronx","10456",10456,"Zone J - New York City","Consolidated Edison","Bronx","New York City","NYC",{"$error":"#N/A"},{"$error":"#N/A"},"ConEd NYC","Zone J - New York City","NYC","","New York"]
[null,null,null,null,"Central Region",null,null,249.87,null,"10457Bronx","10457",10457,"Zone J - New York City","Consolidated Edison","Bronx","New York City","NYC",{"$error":"#N/A"},{"$error":"#N/A"},"ConEd NYC","Zone J - New York City","NYC","","New York"]
[null,null,null,null,"Western Region",null,null,257.41000000000003,null,"10459Bronx","10459",10459,"Zone J - New York City","Consolidated Edison","Bronx","New York City","NYC",{"$error":"#N/A"},{"$error":"#N/A"},"ConEd NYC","Zone J - New York City","NYC","","New York"]
[null,null,null,null,null,null,null,null,null,"10460Bronx","10460",10460,"Zone J - New York City","Consolidated Edison","Bronx","New York City","NYC",{"$error":"#N/A"},{"$error":"#N/A"},"ConEd NYC","Zone J - New York City","NYC","","New York"]
[null,null,null,null,"Zip",{"$f":"VLOOKUP(B2,$L$2:$W$215801,12,)","v":{"$error":"#N/A"}},null,{"$f":"VLOOKUP(F127,E120:H125,4,)","v":{"$error":"#N/A"}},null,"10461Bronx","10461",10461,"Zone J - New York City","Consolidated Edison","Bronx","New York City","NYC",{"$error":"#N/A"},{"$error":"#N/A"},"ConEd NYC","Zone J - New York City","NYC","","New York"]
[null,null,null,null,"County",{"$f":"VLOOKUP(B3,O2:W21581,9,)","v":{"$error":"#N/A"}},null,{"$f":"VLOOKUP(F128,E120:H125,4,)","v":{"$error":"#N/A"}},null,"10462Bronx","10462",10462,"Zone J - New York City","Consolidated Edison","Bronx","New York City","NYC",{"$error":"#N/A"},{"$error":"#N/A"},"ConEd NYC","Zone J - New York City","NYC","","New York"]
[null,null,null,null,null,"Final",null,{"$f":"IF(ISERROR(H127),H128,H127)","v":{"$error":"#N/A"}},null,"10465Bronx","10465",10465,"Zone J - New York City","Consolidated Edison","Bronx","New York City","NYC",{"$error":"#N/A"},{"$error":"#N/A"},"ConEd NYC","Zone J - New York City","NYC","","New York"]
[null,null,null,null,null,null,null,null,null,"10472Bronx","10472",10472,"Zone J - New York City","Consolidated Edison","Bronx","New York City","NYC",{"$error":"#N/A"},{"$error":"#N/A"},"ConEd NYC","Zone J - New York City","NYC","","New York"]
[null,null,null,null,null,null,null,null,null,"10473Bronx","10473",10473,"Zone J - New York City","Consolidated Edison","Bronx","New York City","NYC",{"$error":"#N/A"},{"$error":"#N/A"},"ConEd NYC","Zone J - New York City","NYC","","New York"]
[null,null,null,null,null,null,null,null,null,"10474Bronx","10474",10474,"Zone J - New York City","Consolidated Edison","Bronx","New York City","NYC",{"$error":"#N/A"},{"$error":"#N/A"},"ConEd NYC","Zone J - New York City","NYC","","New York"]
[null,null,null,null,null,null,null,null,null,"10464Bronx","10464",10464,null,null,"Bronx","New York City","NYC",{"$error":"#N/A"},{"$error":"#N/A"},"ConEd NYC","","NYC","","New York"]
[null,null,null,null,null,null,null,null,null,"13737Broome","13737",13737,"Zone C - Central","New York State Electric and Gas","Broome","Southern Tier","Central","Central","Central",null,"Zone C - Central","Central","Central Region","Binghamton"]
[null,null,null,null,null,null,null,null,null,"13744Broome","13744",13744,"Zone C - Central","New York State Electric and Gas","Broome","Southern Tier","Central","Central","Central",null,"Zone C - Central","Central","Central Region","Binghamton"]
[null,null,null,null,null,null,null,null,null,"13745Broome","13745",13745,"Zone C - Central","New York State Electric and Gas","Broome","Southern Tier","Central","Central","Central",null,"Zone C - Central","Central","Central Region","Binghamton"]
[null,null,null,null,null,null,null,null,null,"13748Broome","13748",13748,"Zone C - Central","New York State Electric and Gas","Broome","Southern Tier","Central","Central","Central",null,"Zone C - Central","Central","Central Region","Binghamton"]
[null,null,null,null,null,null,null,null,null,"13749Broome","13749",13749,"Zone C - Central","New York State Electric and Gas","Broome","Southern Tier","Central","Central","Central",null,"Zone C - Central","Central","Central Region","Binghamton"]
[null,null,null,null,null,null,null,null,null,"13760Broome","13760",13760,"Zone C - Central","New York State Electric and Gas","Broome","Southern Tier","Central","Central","Central",null,"Zone C - Central","Central","Central Region","Binghamton"]
[null,null,null,null,null,null,null,null,null,"13761Broome","13761",13761,"Zone C - Central","New York State Electric and Gas","Broome","Southern Tier","Central","Central","Central",null,"Zone C - Central","Central","Central Region","Binghamton"]
[null,null,null,null,null,null,null,null,null,"13762Broome","13762",13762,"Zone C - Central","New York State Electric and Gas","Broome","Southern Tier","Central","Central","Central",null,"Zone C - Central","Central","Central Region","Binghamton"]
[null,null,null,null,null,null,null,null,null,"13763Broome","13763",13763,"Zone C - Central","New York State Electric and Gas","Broome","Southern Tier","Central","Central","Central",null,"Zone C - Central","Central","Central Region","Binghamton"]
[null,null,null,null,null,null,null,null,null,"13777Broome","13777",13777,"Zone C - Central","New York State Electric and Gas","Broome","Southern Tier","Central","Central","Central",null,"Zone C - Central","Central","Central Region","Binghamton"]
[null,null,null,null,null,null,null,null,null,"13790Broome","13790",13790,"Zone C - Central","New York State Electric and Gas","Broome","Southern Tier","Central","Central","Central",null,"Zone C - Central","Central","Central Region","Binghamton"]
[null,null,null,null,null,null,null,null,null,"13794Broome","13794",13794,"Zone C - Central","New York State Electric and Gas","Broome","Southern Tier","Central","Central","Central",null,"Zone C - Central","Central","Central Region","Binghamton"]
[null,null,null,null,null,null,null,null,null,"13795Broome","13795",13795,"Zone C - Central","New York State Electric and Gas","Broome","Southern Tier","Central","Central","Central",null,"Zone C - Central","Central","Central Region","Binghamton"]
[null,null,null,null,null,null,null,null,null,"13797Broome","13797",13797,"Zone C - Central","New York State Electric and Gas","Broome","Southern Tier","Central","Central","Central",null,"Zone C - Central","Central","Central Region","Binghamton"]
[null,null,null,null,null,null,null,null,null,"13802Broome","13802",13802,"Zone C - Central","New York State Electric and Gas","Broome","Southern Tier","Central","Central","Central",null,"Zone C - Central","Central","Central Region","Binghamton"]
[null,null,null,null,null,null,null,null,null,"13833Broome","13833",13833,"Zone C - Central","New York State Electric and Gas","Broome","Southern Tier","Central","Central","Central",null,"Zone C - Central","Central","Central Region","Binghamton"]
[null,null,null,null,null,null,null,null,null,"13848Broome","13848",13848,"Zone C - Central","New York State Electric and Gas","Broome","Southern Tier","Central","Central","Central",null,"Zone C - Central","Central","Central Region","Binghamton"]
[null,null,null,null,null,null,null,null,null,"13850Broome","13850",13850,"Zone C - Central","New York State Electric and Gas","Broome","Southern Tier","Central","Central","Central",null,"Zone C - Central","Central","Central Region","Binghamton"]
[null,null,null,null,null,null,null,null,null,"13851Broome","13851",13851,"Zone C - Central","New York State Electric and Gas","Broome","Southern Tier","Central","Central","Central",null,"Zone C - Central","Central","Central Region","Binghamton"]
[null,null,null,null,null,null,null,null,null,"13862Broome","13862",13862,"Zone C - Central","New York State Electric and Gas","Broome","Southern Tier","Central","Central","Central",null,"Zone C - Central","Central","Central Region","Binghamton"]
[null,null,null,null,null,null,null,null,null,"13865Broome","13865",13865,"Zone C - Central","New York State Electric and Gas","Broome","Southern Tier","Central","Central","Central",null,"Zone C - Central","Central","Central Region","Binghamton"]
[null,null,null,null,null,null,null,null,null,"13901Broome","13901",13901,"Zone C - Central","New York State Electric and Gas","Broome","Southern Tier","Central","Central","Central",null,"Zone C - Central","Central","Central Region","Binghamton"]
[null,null,null,null,null,null,null,null,null,"13902Broome","13902",13902,"Zone C - Central","New York State Electric and Gas","Broome","Southern Tier","Central","Central","Central",null,"Zone C - Central","Central","Central Region","Binghamton"]
[null,null,null,null,null,null,null,null,null,"13903Broome","13903",13903,"Zone C - Central","New York State Electric and Gas","Broome","Southern Tier","Central","Central","Central",null,"Zone C - Central","Central","Central Region","Binghamton"]
[null,null,null,null,null,null,null,null,null,"13904Broome","13904",13904,"Zone C - Central","New York State Electric and Gas","Broome","Southern Tier","Central","Central","Central",null,"Zone C - Central","Central","Central Region","Binghamton"]
[null,null,null,null,null,null,null,null,null,"13905Broome","13905",13905,"Zone C - Central","New York State Electric and Gas","Broome","Southern Tier","Central","Central","Central",null,"Zone C - Central","Central","Central Region","Binghamton"]
[null,null,null,null,null,null,null,null,null,"13754Broome","13754",13754,"Zone E - Mohawk Valley","New York State Electric and Gas","Broome","Southern Tier","Central","Central","Central",null,"Zone E - Mohawk Valley","Central","Central Region","Binghamton"]
[null,null,null,null,null,null,null,null,null,"13787Broome","13787",13787,"Zone E - Mohawk Valley","New York State Electric and Gas","Broome","Southern Tier","Central","Central","Central",null,"Zone E - Mohawk Valley","Central","Central Region","Binghamton"]
[null,null,null,null,null,null,null,null,null,"13813Broome","13813",13813,"Zone E - Mohawk Valley","New York State Electric and Gas","Broome","Southern Tier","Central","Central","Central",null,"Zone E - Mohawk Valley","Central","Central Region","Binghamton"]
[null,null,null,null,null,null,null,null,null,"13826Broome","13826",13826,"Zone E - Mohawk Valley","New York State Electric and Gas","Broome","Southern Tier","Central","Central","Central",null,"Zone E - Mohawk Valley","Central","Central Region","Binghamton"]
[null,null,null,null,null,null,null,null,null,"14042Cattaraugus","14042",14042,"Zone A - West","National Grid","Cattaraugus","Western New York","Western","Western","Western",null,"Zone A - West","Western","Western Region","Buffalo"]
[null,null,null,null,null,null,null,null,null,"14060Cattaraugus","14060",14060,"Zone A - West","National Grid","Cattaraugus","Western New York","Western","Western","Western",null,"Zone A - West","Western","Western Region","Buffalo"]
[null,null,null,null,null,null,null,null,null,"14065Cattaraugus","14065",14065,"Zone A - West","National Grid","Cattaraugus","Western New York","Western","Western","Western",null,"Zone A - West","Western","Western Region","Buffalo"]
[null,null,null,null,null,null,null,null,null,"14101Cattaraugus","14101",14101,"Zone A - West","National Grid","Cattaraugus","Western New York","Western","Western","Western",null,"Zone A - West","Western","Western Region","Buffalo"]
[null,null,null,null,null,null,null,null,null,"14133Cattaraugus","14133",14133,"Zone A - West","National Grid","Cattaraugus","Western New York","Western","Western","Western",null,"Zone A - West","Western","Western Region","Buffalo"]
[null,null,null,null,null,null,null,null,null,"14171Cattaraugus","14171",14171,"Zone A - West","National Grid","Cattaraugus","Western New York","Western","Western","Western",null,"Zone A - West","Western","Western Region","Buffalo"]
[null,null,null,null,null,null,null,null,null,"14173Cattaraugus","14173",14173,"Zone A - West","National Grid","Cattaraugus","Western New York","Western","Western","Western",null,"Zone A - West","Western","Western Region","Buffalo"]
[null,null,null,null,null,null,null,null,null,"14706Cattaraugus","14706",14706,"Zone A - West","National Grid","Cattaraugus","Western New York","Western","Western","Western",null,"Zone A - West","Western","Western Region","Buffalo"]
[null,null,null,null,null,null,null,null,null,"14719Cattaraugus","14719",14719,"Zone A - West","National Grid","Cattaraugus","Western New York","Western","Western","Western",null,"Zone A - West","Western","Western Region","Buffalo"]
[null,null,null,null,null,null,null,null,null,"14729Cattaraugus","14729",14729,"Zone A - West","National Grid","Cattaraugus","Western New York","Western","Western","Western",null,"Zone A - West","Western","Western Region","Buffalo"]
[null,null,null,null,null,null,null,null,null,"14731Cattaraugus","14731",14731,"Zone A - West","National Grid","Cattaraugus","Western New York","Western","Western","Western",null,"Zone A - West","Western","Western Region","Buffalo"]
[null,null,null,null,null,null,null,null,null,"14737Cattaraugus","14737",14737,"Zone A - West","National Grid","Cattaraugus","Western New York","Western","Western","Western",null,"Zone A - West","Western","Western Region","Buffalo"]
[null,null,null,null,null,null,null,null,null,"14741Cattaraugus","14741",14741,"Zone A - West","National Grid","Cattaraugus","Western New York","Western","Western","Western",null,"Zone A - West","Western","Western Region","Buffalo"]
[null,null,null,null,null,null,null,null,null,"14743Cattaraugus","14743",14743,"Zone A - West","National Grid","Cattaraugus","Western New York","Western","Western","Western",null,"Zone A - West","Western","Western Region","Buffalo"]
[null,null,null,null,null,null,null,null,null,"14748Cattaraugus","14748",14748,"Zone A - West","National Grid","Cattaraugus","Western New York","Western","Western","Western",null,"Zone A - West","Western","Western Region","Buffalo"]
[null,null,null,null,null,null,null,null,null,"14753Cattaraugus","14753",14753,"Zone A - West","National Grid","Cattaraugus","Western New York","Western","Western","Western",null,"Zone A - West","Western","Western Region","Buffalo"]
[null,null,null,null,null,null,null,null,null,"14760Cattaraugus","14760",14760,"Zone A - West","National Grid","Cattaraugus","Western New York","Western","Western","Western",null,"Zone A - West","Western","Western Region","Buffalo"]
[null,null,null,null,null,null,null,null,null,"14766Cattaraugus","14766",14766,"Zone A - West","National Grid","Cattaraugus","Western New York","Western","Western","Western",null,"Zone A - West","Western","Western Region","Buffalo"]
[null,null,null,null,null,null,null,null,null,"14770Cattaraugus","14770",14770,"Zone A - West","National Grid","Cattaraugus","Western New York","Western","Western","Western",null,"Zone A - West","Western","Western Region","Buffalo"]
[null,null,null,null,null,null,null,null,null,"14778Cattaraugus","14778",14778,"Zone A - West","National Grid","Cattaraugus","Western New York","Western","Western","Western",null,"Zone A - West","Western","Western Region","Buffalo"]
[null,null,null,null,null,null,null,null,null,"14788Cattaraugus","14788",14788,"Zone A - West","National Grid","Cattaraugus","Western New York","Western","Western","Western",null,"Zone A - West","Western","Western Region","Buffalo"]
[null,null,null,null,null,null,null,null,null,"14041Cattaraugus","14041",14041,"Zone A - West","New York State Electric and Gas","Cattaraugus","Western New York","Western","Western","Western",null,"Zone A - West","Western","Western Region","Buffalo"]
[null,null,null,null,null,null,null,null,null,"14070Cattaraugus","14070",14070,"Zone A - West","New York State Electric and Gas","Cattaraugus","Western New York","Western","Western","Western",null,"Zone A - West","Western","Western Region","Buffalo"]
[null,null,null,null,null,null,null,null,null,"14129Cattaraugus","14129",14129,"Zone A - West","New York State Electric and Gas","Cattaraugus","Western New York","Western","Western","Western",null,"Zone A - West","Western","Western Region","Buffalo"]
[null,null,null,null,null,null,null,null,null,"14138Cattaraugus","14138",14138,"Zone A - West","New York State Electric and Gas","Cattaraugus","Western New York","Western","Western","Western",null,"Zone A - West","Western","Western Region","Buffalo"]
[null,null,null,null,null,null,null,null,null,"14168Cattaraugus","14168",14168,"Zone A - West","New York State Electric and Gas","Cattaraugus","Western New York","Western","Western","Western",null,"Zone A - West","Western","Western Region","Buffalo"]
[null,null,null,null,null,null,null,null,null,"14726Cattaraugus","14726",14726,"Zone A - West","New York State Electric and Gas","Cattaraugus","Western New York","Western","Western","Western",null,"Zone A - West","Western","Western Region","Buffalo"]
[null,null,null,null,null,null,null,null,null,"14730Cattaraugus","14730",14730,"Zone A - West","New York State Electric and Gas","Cattaraugus","Western New York","Western","Western","Western",null,"Zone A - West","Western","Western Region","Buffalo"]
[null,null,null,null,null,null,null,null,null,"14751Cattaraugus","14751",14751,"Zone A - West","New York State Electric and Gas","Cattaraugus","Western New York","Western","Western","Western",null,"Zone A - West","Western","Western Region","Buffalo"]
[null,null,null,null,null,null,null,null,null,"14772Cattaraugus","14772",14772,"Zone A - West","New York State Electric and Gas","Cattaraugus","Western New York","Western","Western","Western",null,"Zone A - West","Western","Western Region","Buffalo"]
[null,null,null,null,null,null,null,null,null,"14783Cattaraugus","14783",14783,"Zone A - West","New York State Electric and Gas","Cattaraugus","Western New York","Western","Western","Western",null,"Zone A - West","Western","Western Region","Buffalo"]
[null,null,null,null,null,null,null,null,null,"14755Cattaraugus","14755",14755,"Zone A - West","Municipal Utilities","Cattaraugus","Western New York","Western","Western","Western",null,"Zone A - West","Western","Western Region","Buffalo"]
[null,null,null,null,null,null,null,null,null,"14779Cattaraugus","14779",14779,"Zone A - West","Municipal Utilities","Cattaraugus","Western New York","Western","Western","Western",null,"Zone A - West","Western","Western Region","Buffalo"]
[null,null,null,null,null,null,null,null,null,"13033Cayuga","13033",13033,"Zone B - Genesee","Rochester Gas and Electric","Cayuga","Central New York","Central","Central","Central",null,"Zone B - Genesee","Central","Central Region","Syracuse"]
[null,null,null,null,null,null,null,null,null,"13064Cayuga","13064",13064,"Zone B - Genesee","Rochester Gas and Electric","Cayuga","Central New York","Central","Central","Central",null,"Zone B - Genesee","Central","Central Region","Syracuse"]
[null,null,null,null,null,null,null,null,null,"13111Cayuga","13111",13111,"Zone B - Genesee","Rochester Gas and Electric","Cayuga","Central New York","Central","Central","Central",null,"Zone B - Genesee","Central","Central Region","Syracuse"]
[null,null,null,null,null,null,null,null,null,"13113Cayuga","13113",13113,"Zone B - Genesee","Rochester Gas and Electric","Cayuga","Central New York","Central","Central","Central",null,"Zone B - Genesee","Central","Central Region","Syracuse"]
[null,null,null,null,null,null,null,null,null,"13156Cayuga","13156",13156,"Zone B - Genesee","Rochester Gas and Electric","Cayuga","Central New York","Central","Central","Central",null,"Zone B - Genesee","Central","Central Region","Syracuse"]
[null,null,null,null,null,null,null,null,null,"13117Cayuga","13117",13117,"Zone B - Genesee","New York State Electric and Gas","Cayuga","Central New York","Central","Central","Central",null,"Zone B - Genesee","Central","Central Region","Syracuse"]
[null,null,null,null,null,null,null,null,null,"13140Cayuga","13140",13140,"Zone B - Genesee","New York State Electric and Gas","Cayuga","Central New York","Central","Central","Central",null,"Zone B - Genesee","Central","Central Region","Syracuse"]
[null,null,null,null,null,null,null,null,null,"13021Cayuga","13021",13021,"Zone C - Central","New York State Electric and Gas","Cayuga","Central New York","Central","Central","Central",null,"Zone C - Central","Central","Central Region","Binghamton"]
[null,null,null,null,null,null,null,null,null,"13022Cayuga","13022",13022,"Zone C - Central","New York State Electric and Gas","Cayuga","Central New York","Central","Central","Central",null,"Zone C - Central","Central","Central Region","Binghamton"]
[null,null,null,null,null,null,null,null,null,"13024Cayuga","13024",13024,"Zone C - Central","New York State Electric and Gas","Cayuga","Central New York","Central","Central","Central",null,"Zone C - Central","Central","Central Region","Binghamton"]
[null,null,null,null,null,null,null,null,null,"13026Cayuga","13026",13026,"Zone C - Central","New York State Electric and Gas","Cayuga","Central New York","Central","Central","Central",null,"Zone C - Central","Central","Central Region","Binghamton"]
[null,null,null,null,null,null,null,null,null,"13034Cayuga","13034",13034,"Zone C - Central","New York State Electric and Gas","Cayuga","Central New York","Central","Central","Central",null,"Zone C - Central","Central","Central Region","Syracuse"]
[null,null,null,null,null,null,null,null,null,"13071Cayuga","13071",13071,"Zone C - Central","New York State Electric and Gas","Cayuga","Central New York","Central","Central","Central",null,"Zone C - Central","Central","Central Region","Binghamton"]
[null,null,null,null,null,null,null,null,null,"13081Cayuga","13081",13081,"Zone C - Central","New York State Electric and Gas","Cayuga","Central New York","Central","Central","Central",null,"Zone C - Central","Central","Central Region","Binghamton"]
[null,null,null,null,null,null,null,null,null,"13139Cayuga","13139",13139,"Zone C - Central","New York State Electric and Gas","Cayuga","Central New York","Central","Central","Central",null,"Zone C - Central","Central","Central Region","Binghamton"]
[null,null,null,null,null,null,null,null,null,"13147Cayuga","13147",13147,"Zone C - Central","New York State Electric and Gas","Cayuga","Central New York","Central","Central","Central",null,"Zone C - Central","Central","Central Region","Binghamton"]
[null,null,null,null,null,null,null,null,null,"13160Cayuga","13160",13160,"Zone C - Central","New York State Electric and Gas","Cayuga","Central New York","Central","Central","Central",null,"Zone C - Central","Central","Central Region","Syracuse"]
[null,null,null,null,null,null,null,null,null,"13166Cayuga","13166",13166,"Zone C - Central","New York State Electric and Gas","Cayuga","Central New York","Central","Central","Central",null,"Zone C - Central","Central","Central Region","Syracuse"]
[null,null,null,null,null,null,null,null,null,"13092Cayuga","13092",13092,"Zone C - Central","New York State Electric and Gas","Cayuga","Central New York","Central","Central","Central",null,"Zone C - Central","Central","Central Region","Binghamton"]
[null,null,null,null,null,null,null,null,null,"13118Cayuga","13118",13118,"Zone C - Central","New York State Electric and Gas","Cayuga","Central New York","Central","Central","Central",null,"Zone C - Central","Central","Central Region","Binghamton"]
[null,null,null,null,null,null,null,null,null,"14048Chautauqua","14048",14048,"Zone A - West","National Grid","Chautauqua","Western New York","Western","Western","Western",null,"Zone A - West","Western","Western Region","Buffalo"]
[null,null,null,null,null,null,null,null,null,"14063Chautauqua","14063",14063,"Zone A - West","National Grid","Chautauqua","Western New York","Western","Western","Western",null,"Zone A - West","Western","Western Region","Buffalo"]
[null,null,null,null,null,null,null,null,null,"14135Chautauqua","14135",14135,"Zone A - West","National Grid","Chautauqua","Western New York","Western","Western","Western",null,"Zone A - West","Western","Western Region","Buffalo"]
[null,null,null,null,null,null,null,null,null,"14166Chautauqua","14166",14166,"Zone A - West","National Grid","Chautauqua","Western New York","Western","Western","Western",null,"Zone A - West","Western","Western Region","Buffalo"]
[null,null,null,null,null,null,null,null,null,"14710Chautauqua","14710",14710,"Zone A - West","National Grid","Chautauqua","Western New York","Western","Western","Western",null,"Zone A - West","Western","Western Region","Buffalo"]
[null,null,null,null,null,null,null,null,null,"14712Chautauqua","14712",14712,"Zone A - West","National Grid","Chautauqua","Western New York","Western","Western","Western",null,"Zone A - West","Western","Western Region","Buffalo"]
[null,null,null,null,null,null,null,null,null,"14718Chautauqua","14718",14718,"Zone A - West","National Grid","Chautauqua","Western New York","Western","Western","Western",null,"Zone A - West","Western","Western Region","Buffalo"]
[null,null,null,null,null,null,null,null,null,"14720Chautauqua","14720",14720,"Zone A - West","National Grid","Chautauqua","Western New York","Western","Western","Western",null,"Zone A - West","Western","Western Region","Buffalo"]
[null,null,null,null,null,null,null,null,null,"14722Chautauqua","14722",14722,"Zone A - West","National Grid","Chautauqua","Western New York","Western","Western","Western",null,"Zone A - West","Western","Western Region","Buffalo"]
[null,null,null,null,null,null,null,null,null,"14724Chautauqua","14724",14724,"Zone A - West","National Grid","Chautauqua","Western New York","Western","Western","Western",null,"Zone A - West","Western","Western Region","Buffalo"]
[null,null,null,null,null,null,null,null,null,"14728Chautauqua","14728",14728,"Zone A - West","National Grid","Chautauqua","Western New York","Western","Western","Western",null,"Zone A - West","Western","Western Region","Buffalo"]
[null,null,null,null,null,null,null,null,null,"14736Chautauqua","14736",14736,"Zone A - West","National Grid","Chautauqua","Western New York","Western","Western","Western",null,"Zone A - West","Western","Western Region","Buffalo"]
[null,null,null,null,null,null,null,null,null,"14738Chautauqua","14738",14738,"Zone A - West","National Grid","Chautauqua","Western New York","Western","Western","Western",null,"Zone A - West","Western","Western Region","Buffalo"]
[null,null,null,null,null,null,null,null,null,"14740Chautauqua","14740",14740,"Zone A - West","National Grid","Chautauqua","Western New York","Western","Western","Western",null,"Zone A - West","Western","Western Region","Buffalo"]
[null,null,null,null,null,null,null,null,null,"14747Chautauqua","14747",14747,"Zone A - West","National Grid","Chautauqua","Western New York","Western","Western","Western",null,"Zone A - West","Western","Western Region","Buffalo"]
[null,null,null,null,null,null,null,null,null,"14750Chautauqua","14750",14750,"Zone A - West","National Grid","Chautauqua","Western New York","Western","Western","Western",null,"Zone A - West","Western","Western Region","Buffalo"]
[null,null,null,null,null,null,null,null,null,"14752Chautauqua","14752",14752,"Zone A - West","National Grid","Chautauqua","Western New York","Western","Western","Western",null,"Zone A - West","Western","Western Region","Buffalo"]
[null,null,null,null,null,null,null,null,null,"14756Chautauqua","14756",14756,"Zone A - West","National Grid","Chautauqua","Western New York","Western","Western","Western",null,"Zone A - West","Western","Western Region","Buffalo"]
[null,null,null,null,null,null,null,null,null,"14758Chautauqua","14758",14758,"Zone A - West","National Grid","Chautauqua","Western New York","Western","Western","Western",null,"Zone A - West","Western","Western Region","Buffalo"]
[null,null,null,null,null,null,null,null,null,"14767Chautauqua","14767",14767,"Zone A - West","National Grid","Chautauqua","Western New York","Western","Western","Western",null,"Zone A - West","Western","Western Region","Buffalo"]
[null,null,null,null,null,null,null,null,null,"14769Chautauqua","14769",14769,"Zone A - West","National Grid","Chautauqua","Western New York","Western","Western","Western",null,"Zone A - West","Western","Western Region","Buffalo"]
[null,null,null,null,null,null,null,null,null,"14775Chautauqua","14775",14775,"Zone A - West","National Grid","Chautauqua","Western New York","Western","Western","Western",null,"Zone A - West","Western","Western Region","Buffalo"]
[null,null,null,null,null,null,null,null,null,"14781Chautauqua","14781",14781,"Zone A - West","National Grid","Chautauqua","Western New York","Western","Western","Western",null,"Zone A - West","Western","Western Region","Buffalo"]
[null,null,null,null,null,null,null,null,null,"14782Chautauqua","14782",14782,"Zone A - West","National Grid","Chautauqua","Western New York","Western","Western","Western",null,"Zone A - West","Western","Western Region","Buffalo"]
[null,null,null,null,null,null,null,null,null,"14784Chautauqua","14784",14784,"Zone A - West","National Grid","Chautauqua","Western New York","Western","Western","Western",null,"Zone A - West","Western","Western Region","Buffalo"]
[null,null,null,null,null,null,null,null,null,"14785Chautauqua","14785",14785,"Zone A - West","National Grid","Chautauqua","Western New York","Western","Western","Western",null,"Zone A - West","Western","Western Region","Buffalo"]
[null,null,null,null,null,null,null,null,null,"14062Chautauqua","14062",14062,"Zone A - West","New York State Electric and Gas","Chautauqua","Western New York","Western","Western","Western",null,"Zone A - West","Western","Western Region","Buffalo"]
[null,null,null,null,null,null,null,null,null,"14136Chautauqua","14136",14136,"Zone A - West","New York State Electric and Gas","Chautauqua","Western New York","Western","Western","Western",null,"Zone A - West","Western","Western Region","Buffalo"]
[null,null,null,null,null,null,null,null,null,"14723Chautauqua","14723",14723,"Zone A - West","New York State Electric and Gas","Chautauqua","Western New York","Western","Western","Western",null,"Zone A - West","Western","Western Region","Buffalo"]
[null,null,null,null,null,null,null,null,null,"14732Chautauqua","14732",14732,"Zone A - West","New York State Electric and Gas","Chautauqua","Western New York","Western","Western","Western",null,"Zone A - West","Western","Western Region","Buffalo"]
[null,null,null,null,null,null,null,null,null,"14716Chautauqua","14716",14716,"Zone A - West","Municipal Utilities","Chautauqua","Western New York","Western","Western","Western",null,"Zone A - West","Western","Western Region","Buffalo"]
[null,null,null,null,null,null,null,null,null,"14787Chautauqua","14787",14787,"Zone A - West","Municipal Utilities","Chautauqua","Western New York","Western","Western","Western",null,"Zone A - West","Western","Western Region","Buffalo"]
[null,null,null,null,null,null,null,null,null,"14757Chautauqua","14757",14757,"Zone A - West","Municipal Utilities","Chautauqua","Western New York","Western","Western","Western",null,"Zone A - West","Western","Western Region","Buffalo"]
[null,null,null,null,null,null,null,null,null,"14701Chautauqua","14701",14701,"Zone A - West","Municipal Utilities","Chautauqua","Western New York","Western","Western","Western",null,"Zone A - West","Western","Western Region","Buffalo"]
[null,null,null,null,null,null,null,null,null,"14702Chautauqua","14702",14702,"Zone A - West","Municipal Utilities","Chautauqua","Western New York","Western","Western","Western",null,"Zone A - West","Western","Western Region","Buffalo"]
[null,null,null,null,null,null,null,null,null,"14733Chautauqua","14733",14733,"Zone A - West","Municipal Utilities","Chautauqua","Western New York","Western","Western","Western",null,"Zone A - West","Western","Western Region","Buffalo"]
[null,null,null,null,null,null,null,null,null,"14742Chautauqua","14742",14742,"Zone A - West","Municipal Utilities","Chautauqua","Western New York","Western","Western","Western",null,"Zone A - West","Western","Western Region","Buffalo"]
[null,null,null,null,null,null,null,null,null,"14889Chemung","14889",14889,"Zone C - Central","New York State Electric and Gas","Chemung","Southern Tier","Western","Western","Western",null,"Zone C - Central","Western","Western Region","Binghamton"]
[null,null,null,null,null,null,null,null,null,"14812Chemung","14812",14812,"Zone C - Central","New York State Electric and Gas","Chemung","Southern Tier","Western","Western","Western",null,"Zone C - Central","Western","Western Region","Binghamton"]
[null,null,null,null,null,null,null,null,null,"14814Chemung","14814",14814,"Zone C - Central","New York State Electric and Gas","Chemung","Southern Tier","Western","Western","Western",null,"Zone C - Central","Western","Western Region","Binghamton"]
[null,null,null,null,null,null,null,null,null,"14816Chemung","14816",14816,"Zone C - Central","New York State Electric and Gas","Chemung","Southern Tier","Western","Western","Western",null,"Zone C - Central","Western","Western Region","Binghamton"]
[null,null,null,null,null,null,null,null,null,"14825Chemung","14825",14825,"Zone C - Central","New York State Electric and Gas","Chemung","Southern Tier","Western","Western","Western",null,"Zone C - Central","Western","Western Region","Binghamton"]
[null,null,null,null,null,null,null,null,null,"14838Chemung","14838",14838,"Zone C - Central","New York State Electric and Gas","Chemung","Southern Tier","Western","Western","Western",null,"Zone C - Central","Western","Western Region","Binghamton"]
[null,null,null,null,null,null,null,null,null,"14845Chemung","14845",14845,"Zone C - Central","New York State Electric and Gas","Chemung","Southern Tier","Western","Western","Western",null,"Zone C - Central","Western","Western Region","Binghamton"]
[null,null,null,null,null,null,null,null,null,"14861Chemung","14861",14861,"Zone C - Central","New York State Electric and Gas","Chemung","Southern Tier","Western","Western","Western",null,"Zone C - Central","Western","Western Region","Binghamton"]
[null,null,null,null,null,null,null,null,null,"14864Chemung","14864",14864,"Zone C - Central","New York State Electric and Gas","Chemung","Southern Tier","Western","Western","Western",null,"Zone C - Central","Western","Western Region","Binghamton"]
[null,null,null,null,null,null,null,null,null,"14871Chemung","14871",14871,"Zone C - Central","New York State Electric and Gas","Chemung","Southern Tier","Western","Western","Western",null,"Zone C - Central","Western","Western Region","Binghamton"]
[null,null,null,null,null,null,null,null,null,"14872Chemung","14872",14872,"Zone C - Central","New York State Electric and Gas","Chemung","Southern Tier","Western","Western","Western",null,"Zone C - Central","Western","Western Region","Binghamton"]
[null,null,null,null,null,null,null,null,null,"14894Chemung","14894",14894,"Zone C - Central","New York State Electric and Gas","Chemung","Southern Tier","Western","Western","Western",null,"Zone C - Central","Western","Western Region","Binghamton"]
[null,null,null,null,null,null,null,null,null,"14901Chemung","14901",14901,"Zone C - Central","New York State Electric and Gas","Chemung","Southern Tier","Western","Western","Western",null,"Zone C - Central","Western","Western Region","Binghamton"]
[null,null,null,null,null,null,null,null,null,"14902Chemung","14902",14902,"Zone C - Central","New York State Electric and Gas","Chemung","Southern Tier","Western","Western","Western",null,"Zone C - Central","Western","Western Region","Binghamton"]
[null,null,null,null,null,null,null,null,null,"14903Chemung","14903",14903,"Zone C - Central","New York State Electric and Gas","Chemung","Southern Tier","Western","Western","Western",null,"Zone C - Central","Western","Western Region","Binghamton"]
[null,null,null,null,null,null,null,null,null,"14904Chemung","14904",14904,"Zone C - Central","New York State Electric and Gas","Chemung","Southern Tier","Western","Western","Western",null,"Zone C - Central","Western","Western Region","Binghamton"]
[null,null,null,null,null,null,null,null,null,"14905Chemung","14905",14905,"Zone C - Central","New York State Electric and Gas","Chemung","Southern Tier","Western","Western","Western",null,"Zone C - Central","Western","Western Region","Binghamton"]
[null,null,null,null,null,null,null,null,null,"13746Chenango","13746",13746,"Zone C - Central","New York State Electric and Gas","Chenango","Southern Tier","Central","Central","Central",null,"Zone C - Central","Central","Central Region","Binghamton"]
[null,null,null,null,null,null,null,null,null,"13124Chenango","13124",13124,"Zone E - Mohawk Valley","National Grid","Chenango","Southern Tier","Central","Central","Central",null,"Zone E - Mohawk Valley","Central","Central Region","Binghamton"]
[null,null,null,null,null,null,null,null,null,"13411Chenango","13411",13411,"Zone E - Mohawk Valley","New York State Electric and Gas","Chenango","Southern Tier","Central","Central","Central",null,"Zone E - Mohawk Valley","Central","Central Region","Binghamton"]
[null,null,null,null,null,null,null,null,null,"13460Chenango","13460",13460,"Zone E - Mohawk Valley","New York State Electric and Gas","Chenango","Southern Tier","Central","Central","Central",null,"Zone E - Mohawk Valley","Central","Central Region","Binghamton"]
[null,null,null,null,null,null,null,null,null,"13464Chenango","13464",13464,"Zone E - Mohawk Valley","New York State Electric and Gas","Chenango","Southern Tier","Central","Central","Central",null,"Zone E - Mohawk Valley","Central","Central Region","Binghamton"]
[null,null,null,null,null,null,null,null,null,"13733Chenango","13733",13733,"Zone E - Mohawk Valley","New York State Electric and Gas","Chenango","Southern Tier","Central","Central","Central",null,"Zone E - Mohawk Valley","Central","Central Region","Binghamton"]
[null,null,null,null,null,null,null,null,null,"13758Chenango","13758",13758,"Zone E - Mohawk Valley","New York State Electric and Gas","Chenango","Southern Tier","Central","Central","Central",null,"Zone E - Mohawk Valley","Central","Central Region","Binghamton"]
[null,null,null,null,null,null,null,null,null,"13780Chenango","13780",13780,"Zone E - Mohawk Valley","New York State Electric and Gas","Chenango","Southern Tier","Central","Central","Central",null,"Zone E - Mohawk Valley","Central","Central Region","Binghamton"]
[null,null,null,null,null,null,null,null,null,"13809Chenango","13809",13809,"Zone E - Mohawk Valley","New York State Electric and Gas","Chenango","Southern Tier","Central","Central","Central",null,"Zone E - Mohawk Valley","Central","Central Region","Binghamton"]
[null,null,null,null,null,null,null,null,null,"13814Chenango","13814",13814,"Zone E - Mohawk Valley","New York State Electric and Gas","Chenango","Southern Tier","Central","Central","Central",null,"Zone E - Mohawk Valley","Central","Central Region","Binghamton"]
[null,null,null,null,null,null,null,null,null,"13815Chenango","13815",13815,"Zone E - Mohawk Valley","New York State Electric and Gas","Chenango","Southern Tier","Central","Central","Central",null,"Zone E - Mohawk Valley","Central","Central Region","Binghamton"]
[null,null,null,null,null,null,null,null,null,"13830Chenango","13830",13830,"Zone E - Mohawk Valley","New York State Electric and Gas","Chenango","Southern Tier","Central","Central","Central",null,"Zone E - Mohawk Valley","Central","Central Region","Binghamton"]
[null,null,null,null,null,null,null,null,null,"13832Chenango","13832",13832,"Zone E - Mohawk Valley","New York State Electric and Gas","Chenango","Southern Tier","Central","Central","Central",null,"Zone E - Mohawk Valley","Central","Central Region","Binghamton"]
[null,null,null,null,null,null,null,null,null,"13843Chenango","13843",13843,"Zone E - Mohawk Valley","New York State Electric and Gas","Chenango","Southern Tier","Central","Central","Central",null,"Zone E - Mohawk Valley","Central","Central Region","Binghamton"]
[null,null,null,null,null,null,null,null,null,"13844Chenango","13844",13844,"Zone E - Mohawk Valley","New York State Electric and Gas","Chenango","Southern Tier","Central","Central","Central",null,"Zone E - Mohawk Valley","Central","Central Region","Binghamton"]
[null,null,null,null,null,null,null,null,null,"13778Chenango","13778",13778,"Zone E - Mohawk Valley","Municipal Utilities","Chenango","Southern Tier","Central","Central","Central",null,"Zone E - Mohawk Valley","Central","Central Region","Binghamton"]
[null,null,null,null,null,null,null,null,null,"13136Chenango","13136",13136,"Zone E - Mohawk Valley","New York State Electric and Gas","Chenango","Southern Tier","Central","Central","Central",null,"Zone E - Mohawk Valley","Central","Central Region","Binghamton"]
[null,null,null,null,null,null,null,null,null,"13155Chenango","13155",13155,"Zone E - Mohawk Valley","New York State Electric and Gas","Chenango","Southern Tier","Central","Central","Central",null,"Zone E - Mohawk Valley","Central","Central Region","Binghamton"]
[null,null,null,null,null,null,null,null,null,"13730Chenango","13730",13730,"Zone E - Mohawk Valley","New York State Electric and Gas","Chenango","Southern Tier","Central","Central","Central",null,"Zone E - Mohawk Valley","Central","Central Region","Binghamton"]
[null,null,null,null,null,null,null,null,null,"13801Chenango","13801",13801,"Zone E - Mohawk Valley","New York State Electric and Gas","Chenango","Southern Tier","Central","Central","Central",null,"Zone E - Mohawk Valley","Central","Central Region","Binghamton"]
[null,null,null,null,null,null,null,null,null,"13841Chenango","13841",13841,"Zone E - Mohawk Valley","New York State Electric and Gas","Chenango","Southern Tier","Central","Central","Central",null,"Zone E - Mohawk Valley","Central","Central Region","Binghamton"]
[null,null,null,null,null,null,null,null,null,"12979Clinton","12979",12979,"Zone D - North","Municipal Utilities","Clinton","North Country","North Country","North Country","North Country",null,"Zone D - North","North Country","North Country","Massena"]
[null,null,null,null,null,null,null,null,null,"12903Clinton","12903",12903,"Zone D - North","New York State Electric and Gas","Clinton","North Country","North Country","North Country","North Country",null,"Zone D - North","North Country","North Country","Massena"]
[null,null,null,null,null,null,null,null,null,"12910Clinton","12910",12910,"Zone D - North","New York State Electric and Gas","Clinton","North Country","North Country","North Country","North Country",null,"Zone D - North","North Country","North Country","Massena"]
[null,null,null,null,null,null,null,null,null,"12911Clinton","12911",12911,"Zone D - North","New York State Electric and Gas","Clinton","North Country","North Country","North Country","North Country",null,"Zone D - North","North Country","North Country","Massena"]
[null,null,null,null,null,null,null,null,null,"12918Clinton","12918",12918,"Zone D - North","New York State Electric and Gas","Clinton","North Country","North Country","North Country","North Country",null,"Zone D - North","North Country","North Country","Massena"]
[null,null,null,null,null,null,null,null,null,"12919Clinton","12919",12919,"Zone D - North","New York State Electric and Gas","Clinton","North Country","North Country","North Country","North Country",null,"Zone D - North","North Country","North Country","Massena"]
[null,null,null,null,null,null,null,null,null,"12921Clinton","12921",12921,"Zone D - North","New York State Electric and Gas","Clinton","North Country","North Country","North Country","North Country",null,"Zone D - North","North Country","North Country","Massena"]
[null,null,null,null,null,null,null,null,null,"12923Clinton","12923",12923,"Zone D - North","New York State Electric and Gas","Clinton","North Country","North Country","North Country","North Country",null,"Zone D - North","North Country","North Country","Massena"]
[null,null,null,null,null,null,null,null,null,"12924Clinton","12924",12924,"Zone D - North","New York State Electric and Gas","Clinton","North Country","North Country","North Country","North Country",null,"Zone D - North","North Country","North Country","Massena"]
[null,null,null,null,null,null,null,null,null,"12929Clinton","12929",12929,"Zone D - North","New York State Electric and Gas","Clinton","North Country","North Country","North Country","North Country",null,"Zone D - North","North Country","North Country","Massena"]
[null,null,null,null,null,null,null,null,null,"12933Clinton","12933",12933,"Zone D - North","New York State Electric and Gas","Clinton","North Country","North Country","North Country","North Country",null,"Zone D - North","North Country","North Country","Massena"]
[null,null,null,null,null,null,null,null,null,"12934Clinton","12934",12934,"Zone D - North","New York State Electric and Gas","Clinton","North Country","North Country","North Country","North Country",null,"Zone D - North","North Country","North Country","Massena"]
[null,null,null,null,null,null,null,null,null,"12935Clinton","12935",12935,"Zone D - North","New York State Electric and Gas","Clinton","North Country","North Country","North Country","North Country",null,"Zone D - North","North Country","North Country","Massena"]
[null,null,null,null,null,null,null,null,null,"12952Clinton","12952",12952,"Zone D - North","New York State Electric and Gas","Clinton","North Country","North Country","North Country","North Country",null,"Zone D - North","North Country","North Country","Massena"]
[null,null,null,null,null,null,null,null,null,"12955Clinton","12955",12955,"Zone D - North","New York State Electric and Gas","Clinton","North Country","North Country","North Country","North Country",null,"Zone D - North","North Country","North Country","Massena"]
[null,null,null,null,null,null,null,null,null,"12958Clinton","12958",12958,"Zone D - North","New York State Electric and Gas","Clinton","North Country","North Country","North Country","North Country",null,"Zone D - North","North Country","North Country","Massena"]
[null,null,null,null,null,null,null,null,null,"12959Clinton","12959",12959,"Zone D - North","New York State Electric and Gas","Clinton","North Country","North Country","North Country","North Country",null,"Zone D - North","North Country","North Country","Massena"]
[null,null,null,null,null,null,null,null,null,"12962Clinton","12962",12962,"Zone D - North","New York State Electric and Gas","Clinton","North Country","North Country","North Country","North Country",null,"Zone D - North","North Country","North Country","Massena"]
[null,null,null,null,null,null,null,null,null,"12972Clinton","12972",12972,"Zone D - North","New York State Electric and Gas","Clinton","North Country","North Country","North Country","North Country",null,"Zone D - North","North Country","North Country","Massena"]
[null,null,null,null,null,null,null,null,null,"12981Clinton","12981",12981,"Zone D - North","New York State Electric and Gas","Clinton","North Country","North Country","North Country","North Country",null,"Zone D - North","North Country","North Country","Massena"]
[null,null,null,null,null,null,null,null,null,"12992Clinton","12992",12992,"Zone D - North","New York State Electric and Gas","Clinton","North Country","North Country","North Country","North Country",null,"Zone D - North","North Country","North Country","Massena"]
[null,null,null,null,null,null,null,null,null,"12901Clinton","12901",12901,"Zone D - North","Municipal Utilities","Clinton","North Country","North Country","North Country","North Country",null,"Zone D - North","North Country","North Country","Massena"]
[null,null,null,null,null,null,null,null,null,"12978Clinton","12978",12978,"Zone E - Mohawk Valley","New York State Electric and Gas","Clinton","North Country","North Country","North Country","North Country",null,"Zone E - Mohawk Valley","North Country","North Country","Massena"]
[null,null,null,null,null,null,null,null,null,"12985Clinton","12985",12985,"Zone E - Mohawk Valley","New York State Electric and Gas","Clinton","North Country","North Country","North Country","North Country",null,"Zone E - Mohawk Valley","North Country","North Country","Massena"]
[null,null,null,null,null,null,null,null,null,"12912Clinton","12912",12912,"Zone E - Mohawk Valley","National Grid","Clinton","North Country","North Country","North Country","North Country",null,"Zone E - Mohawk Valley","North Country","North Country","Massena"]
[null,null,null,null,null,null,null,null,null,"12050Columbia","12050",12050,"Zone F - Capital","National Grid","Columbia","Capital Region","Upper Hudson","Mid-Hudson","Mid-Hudson",null,"Zone F - Capital","Upper Hudson","Hudson Valley","Albany"]
[null,null,null,null,null,null,null,null,null,"12106Columbia","12106",12106,"Zone F - Capital","National Grid","Columbia","Capital Region","Upper Hudson","Mid-Hudson","Mid-Hudson",null,"Zone F - Capital","Upper Hudson","Hudson Valley","Albany"]
[null,null,null,null,null,null,null,null,null,"12130Columbia","12130",12130,"Zone F - Capital","National Grid","Columbia","Capital Region","Upper Hudson","Mid-Hudson","Mid-Hudson",null,"Zone F - Capital","Upper Hudson","Hudson Valley","Albany"]
[null,null,null,null,null,null,null,null,null,"12132Columbia","12132",12132,"Zone F - Capital","National Grid","Columbia","Capital Region","Upper Hudson","Mid-Hudson","Mid-Hudson",null,"Zone F - Capital","Upper Hudson","Hudson Valley","Albany"]
[null,null,null,null,null,null,null,null,null,"12172Columbia","12172",12172,"Zone F - Capital","National Grid","Columbia","Capital Region","Upper Hudson","Mid-Hudson","Mid-Hudson",null,"Zone F - Capital","Upper Hudson","Hudson Valley","Albany"]
[null,null,null,null,null,null,null,null,null,"12174Columbia","12174",12174,"Zone F - Capital","National Grid","Columbia","Capital Region","Upper Hudson","Mid-Hudson","Mid-Hudson",null,"Zone F - Capital","Upper Hudson","Hudson Valley","Albany"]
[null,null,null,null,null,null,null,null,null,"12184Columbia","12184",12184,"Zone F - Capital","National Grid","Columbia","Capital Region","Upper Hudson","Mid-Hudson","Mid-Hudson",null,"Zone F - Capital","Upper Hudson","Hudson Valley","Albany"]
[null,null,null,null,null,null,null,null,null,"12513Columbia","12513",12513,"Zone F - Capital","National Grid","Columbia","Capital Region","Upper Hudson","Mid-Hudson","Mid-Hudson",null,"Zone F - Capital","Upper Hudson","Hudson Valley","Albany"]
[null,null,null,null,null,null,null,null,null,"12523Columbia","12523",12523,"Zone F - Capital","National Grid","Columbia","Capital Region","Upper Hudson","Mid-Hudson","Mid-Hudson",null,"Zone F - Capital","Upper Hudson","Hudson Valley","Poughkeepsie"]
[null,null,null,null,null,null,null,null,null,"12526Columbia","12526",12526,"Zone F - Capital","National Grid","Columbia","Capital Region","Upper Hudson","Mid-Hudson","Mid-Hudson",null,"Zone F - Capital","Upper Hudson","Hudson Valley","Albany"]
[null,null,null,null,null,null,null,null,null,"12530Columbia","12530",12530,"Zone F - Capital","National Grid","Columbia","Capital Region","Upper Hudson","Mid-Hudson","Mid-Hudson",null,"Zone F - Capital","Upper Hudson","Hudson Valley","Albany"]
[null,null,null,null,null,null,null,null,null,"12534Columbia","12534",12534,"Zone F - Capital","National Grid","Columbia","Capital Region","Upper Hudson","Mid-Hudson","Mid-Hudson",null,"Zone F - Capital","Upper Hudson","Hudson Valley","Albany"]
[null,null,null,null,null,null,null,null,null,"12017Columbia","12017",12017,"Zone F - Capital","New York State Electric and Gas","Columbia","Capital Region","Upper Hudson","Mid-Hudson","Mid-Hudson",null,"Zone F - Capital","Upper Hudson","Hudson Valley","Albany"]
[null,null,null,null,null,null,null,null,null,"12024Columbia","12024",12024,"Zone F - Capital","New York State Electric and Gas","Columbia","Capital Region","Upper Hudson","Mid-Hudson","Mid-Hudson",null,"Zone F - Capital","Upper Hudson","Hudson Valley","Albany"]
[null,null,null,null,null,null,null,null,null,"12029Columbia","12029",12029,"Zone F - Capital","New York State Electric and Gas","Columbia","Capital Region","Upper Hudson","Mid-Hudson","Mid-Hudson",null,"Zone F - Capital","Upper Hudson","Hudson Valley","Albany"]
[null,null,null,null,null,null,null,null,null,"12037Columbia","12037",12037,"Zone F - Capital","New York State Electric and Gas","Columbia","Capital Region","Upper Hudson","Mid-Hudson","Mid-Hudson",null,"Zone F - Capital","Upper Hudson","Hudson Valley","Albany"]
[null,null,null,null,null,null,null,null,null,"12060Columbia","12060",12060,"Zone F - Capital","New York State Electric and Gas","Columbia","Capital Region","Upper Hudson","Mid-Hudson","Mid-Hudson",null,"Zone F - Capital","Upper Hudson","Hudson Valley","Albany"]
[null,null,null,null,null,null,null,null,null,"12075Columbia","12075",12075,"Zone F - Capital","New York State Electric and Gas","Columbia","Capital Region","Upper Hudson","Mid-Hudson","Mid-Hudson",null,"Zone F - Capital","Upper Hudson","Hudson Valley","Albany"]
[null,null,null,null,null,null,null,null,null,"12115Columbia","12115",12115,"Zone F - Capital","New York State Electric and Gas","Columbia","Capital Region","Upper Hudson","Mid-Hudson","Mid-Hudson",null,"Zone F - Capital","Upper Hudson","Hudson Valley","Albany"]
[null,null,null,null,null,null,null,null,null,"12125Columbia","12125",12125,"Zone F - Capital","New York State Electric and Gas","Columbia","Capital Region","Upper Hudson","Mid-Hudson","Mid-Hudson",null,"Zone F - Capital","Upper Hudson","Hudson Valley","Albany"]
[null,null,null,null,null,null,null,null,null,"12136Columbia","12136",12136,"Zone F - Capital","New York State Electric and Gas","Columbia","Capital Region","Upper Hudson","Mid-Hudson","Mid-Hudson",null,"Zone F - Capital","Upper Hudson","Hudson Valley","Albany"]
[null,null,null,null,null,null,null,null,null,"12165Columbia","12165",12165,"Zone F - Capital","New York State Electric and Gas","Columbia","Capital Region","Upper Hudson","Mid-Hudson","Mid-Hudson",null,"Zone F - Capital","Upper Hudson","Hudson Valley","Albany"]
[null,null,null,null,null,null,null,null,null,"12195Columbia","12195",12195,"Zone F - Capital","New York State Electric and Gas","Columbia","Capital Region","Upper Hudson","Mid-Hudson","Mid-Hudson",null,"Zone F - Capital","Upper Hudson","Hudson Valley","Albany"]
[null,null,null,null,null,null,null,null,null,"12521Columbia","12521",12521,"Zone F - Capital","New York State Electric and Gas","Columbia","Capital Region","Upper Hudson","Mid-Hudson","Mid-Hudson",null,"Zone F - Capital","Upper Hudson","Hudson Valley","Albany"]
[null,null,null,null,null,null,null,null,null,"12529Columbia","12529",12529,"Zone F - Capital","New York State Electric and Gas","Columbia","Capital Region","Upper Hudson","Mid-Hudson","Mid-Hudson",null,"Zone F - Capital","Upper Hudson","Hudson Valley","Albany"]
[null,null,null,null,null,null,null,null,null,"12544Columbia","12544",12544,"Zone F - Capital","New York State Electric and Gas","Columbia","Capital Region","Upper Hudson","Mid-Hudson","Mid-Hudson",null,"Zone F - Capital","Upper Hudson","Hudson Valley","Albany"]
[null,null,null,null,null,null,null,null,null,"12565Columbia","12565",12565,"Zone F - Capital","New York State Electric and Gas","Columbia","Capital Region","Upper Hudson","Mid-Hudson","Mid-Hudson",null,"Zone F - Capital","Upper Hudson","Hudson Valley","Albany"]
[null,null,null,null,null,null,null,null,null,"12173Columbia","12173",12173,"Zone F - Capital","National Grid","Columbia","Capital Region","Upper Hudson","Mid-Hudson","Mid-Hudson",null,"Zone F - Capital","Upper Hudson","Hudson Valley","Albany"]
[null,null,null,null,null,null,null,null,null,"12541Columbia","12541",12541,"Zone G - Hudson Valley","National Grid","Columbia","Capital Region","Upper Hudson","Mid-Hudson","Mid-Hudson",null,"Zone G - Hudson Valley","Upper Hudson","Hudson Valley","Albany"]
[null,null,null,null,null,null,null,null,null,"12516Columbia","12516",12516,"Zone G - Hudson Valley","New York State Electric and Gas","Columbia","Capital Region","Upper Hudson","Mid-Hudson","Mid-Hudson",null,"Zone G - Hudson Valley","Upper Hudson","Hudson Valley","Albany"]
[null,null,null,null,null,null,null,null,null,"12517Columbia","12517",12517,"Zone G - Hudson Valley","New York State Electric and Gas","Columbia","Capital Region","Upper Hudson","Mid-Hudson","Mid-Hudson",null,"Zone G - Hudson Valley","Upper Hudson","Hudson Valley","Albany"]
[null,null,null,null,null,null,null,null,null,"12502Columbia","12502",12502,"Zone G - Hudson Valley","Central Hudson Gas and Electric","Columbia","Capital Region","Upper Hudson","Mid-Hudson","Mid-Hudson",null,"Zone G - Hudson Valley","Upper Hudson","Hudson Valley","Albany"]
[null,null,null,null,null,null,null,null,null,"12503Columbia","12503",12503,"Zone G - Hudson Valley","Central Hudson Gas and Electric","Columbia","Capital Region","Upper Hudson","Mid-Hudson","Mid-Hudson",null,"Zone G - Hudson Valley","Upper Hudson","Hudson Valley","Albany"]
[null,null,null,null,null,null,null,null,null,"13045Cortland","13045",13045,"Zone C - Central","National Grid","Cortland","Central New York","Central","Central","Central",null,"Zone C - Central","Central","Central Region","Binghamton"]
[null,null,null,null,null,null,null,null,null,"13056Cortland","13056",13056,"Zone C - Central","National Grid","Cortland","Central New York","Central","Central","Central",null,"Zone C - Central","Central","Central Region","Binghamton"]
[null,null,null,null,null,null,null,null,null,"13077Cortland","13077",13077,"Zone C - Central","National Grid","Cortland","Central New York","Central","Central","Central",null,"Zone C - Central","Central","Central Region","Binghamton"]
[null,null,null,null,null,null,null,null,null,"13087Cortland","13087",13087,"Zone C - Central","National Grid","Cortland","Central New York","Central","Central","Central",null,"Zone C - Central","Central","Central Region","Binghamton"]
[null,null,null,null,null,null,null,null,null,"13101Cortland","13101",13101,"Zone C - Central","National Grid","Cortland","Central New York","Central","Central","Central",null,"Zone C - Central","Central","Central Region","Binghamton"]
[null,null,null,null,null,null,null,null,null,"13158Cortland","13158",13158,"Zone C - Central","National Grid","Cortland","Central New York","Central","Central","Central",null,"Zone C - Central","Central","Central Region","Binghamton"]
[null,null,null,null,null,null,null,null,null,"13738Cortland","13738",13738,"Zone C - Central","National Grid","Cortland","Central New York","Central","Central","Central",null,"Zone C - Central","Central","Central Region","Binghamton"]
[null,null,null,null,null,null,null,null,null,"13040Cortland","13040",13040,"Zone C - Central","New York State Electric and Gas","Cortland","Central New York","Central","Central","Central",null,"Zone C - Central","Central","Central Region","Binghamton"]
[null,null,null,null,null,null,null,null,null,"13784Cortland","13784",13784,"Zone C - Central","New York State Electric and Gas","Cortland","Central New York","Central","Central","Central",null,"Zone C - Central","Central","Central Region","Binghamton"]
[null,null,null,null,null,null,null,null,null,"13803Cortland","13803",13803,"Zone C - Central","New York State Electric and Gas","Cortland","Central New York","Central","Central","Central",null,"Zone C - Central","Central","Central Region","Binghamton"]
[null,null,null,null,null,null,null,null,null,"13863Cortland","13863",13863,"Zone C - Central","New York State Electric and Gas","Cortland","Central New York","Central","Central","Central",null,"Zone C - Central","Central","Central Region","Binghamton"]
[null,null,null,null,null,null,null,null,null,"12167Delaware","12167",12167,"Zone E - Mohawk Valley","New York State Electric and Gas","Delaware","Southern Tier","Central","Central","Central",null,"Zone E - Mohawk Valley","Central","Central Region","Binghamton"]
[null,null,null,null,null,null,null,null,null,"12406Delaware","12406",12406,"Zone E - Mohawk Valley","New York State Electric and Gas","Delaware","Southern Tier","Central","Central","Central",null,"Zone E - Mohawk Valley","Central","Central Region","Binghamton"]
[null,null,null,null,null,null,null,null,null,"12421Delaware","12421",12421,"Zone E - Mohawk Valley","New York State Electric and Gas","Delaware","Southern Tier","Central","Central","Central",null,"Zone E - Mohawk Valley","Central","Central Region","Binghamton"]
[null,null,null,null,null,null,null,null,null,"12434Delaware","12434",12434,"Zone E - Mohawk Valley","New York State Electric and Gas","Delaware","Southern Tier","Central","Central","Central",null,"Zone E - Mohawk Valley","Central","Central Region","Binghamton"]
[null,null,null,null,null,null,null,null,null,"12438Delaware","12438",12438,"Zone E - Mohawk Valley","New York State Electric and Gas","Delaware","Southern Tier","Central","Central","Central",null,"Zone E - Mohawk Valley","Central","Central Region","Binghamton"]
[null,null,null,null,null,null,null,null,null,"12455Delaware","12455",12455,"Zone E - Mohawk Valley","New York State Electric and Gas","Delaware","Southern Tier","Central","Central","Central",null,"Zone E - Mohawk Valley","Central","Central Region","Binghamton"]
[null,null,null,null,null,null,null,null,null,"12459Delaware","12459",12459,"Zone E - Mohawk Valley","New York State Electric and Gas","Delaware","Southern Tier","Central","Central","Central",null,"Zone E - Mohawk Valley","Central","Central Region","Binghamton"]
[null,null,null,null,null,null,null,null,null,"12474Delaware","12474",12474,"Zone E - Mohawk Valley","New York State Electric and Gas","Delaware","Southern Tier","Central","Central","Central",null,"Zone E - Mohawk Valley","Central","Central Region","Binghamton"]
[null,null,null,null,null,null,null,null,null,"13731Delaware","13731",13731,"Zone E - Mohawk Valley","New York State Electric and Gas","Delaware","Southern Tier","Central","Central","Central",null,"Zone E - Mohawk Valley","Central","Central Region","Binghamton"]
[null,null,null,null,null,null,null,null,null,"13739Delaware","13739",13739,"Zone E - Mohawk Valley","New York State Electric and Gas","Delaware","Southern Tier","Central","Central","Central",null,"Zone E - Mohawk Valley","Central","Central Region","Binghamton"]
[null,null,null,null,null,null,null,null,null,"13740Delaware","13740",13740,"Zone E - Mohawk Valley","New York State Electric and Gas","Delaware","Southern Tier","Central","Central","Central",null,"Zone E - Mohawk Valley","Central","Central Region","Binghamton"]
[null,null,null,null,null,null,null,null,null,"13750Delaware","13750",13750,"Zone E - Mohawk Valley","New York State Electric and Gas","Delaware","Southern Tier","Central","Central","Central",null,"Zone E - Mohawk Valley","Central","Central Region","Binghamton"]
[null,null,null,null,null,null,null,null,null,"13751Delaware","13751",13751,"Zone E - Mohawk Valley","New York State Electric and Gas","Delaware","Southern Tier","Central","Central","Central",null,"Zone E - Mohawk Valley","Central","Central Region","Binghamton"]
[null,null,null,null,null,null,null,null,null,"13752Delaware","13752",13752,"Zone E - Mohawk Valley","New York State Electric and Gas","Delaware","Southern Tier","Central","Central","Central",null,"Zone E - Mohawk Valley","Central","Central Region","Binghamton"]
[null,null,null,null,null,null,null,null,null,"13753Delaware","13753",13753,"Zone E - Mohawk Valley","New York State Electric and Gas","Delaware","Southern Tier","Central","Central","Central",null,"Zone E - Mohawk Valley","Central","Central Region","Binghamton"]
[null,null,null,null,null,null,null,null,null,"13755Delaware","13755",13755,"Zone E - Mohawk Valley","New York State Electric and Gas","Delaware","Southern Tier","Central","Central","Central",null,"Zone E - Mohawk Valley","Central","Central Region","Binghamton"]
[null,null,null,null,null,null,null,null,null,"13756Delaware","13756",13756,"Zone E - Mohawk Valley","New York State Electric and Gas","Delaware","Southern Tier","Central","Central","Central",null,"Zone E - Mohawk Valley","Central","Central Region","Binghamton"]
[null,null,null,null,null,null,null,null,null,"13757Delaware","13757",13757,"Zone E - Mohawk Valley","New York State Electric and Gas","Delaware","Southern Tier","Central","Central","Central",null,"Zone E - Mohawk Valley","Central","Central Region","Binghamton"]
[null,null,null,null,null,null,null,null,null,"13774Delaware","13774",13774,"Zone E - Mohawk Valley","New York State Electric and Gas","Delaware","Southern Tier","Central","Central","Central",null,"Zone E - Mohawk Valley","Central","Central Region","Binghamton"]
[null,null,null,null,null,null,null,null,null,"13775Delaware","13775",13775,"Zone E - Mohawk Valley","New York State Electric and Gas","Delaware","Southern Tier","Central","Central","Central",null,"Zone E - Mohawk Valley","Central","Central Region","Binghamton"]
[null,null,null,null,null,null,null,null,null,"13782Delaware","13782",13782,"Zone E - Mohawk Valley","New York State Electric and Gas","Delaware","Southern Tier","Central","Central","Central",null,"Zone E - Mohawk Valley","Central","Central Region","Binghamton"]
[null,null,null,null,null,null,null,null,null,"13783Delaware","13783",13783,"Zone E - Mohawk Valley","New York State Electric and Gas","Delaware","Southern Tier","Central","Central","Central",null,"Zone E - Mohawk Valley","Central","Central Region","Binghamton"]
[null,null,null,null,null,null,null,null,null,"13786Delaware","13786",13786,"Zone E - Mohawk Valley","New York State Electric and Gas","Delaware","Southern Tier","Central","Central","Central",null,"Zone E - Mohawk Valley","Central","Central Region","Binghamton"]
[null,null,null,null,null,null,null,null,null,"13788Delaware","13788",13788,"Zone E - Mohawk Valley","New York State Electric and Gas","Delaware","Southern Tier","Central","Central","Central",null,"Zone E - Mohawk Valley","Central","Central Region","Binghamton"]
[null,null,null,null,null,null,null,null,null,"13804Delaware","13804",13804,"Zone E - Mohawk Valley","New York State Electric and Gas","Delaware","Southern Tier","Central","Central","Central",null,"Zone E - Mohawk Valley","Central","Central Region","Binghamton"]
[null,null,null,null,null,null,null,null,null,"13806Delaware","13806",13806,"Zone E - Mohawk Valley","New York State Electric and Gas","Delaware","Southern Tier","Central","Central","Central",null,"Zone E - Mohawk Valley","Central","Central Region","Binghamton"]
[null,null,null,null,null,null,null,null,null,"13838Delaware","13838",13838,"Zone E - Mohawk Valley","New York State Electric and Gas","Delaware","Southern Tier","Central","Central","Central",null,"Zone E - Mohawk Valley","Central","Central Region","Binghamton"]
[null,null,null,null,null,null,null,null,null,"13839Delaware","13839",13839,"Zone E - Mohawk Valley","New York State Electric and Gas","Delaware","Southern Tier","Central","Central","Central",null,"Zone E - Mohawk Valley","Central","Central Region","Binghamton"]
[null,null,null,null,null,null,null,null,null,"13842Delaware","13842",13842,"Zone E - Mohawk Valley","New York State Electric and Gas","Delaware","Southern Tier","Central","Central","Central",null,"Zone E - Mohawk Valley","Central","Central Region","Binghamton"]
[null,null,null,null,null,null,null,null,null,"13846Delaware","13846",13846,"Zone E - Mohawk Valley","New York State Electric and Gas","Delaware","Southern Tier","Central","Central","Central",null,"Zone E - Mohawk Valley","Central","Central Region","Binghamton"]
[null,null,null,null,null,null,null,null,null,"13847Delaware","13847",13847,"Zone E - Mohawk Valley","New York State Electric and Gas","Delaware","Southern Tier","Central","Central","Central",null,"Zone E - Mohawk Valley","Central","Central Region","Binghamton"]
[null,null,null,null,null,null,null,null,null,"13856Delaware","13856",13856,"Zone E - Mohawk Valley","New York State Electric and Gas","Delaware","Southern Tier","Central","Central","Central",null,"Zone E - Mohawk Valley","Central","Central Region","Binghamton"]
[null,null,null,null,null,null,null,null,null,"13860Delaware","13860",13860,"Zone E - Mohawk Valley","New York State Electric and Gas","Delaware","Southern Tier","Central","Central","Central",null,"Zone E - Mohawk Valley","Central","Central Region","Binghamton"]
[null,null,null,null,null,null,null,null,null,"12776Delaware","12776",12776,"Zone E - Mohawk Valley","New York State Electric and Gas","Delaware","Southern Tier","Central","Central","Central",null,"Zone E - Mohawk Valley","Central","Central Region","Binghamton"]
[null,null,null,null,null,null,null,null,null,"12504Dutchess","12504",12504,"Zone G - Hudson Valley","Central Hudson Gas and Electric","Dutchess","Mid-Hudson","Lower Hudson","Mid-Hudson","Mid-Hudson",null,"Zone G - Hudson Valley","Lower Hudson","Hudson Valley","Poughkeepsie"]
[null,null,null,null,null,null,null,null,null,"12506Dutchess","12506",12506,"Zone G - Hudson Valley","Central Hudson Gas and Electric","Dutchess","Mid-Hudson","Lower Hudson","Mid-Hudson","Mid-Hudson",null,"Zone G - Hudson Valley","Lower Hudson","Hudson Valley","Poughkeepsie"]
[null,null,null,null,null,null,null,null,null,"12507Dutchess","12507",12507,"Zone G - Hudson Valley","Central Hudson Gas and Electric","Dutchess","Mid-Hudson","Lower Hudson","Mid-Hudson","Mid-Hudson",null,"Zone G - Hudson Valley","Lower Hudson","Hudson Valley","Poughkeepsie"]
[null,null,null,null,null,null,null,null,null,"12510Dutchess","12510",12510,"Zone G - Hudson Valley","Central Hudson Gas and Electric","Dutchess","Mid-Hudson","Lower Hudson","Mid-Hudson","Mid-Hudson",null,"Zone G - Hudson Valley","Lower Hudson","Hudson Valley","Poughkeepsie"]
[null,null,null,null,null,null,null,null,null,"12514Dutchess","12514",12514,"Zone G - Hudson Valley","Central Hudson Gas and Electric","Dutchess","Mid-Hudson","Lower Hudson","Mid-Hudson","Mid-Hudson",null,"Zone G - Hudson Valley","Lower Hudson","Hudson Valley","Poughkeepsie"]
[null,null,null,null,null,null,null,null,null,"12538Dutchess","12538",12538,"Zone G - Hudson Valley","Central Hudson Gas and Electric","Dutchess","Mid-Hudson","Lower Hudson","Mid-Hudson","Mid-Hudson",null,"Zone G - Hudson Valley","Lower Hudson","Hudson Valley","Poughkeepsie"]
[null,null,null,null,null,null,null,null,null,"12540Dutchess","12540",12540,"Zone G - Hudson Valley","Central Hudson Gas and Electric","Dutchess","Mid-Hudson","Lower Hudson","Mid-Hudson","Mid-Hudson",null,"Zone G - Hudson Valley","Lower Hudson","Hudson Valley","Poughkeepsie"]
[null,null,null,null,null,null,null,null,null,"12545Dutchess","12545",12545,"Zone G - Hudson Valley","Central Hudson Gas and Electric","Dutchess","Mid-Hudson","Lower Hudson","Mid-Hudson","Mid-Hudson",null,"Zone G - Hudson Valley","Lower Hudson","Hudson Valley","Poughkeepsie"]
[null,null,null,null,null,null,null,null,null,"12546Dutchess","12546",12546,"Zone G - Hudson Valley","Central Hudson Gas and Electric","Dutchess","Mid-Hudson","Lower Hudson","Mid-Hudson","Mid-Hudson",null,"Zone G - Hudson Valley","Lower Hudson","Hudson Valley","Poughkeepsie"]
[null,null,null,null,null,null,null,null,null,"12567Dutchess","12567",12567,"Zone G - Hudson Valley","Central Hudson Gas and Electric","Dutchess","Mid-Hudson","Lower Hudson","Mid-Hudson","Mid-Hudson",null,"Zone G - Hudson Valley","Lower Hudson","Hudson Valley","Albany"]
[null,null,null,null,null,null,null,null,null,"12569Dutchess","12569",12569,"Zone G - Hudson Valley","Central Hudson Gas and Electric","Dutchess","Mid-Hudson","Lower Hudson","Mid-Hudson","Mid-Hudson",null,"Zone G - Hudson Valley","Lower Hudson","Hudson Valley","Poughkeepsie"]
[null,null,null,null,null,null,null,null,null,"12571Dutchess","12571",12571,"Zone G - Hudson Valley","Central Hudson Gas and Electric","Dutchess","Mid-Hudson","Lower Hudson","Mid-Hudson","Mid-Hudson",null,"Zone G - Hudson Valley","Lower Hudson","Hudson Valley","Poughkeepsie"]
[null,null,null,null,null,null,null,null,null,"12572Dutchess","12572",12572,"Zone G - Hudson Valley","Central Hudson Gas and Electric","Dutchess","Mid-Hudson","Lower Hudson","Mid-Hudson","Mid-Hudson",null,"Zone G - Hudson Valley","Lower Hudson","Hudson Valley","Poughkeepsie"]
[null,null,null,null,null,null,null,null,null,"12574Dutchess","12574",12574,"Zone G - Hudson Valley","Central Hudson Gas and Electric","Dutchess","Mid-Hudson","Lower Hudson","Mid-Hudson","Mid-Hudson",null,"Zone G - Hudson Valley","Lower Hudson","Hudson Valley","Poughkeepsie"]
[null,null,null,null,null,null,null,null,null,"12578Dutchess","12578",12578,"Zone G - Hudson Valley","Central Hudson Gas and Electric","Dutchess","Mid-Hudson","Lower Hudson","Mid-Hudson","Mid-Hudson",null,"Zone G - Hudson Valley","Lower Hudson","Hudson Valley","Poughkeepsie"]
[null,null,null,null,null,null,null,null,null,"12580Dutchess","12580",12580,"Zone G - Hudson Valley","Central Hudson Gas and Electric","Dutchess","Mid-Hudson","Lower Hudson","Mid-Hudson","Mid-Hudson",null,"Zone G - Hudson Valley","Lower Hudson","Hudson Valley","Poughkeepsie"]
[null,null,null,null,null,null,null,null,null,"12581Dutchess","12581",12581,"Zone G - Hudson Valley","Central Hudson Gas and Electric","Dutchess","Mid-Hudson","Lower Hudson","Mid-Hudson","Mid-Hudson",null,"Zone G - Hudson Valley","Lower Hudson","Hudson Valley","Poughkeepsie"]
[null,null,null,null,null,null,null,null,null,"12583Dutchess","12583",12583,"Zone G - Hudson Valley","Central Hudson Gas and Electric","Dutchess","Mid-Hudson","Lower Hudson","Mid-Hudson","Mid-Hudson",null,"Zone G - Hudson Valley","Lower Hudson","Hudson Valley","Poughkeepsie"]
[null,null,null,null,null,null,null,null,null,"12585Dutchess","12585",12585,"Zone G - Hudson Valley","Central Hudson Gas and Electric","Dutchess","Mid-Hudson","Lower Hudson","Mid-Hudson","Mid-Hudson",null,"Zone G - Hudson Valley","Lower Hudson","Hudson Valley","Poughkeepsie"]
[null,null,null,null,null,null,null,null,null,"12601Dutchess","12601",12601,"Zone G - Hudson Valley","Central Hudson Gas and Electric","Dutchess","Mid-Hudson","Lower Hudson","Mid-Hudson","Mid-Hudson",null,"Zone G - Hudson Valley","Lower Hudson","Hudson Valley","Poughkeepsie"]
[null,null,null,null,null,null,null,null,null,"12602Dutchess","12602",12602,"Zone G - Hudson Valley","Central Hudson Gas and Electric","Dutchess","Mid-Hudson","Lower Hudson","Mid-Hudson","Mid-Hudson",null,"Zone G - Hudson Valley","Lower Hudson","Hudson Valley","Poughkeepsie"]
[null,null,null,null,null,null,null,null,null,"12603Dutchess","12603",12603,"Zone G - Hudson Valley","Central Hudson Gas and Electric","Dutchess","Mid-Hudson","Lower Hudson","Mid-Hudson","Mid-Hudson",null,"Zone G - Hudson Valley","Lower Hudson","Hudson Valley","Poughkeepsie"]
[null,null,null,null,null,null,null,null,null,"12604Dutchess","12604",12604,"Zone G - Hudson Valley","Central Hudson Gas and Electric","Dutchess","Mid-Hudson","Lower Hudson","Mid-Hudson","Mid-Hudson",null,"Zone G - Hudson Valley","Lower Hudson","Hudson Valley","Poughkeepsie"]
[null,null,null,null,null,null,null,null,null,"12508Dutchess","12508",12508,"Zone G - Hudson Valley","Central Hudson Gas and Electric","Dutchess","Mid-Hudson","Lower Hudson","Mid-Hudson","Mid-Hudson",null,"Zone G - Hudson Valley","Lower Hudson","Hudson Valley","Poughkeepsie"]
[null,null,null,null,null,null,null,null,null,"12511Dutchess","12511",12511,"Zone G - Hudson Valley","Central Hudson Gas and Electric","Dutchess","Mid-Hudson","Lower Hudson","Mid-Hudson","Mid-Hudson",null,"Zone G - Hudson Valley","Lower Hudson","Hudson Valley","Poughkeepsie"]
[null,null,null,null,null,null,null,null,null,"12512Dutchess","12512",12512,"Zone G - Hudson Valley","Central Hudson Gas and Electric","Dutchess","Mid-Hudson","Lower Hudson","Mid-Hudson","Mid-Hudson",null,"Zone G - Hudson Valley","Lower Hudson","Hudson Valley","Poughkeepsie"]
[null,null,null,null,null,null,null,null,null,"12524Dutchess","12524",12524,"Zone G - Hudson Valley","Central Hudson Gas and Electric","Dutchess","Mid-Hudson","Lower Hudson","Mid-Hudson","Mid-Hudson",null,"Zone G - Hudson Valley","Lower Hudson","Hudson Valley","Poughkeepsie"]
[null,null,null,null,null,null,null,null,null,"12527Dutchess","12527",12527,"Zone G - Hudson Valley","Central Hudson Gas and Electric","Dutchess","Mid-Hudson","Lower Hudson","Mid-Hudson","Mid-Hudson",null,"Zone G - Hudson Valley","Lower Hudson","Hudson Valley","Poughkeepsie"]
[null,null,null,null,null,null,null,null,null,"12533Dutchess","12533",12533,"Zone G - Hudson Valley","Central Hudson Gas and Electric","Dutchess","Mid-Hudson","Lower Hudson","Mid-Hudson","Mid-Hudson",null,"Zone G - Hudson Valley","Lower Hudson","Hudson Valley","Poughkeepsie"]
[null,null,null,null,null,null,null,null,null,"12537Dutchess","12537",12537,"Zone G - Hudson Valley","Central Hudson Gas and Electric","Dutchess","Mid-Hudson","Lower Hudson","Mid-Hudson","Mid-Hudson",null,"Zone G - Hudson Valley","Lower Hudson","Hudson Valley","Poughkeepsie"]
[null,null,null,null,null,null,null,null,null,"12582Dutchess","12582",12582,"Zone G - Hudson Valley","Central Hudson Gas and Electric","Dutchess","Mid-Hudson","Lower Hudson","Mid-Hudson","Mid-Hudson",null,"Zone G - Hudson Valley","Lower Hudson","Hudson Valley","Poughkeepsie"]
[null,null,null,null,null,null,null,null,null,"12590Dutchess","12590",12590,"Zone G - Hudson Valley","Central Hudson Gas and Electric","Dutchess","Mid-Hudson","Lower Hudson","Mid-Hudson","Mid-Hudson",null,"Zone G - Hudson Valley","Lower Hudson","Hudson Valley","Poughkeepsie"]
[null,null,null,null,null,null,null,null,null,"12501Dutchess","12501",12501,"Zone G - Hudson Valley","New York State Electric and Gas","Dutchess","Mid-Hudson","Lower Hudson","Mid-Hudson","Mid-Hudson",null,"Zone G - Hudson Valley","Lower Hudson","Hudson Valley","Poughkeepsie"]
[null,null,null,null,null,null,null,null,null,"12522Dutchess","12522",12522,"Zone G - Hudson Valley","New York State Electric and Gas","Dutchess","Mid-Hudson","Lower Hudson","Mid-Hudson","Mid-Hudson",null,"Zone G - Hudson Valley","Lower Hudson","Hudson Valley","Poughkeepsie"]
[null,null,null,null,null,null,null,null,null,"12531Dutchess","12531",12531,"Zone G - Hudson Valley","New York State Electric and Gas","Dutchess","Mid-Hudson","Lower Hudson","Mid-Hudson","Mid-Hudson",null,"Zone G - Hudson Valley","Lower Hudson","Hudson Valley","Poughkeepsie"]
[null,null,null,null,null,null,null,null,null,"12564Dutchess","12564",12564,"Zone G - Hudson Valley","New York State Electric and Gas","Dutchess","Mid-Hudson","Lower Hudson","Mid-Hudson","Mid-Hudson",null,"Zone G - Hudson Valley","Lower Hudson","Hudson Valley","Poughkeepsie"]
[null,null,null,null,null,null,null,null,null,"12570Dutchess","12570",12570,"Zone G - Hudson Valley","New York State Electric and Gas","Dutchess","Mid-Hudson","Lower Hudson","Mid-Hudson","Mid-Hudson",null,"Zone G - Hudson Valley","Lower Hudson","Hudson Valley","Poughkeepsie"]
[null,null,null,null,null,null,null,null,null,"12592Dutchess","12592",12592,"Zone G - Hudson Valley","New York State Electric and Gas","Dutchess","Mid-Hudson","Lower Hudson","Mid-Hudson","Mid-Hudson",null,"Zone G - Hudson Valley","Lower Hudson","Hudson Valley","Poughkeepsie"]
[null,null,null,null,null,null,null,null,null,"12594Dutchess","12594",12594,"Zone G - Hudson Valley","New York State Electric and Gas","Dutchess","Mid-Hudson","Lower Hudson","Mid-Hudson","Mid-Hudson",null,"Zone G - Hudson Valley","Lower Hudson","Hudson Valley","Poughkeepsie"]
[null,null,null,null,null,null,null,null,null,"14051Erie","14051",14051,"Zone A - West","National Grid","Erie","Western New York","Western","Western","Western",null,"Zone A - West","Western","Western Region","Buffalo"]
[null,null,null,null,null,null,null,null,null,"14068Erie","14068",14068,"Zone A - West","National Grid","Erie","Western New York","Western","Western","Western",null,"Zone A - West","Western","Western Region","Buffalo"]
[null,null,null,null,null,null,null,null,null,"14150Erie","14150",14150,"Zone A - West","National Grid","Erie","Western New York","Western","Western","Western",null,"Zone A - West","Western","Western Region","Buffalo"]
[null,null,null,null,null,null,null,null,null,"14151Erie","14151",14151,"Zone A - West","National Grid","Erie","Western New York","Western","Western","Western",null,"Zone A - West","Western","Western Region","Buffalo"]
[null,null,null,null,null,null,null,null,null,"14201Erie","14201",14201,"Zone A - West","National Grid","Erie","Western New York","Western","Western","Western",null,"Zone A - West","Western","Western Region","Buffalo"]
[null,null,null,null,null,null,null,null,null,"14202Erie","14202",14202,"Zone A - West","National Grid","Erie","Western New York","Western","Western","Western",null,"Zone A - West","Western","Western Region","Buffalo"]
[null,null,null,null,null,null,null,null,null,"14203Erie","14203",14203,"Zone A - West","National Grid","Erie","Western New York","Western","Western","Western",null,"Zone A - West","Western","Western Region","Buffalo"]
[null,null,null,null,null,null,null,null,null,"14204Erie","14204",14204,"Zone A - West","National Grid","Erie","Western New York","Western","Western","Western",null,"Zone A - West","Western","Western Region","Buffalo"]
[null,null,null,null,null,null,null,null,null,"14205Erie","14205",14205,"Zone A - West","National Grid","Erie","Western New York","Western","Western","Western",null,"Zone A - West","Western","Western Region","Buffalo"]
[null,null,null,null,null,null,null,null,null,"14206Erie","14206",14206,"Zone A - West","National Grid","Erie","Western New York","Western","Western","Western",null,"Zone A - West","Western","Western Region","Buffalo"]
[null,null,null,null,null,null,null,null,null,"14207Erie","14207",14207,"Zone A - West","National Grid","Erie","Western New York","Western","Western","Western",null,"Zone A - West","Western","Western Region","Buffalo"]
[null,null,null,null,null,null,null,null,null,"14208Erie","14208",14208,"Zone A - West","National Grid","Erie","Western New York","Western","Western","Western",null,"Zone A - West","Western","Western Region","Buffalo"]
[null,null,null,null,null,null,null,null,null,"14209Erie","14209",14209,"Zone A - West","National Grid","Erie","Western New York","Western","Western","Western",null,"Zone A - West","Western","Western Region","Buffalo"]
[null,null,null,null,null,null,null,null,null,"14210Erie","14210",14210,"Zone A - West","National Grid","Erie","Western New York","Western","Western","Western",null,"Zone A - West","Western","Western Region","Buffalo"]
[null,null,null,null,null,null,null,null,null,"14211Erie","14211",14211,"Zone A - West","National Grid","Erie","Western New York","Western","Western","Western",null,"Zone A - West","Western","Western Region","Buffalo"]
[null,null,null,null,null,null,null,null,null,"14212Erie","14212",14212,"Zone A - West","National Grid","Erie","Western New York","Western","Western","Western",null,"Zone A - West","Western","Western Region","Buffalo"]
[null,null,null,null,null,null,null,null,null,"14213Erie","14213",14213,"Zone A - West","National Grid","Erie","Western New York","Western","Western","Western",null,"Zone A - West","Western","Western Region","Buffalo"]
[null,null,null,null,null,null,null,null,null,"14214Erie","14214",14214,"Zone A - West","National Grid","Erie","Western New York","Western","Western","Western",null,"Zone A - West","Western","Western Region","Buffalo"]
[null,null,null,null,null,null,null,null,null,"14215Erie","14215",14215,"Zone A - West","National Grid","Erie","Western New York","Western","Western","Western",null,"Zone A - West","Western","Western Region","Buffalo"]
[null,null,null,null,null,null,null,null,null,"14216Erie","14216",14216,"Zone A - West","National Grid","Erie","Western New York","Western","Western","Western",null,"Zone A - West","Western","Western Region","Buffalo"]
[null,null,null,null,null,null,null,null,null,"14217Erie","14217",14217,"Zone A - West","National Grid","Erie","Western New York","Western","Western","Western",null,"Zone A - West","Western","Western Region","Buffalo"]
[null,null,null,null,null,null,null,null,null,"14218Erie","14218",14218,"Zone A - West","National Grid","Erie","Western New York","Western","Western","Western",null,"Zone A - West","Western","Western Region","Buffalo"]
[null,null,null,null,null,null,null,null,null,"14220Erie","14220",14220,"Zone A - West","National Grid","Erie","Western New York","Western","Western","Western",null,"Zone A - West","Western","Western Region","Buffalo"]
[null,null,null,null,null,null,null,null,null,"14221Erie","14221",14221,"Zone A - West","National Grid","Erie","Western New York","Western","Western","Western",null,"Zone A - West","Western","Western Region","Buffalo"]
[null,null,null,null,null,null,null,null,null,"14222Erie","14222",14222,"Zone A - West","National Grid","Erie","Western New York","Western","Western","Western",null,"Zone A - West","Western","Western Region","Buffalo"]
[null,null,null,null,null,null,null,null,null,"14223Erie","14223",14223,"Zone A - West","National Grid","Erie","Western New York","Western","Western","Western",null,"Zone A - West","Western","Western Region","Buffalo"]
[null,null,null,null,null,null,null,null,null,"14226Erie","14226",14226,"Zone A - West","National Grid","Erie","Western New York","Western","Western","Western",null,"Zone A - West","Western","Western Region","Buffalo"]
[null,null,null,null,null,null,null,null,null,"14228Erie","14228",14228,"Zone A - West","National Grid","Erie","Western New York","Western","Western","Western",null,"Zone A - West","Western","Western Region","Buffalo"]
[null,null,null,null,null,null,null,null,null,"14231Erie","14231",14231,"Zone A - West","National Grid","Erie","Western New York","Western","Western","Western",null,"Zone A - West","Western","Western Region","Buffalo"]
[null,null,null,null,null,null,null,null,null,"14233Erie","14233",14233,"Zone A - West","National Grid","Erie","Western New York","Western","Western","Western",null,"Zone A - West","Western","Western Region","Buffalo"]
[null,null,null,null,null,null,null,null,null,"14240Erie","14240",14240,"Zone A - West","National Grid","Erie","Western New York","Western","Western","Western",null,"Zone A - West","Western","Western Region","Buffalo"]
[null,null,null,null,null,null,null,null,null,"14260Erie","14260",14260,"Zone A - West","National Grid","Erie","Western New York","Western","Western","Western",null,"Zone A - West","Western","Western Region","Buffalo"]
[null,null,null,null,null,null,null,null,null,"14261Erie","14261",14261,"Zone A - West","National Grid","Erie","Western New York","Western","Western","Western",null,"Zone A - West","Western","Western Region","Buffalo"]
[null,null,null,null,null,null,null,null,null,"14263Erie","14263",14263,"Zone A - West","National Grid","Erie","Western New York","Western","Western","Western",null,"Zone A - West","Western","Western Region","Buffalo"]
[null,null,null,null,null,null,null,null,null,"14264Erie","14264",14264,"Zone A - West","National Grid","Erie","Western New York","Western","Western","Western",null,"Zone A - West","Western","Western Region","Buffalo"]
[null,null,null,null,null,null,null,null,null,"14265Erie","14265",14265,"Zone A - West","National Grid","Erie","Western New York","Western","Western","Western",null,"Zone A - West","Western","Western Region","Buffalo"]
[null,null,null,null,null,null,null,null,null,"14267Erie","14267",14267,"Zone A - West","National Grid","Erie","Western New York","Western","Western","Western",null,"Zone A - West","Western","Western Region","Buffalo"]
[null,null,null,null,null,null,null,null,null,"14270Erie","14270",14270,"Zone A - West","National Grid","Erie","Western New York","Western","Western","Western",null,"Zone A - West","Western","Western Region","Buffalo"]
[null,null,null,null,null,null,null,null,null,"14273Erie","14273",14273,"Zone A - West","National Grid","Erie","Western New York","Western","Western","Western",null,"Zone A - West","Western","Western Region","Buffalo"]
[null,null,null,null,null,null,null,null,null,"14276Erie","14276",14276,"Zone A - West","National Grid","Erie","Western New York","Western","Western","Western",null,"Zone A - West","Western","Western Region","Buffalo"]
[null,null,null,null,null,null,null,null,null,"14280Erie","14280",14280,"Zone A - West","National Grid","Erie","Western New York","Western","Western","Western",null,"Zone A - West","Western","Western Region","Buffalo"]
[null,null,null,null,null,null,null,null,null,"14001Erie","14001",14001,"Zone A - West","Municipal Utilities","Erie","Western New York","Western","Western","Western",null,"Zone A - West","Western","Western Region","Buffalo"]
[null,null,null,null,null,null,null,null,null,"14006Erie","14006",14006,"Zone A - West","National Grid","Erie","Western New York","Western","Western","Western",null,"Zone A - West","Western","Western Region","Buffalo"]
[null,null,null,null,null,null,null,null,null,"14027Erie","14027",14027,"Zone A - West","National Grid","Erie","Western New York","Western","Western","Western",null,"Zone A - West","Western","Western Region","Buffalo"]
[null,null,null,null,null,null,null,null,null,"14034Erie","14034",14034,"Zone A - West","National Grid","Erie","Western New York","Western","Western","Western",null,"Zone A - West","Western","Western Region","Buffalo"]
[null,null,null,null,null,null,null,null,null,"14035Erie","14035",14035,"Zone A - West","National Grid","Erie","Western New York","Western","Western","Western",null,"Zone A - West","Western","Western Region","Buffalo"]
[null,null,null,null,null,null,null,null,null,"14047Erie","14047",14047,"Zone A - West","National Grid","Erie","Western New York","Western","Western","Western",null,"Zone A - West","Western","Western Region","Buffalo"]
[null,null,null,null,null,null,null,null,null,"14057Erie","14057",14057,"Zone A - West","National Grid","Erie","Western New York","Western","Western","Western",null,"Zone A - West","Western","Western Region","Buffalo"]
[null,null,null,null,null,null,null,null,null,"14061Erie","14061",14061,"Zone A - West","National Grid","Erie","Western New York","Western","Western","Western",null,"Zone A - West","Western","Western Region","Buffalo"]
[null,null,null,null,null,null,null,null,null,"14081Erie","14081",14081,"Zone A - West","National Grid","Erie","Western New York","Western","Western","Western",null,"Zone A - West","Western","Western Region","Buffalo"]
[null,null,null,null,null,null,null,null,null,"14085Erie","14085",14085,"Zone A - West","National Grid","Erie","Western New York","Western","Western","Western",null,"Zone A - West","Western","Western Region","Buffalo"]
[null,null,null,null,null,null,null,null,null,"14091Erie","14091",14091,"Zone A - West","National Grid","Erie","Western New York","Western","Western","Western",null,"Zone A - West","Western","Western Region","Buffalo"]
[null,null,null,null,null,null,null,null,null,"14111Erie","14111",14111,"Zone A - West","National Grid","Erie","Western New York","Western","Western","Western",null,"Zone A - West","Western","Western Region","Buffalo"]
[null,null,null,null,null,null,null,null,null,"14112Erie","14112",14112,"Zone A - West","National Grid","Erie","Western New York","Western","Western","Western",null,"Zone A - West","Western","Western Region","Buffalo"]
[null,null,null,null,null,null,null,null,null,"14004Erie","14004",14004,"Zone A - West","New York State Electric and Gas","Erie","Western New York","Western","Western","Western",null,"Zone A - West","Western","Western Region","Buffalo"]
[null,null,null,null,null,null,null,null,null,"14010Erie","14010",14010,"Zone A - West","New York State Electric and Gas","Erie","Western New York","Western","Western","Western",null,"Zone A - West","Western","Western Region","Buffalo"]
[null,null,null,null,null,null,null,null,null,"14025Erie","14025",14025,"Zone A - West","New York State Electric and Gas","Erie","Western New York","Western","Western","Western",null,"Zone A - West","Western","Western Region","Buffalo"]
[null,null,null,null,null,null,null,null,null,"14026Erie","14026",14026,"Zone A - West","New York State Electric and Gas","Erie","Western New York","Western","Western","Western",null,"Zone A - West","Western","Western Region","Buffalo"]
[null,null,null,null,null,null,null,null,null,"14030Erie","14030",14030,"Zone A - West","New York State Electric and Gas","Erie","Western New York","Western","Western","Western",null,"Zone A - West","Western","Western Region","Buffalo"]
[null,null,null,null,null,null,null,null,null,"14031Erie","14031",14031,"Zone A - West","New York State Electric and Gas","Erie","Western New York","Western","Western","Western",null,"Zone A - West","Western","Western Region","Buffalo"]
[null,null,null,null,null,null,null,null,null,"14032Erie","14032",14032,"Zone A - West","New York State Electric and Gas","Erie","Western New York","Western","Western","Western",null,"Zone A - West","Western","Western Region","Buffalo"]
[null,null,null,null,null,null,null,null,null,"14033Erie","14033",14033,"Zone A - West","New York State Electric and Gas","Erie","Western New York","Western","Western","Western",null,"Zone A - West","Western","Western Region","Buffalo"]
[null,null,null,null,null,null,null,null,null,"14038Erie","14038",14038,"Zone A - West","New York State Electric and Gas","Erie","Western New York","Western","Western","Western",null,"Zone A - West","Western","Western Region","Buffalo"]
[null,null,null,null,null,null,null,null,null,"14043Erie","14043",14043,"Zone A - West","New York State Electric and Gas","Erie","Western New York","Western","Western","Western",null,"Zone A - West","Western","Western Region","Buffalo"]
[null,null,null,null,null,null,null,null,null,"14052Erie","14052",14052,"Zone A - West","New York State Electric and Gas","Erie","Western New York","Western","Western","Western",null,"Zone A - West","Western","Western Region","Buffalo"]
[null,null,null,null,null,null,null,null,null,"14055Erie","14055",14055,"Zone A - West","New York State Electric and Gas","Erie","Western New York","Western","Western","Western",null,"Zone A - West","Western","Western Region","Buffalo"]
[null,null,null,null,null,null,null,null,null,"14059Erie","14059",14059,"Zone A - West","New York State Electric and Gas","Erie","Western New York","Western","Western","Western",null,"Zone A - West","Western","Western Region","Buffalo"]
[null,null,null,null,null,null,null,null,null,"14069Erie","14069",14069,"Zone A - West","New York State Electric and Gas","Erie","Western New York","Western","Western","Western",null,"Zone A - West","Western","Western Region","Buffalo"]
[null,null,null,null,null,null,null,null,null,"14075Erie","14075",14075,"Zone A - West","New York State Electric and Gas","Erie","Western New York","Western","Western","Western",null,"Zone A - West","Western","Western Region","Buffalo"]
[null,null,null,null,null,null,null,null,null,"14080Erie","14080",14080,"Zone A - West","New York State Electric and Gas","Erie","Western New York","Western","Western","Western",null,"Zone A - West","Western","Western Region","Buffalo"]
[null,null,null,null,null,null,null,null,null,"14086Erie","14086",14086,"Zone A - West","New York State Electric and Gas","Erie","Western New York","Western","Western","Western",null,"Zone A - West","Western","Western Region","Buffalo"]
[null,null,null,null,null,null,null,null,null,"14102Erie","14102",14102,"Zone A - West","New York State Electric and Gas","Erie","Western New York","Western","Western","Western",null,"Zone A - West","Western","Western Region","Buffalo"]
[null,null,null,null,null,null,null,null,null,"14110Erie","14110",14110,"Zone A - West","New York State Electric and Gas","Erie","Western New York","Western","Western","Western",null,"Zone A - West","Western","Western Region","Buffalo"]
[null,null,null,null,null,null,null,null,null,"14127Erie","14127",14127,"Zone A - West","New York State Electric and Gas","Erie","Western New York","Western","Western","Western",null,"Zone A - West","Western","Western Region","Buffalo"]
[null,null,null,null,null,null,null,null,null,"14134Erie","14134",14134,"Zone A - West","New York State Electric and Gas","Erie","Western New York","Western","Western","Western",null,"Zone A - West","Western","Western Region","Buffalo"]
[null,null,null,null,null,null,null,null,null,"14139Erie","14139",14139,"Zone A - West","New York State Electric and Gas","Erie","Western New York","Western","Western","Western",null,"Zone A - West","Western","Western Region","Buffalo"]
[null,null,null,null,null,null,null,null,null,"14140Erie","14140",14140,"Zone A - West","New York State Electric and Gas","Erie","Western New York","Western","Western","Western",null,"Zone A - West","Western","Western Region","Buffalo"]
[null,null,null,null,null,null,null,null,null,"14169Erie","14169",14169,"Zone A - West","New York State Electric and Gas","Erie","Western New York","Western","Western","Western",null,"Zone A - West","Western","Western Region","Buffalo"]
[null,null,null,null,null,null,null,null,null,"14170Erie","14170",14170,"Zone A - West","New York State Electric and Gas","Erie","Western New York","Western","Western","Western",null,"Zone A - West","Western","Western Region","Buffalo"]
[null,null,null,null,null,null,null,null,null,"14219Erie","14219",14219,"Zone A - West","New York State Electric and Gas","Erie","Western New York","Western","Western","Western",null,"Zone A - West","Western","Western Region","Buffalo"]
[null,null,null,null,null,null,null,null,null,"14224Erie","14224",14224,"Zone A - West","New York State Electric and Gas","Erie","Western New York","Western","Western","Western",null,"Zone A - West","Western","Western Region","Buffalo"]
[null,null,null,null,null,null,null,null,null,"14225Erie","14225",14225,"Zone A - West","New York State Electric and Gas","Erie","Western New York","Western","Western","Western",null,"Zone A - West","Western","Western Region","Buffalo"]
[null,null,null,null,null,null,null,null,null,"14227Erie","14227",14227,"Zone A - West","New York State Electric and Gas","Erie","Western New York","Western","Western","Western",null,"Zone A - West","Western","Western Region","Buffalo"]
[null,null,null,null,null,null,null,null,null,"14241Erie","14241",14241,"Zone A - West","New York State Electric and Gas","Erie","Western New York","Western","Western","Western",null,"Zone A - West","Western","Western Region","Buffalo"]
[null,null,null,null,null,null,null,null,null,"14269Erie","14269",14269,"Zone A - West","New York State Electric and Gas","Erie","Western New York","Western","Western","Western",null,"Zone A - West","Western","Western Region","Buffalo"]
[null,null,null,null,null,null,null,null,null,"14272Erie","14272",14272,"Zone A - West","New York State Electric and Gas","Erie","Western New York","Western","Western","Western",null,"Zone A - West","Western","Western Region","Buffalo"]
[null,null,null,null,null,null,null,null,null,"14141Erie","14141",14141,"Zone A - West","Municipal Utilities","Erie","Western New York","Western","Western","Western",null,"Zone A - West","Western","Western Region","Buffalo"]
[null,null,null,null,null,null,null,null,null,"14072Erie","14072",14072,null,null,"Erie","Western New York","Western","Western","Western",null,"","Western","Western Region","Buffalo"]
[null,null,null,null,null,null,null,null,null,"12852Essex","12852",12852,"Zone D - North","New York State Electric and Gas","Essex","North Country","North Country","North Country","North Country",null,"Zone D - North","North Country","North Country","Massena"]
[null,null,null,null,null,null,null,null,null,"12879Essex","12879",12879,"Zone D - North","New York State Electric and Gas","Essex","North Country","North Country","North Country","North Country",null,"Zone D - North","North Country","North Country","Massena"]
[null,null,null,null,null,null,null,null,null,"12941Essex","12941",12941,"Zone D - North","New York State Electric and Gas","Essex","North Country","North Country","North Country","North Country",null,"Zone D - North","North Country","North Country","Massena"]
[null,null,null,null,null,null,null,null,null,"12942Essex","12942",12942,"Zone D - North","New York State Electric and Gas","Essex","North Country","North Country","North Country","North Country",null,"Zone D - North","North Country","North Country","Massena"]
[null,null,null,null,null,null,null,null,null,"12943Essex","12943",12943,"Zone D - North","New York State Electric and Gas","Essex","North Country","North Country","North Country","North Country",null,"Zone D - North","North Country","North Country","Massena"]
[null,null,null,null,null,null,null,null,null,"12944Essex","12944",12944,"Zone D - North","New York State Electric and Gas","Essex","North Country","North Country","North Country","North Country",null,"Zone D - North","North Country","North Country","Massena"]
[null,null,null,null,null,null,null,null,null,"12950Essex","12950",12950,"Zone D - North","New York State Electric and Gas","Essex","North Country","North Country","North Country","North Country",null,"Zone D - North","North Country","North Country","Massena"]
[null,null,null,null,null,null,null,null,null,"12975Essex","12975",12975,"Zone D - North","New York State Electric and Gas","Essex","North Country","North Country","North Country","North Country",null,"Zone D - North","North Country","North Country","Massena"]
[null,null,null,null,null,null,null,null,null,"12987Essex","12987",12987,"Zone D - North","New York State Electric and Gas","Essex","North Country","North Country","North Country","North Country",null,"Zone D - North","North Country","North Country","Massena"]
[null,null,null,null,null,null,null,null,null,"12997Essex","12997",12997,"Zone D - North","New York State Electric and Gas","Essex","North Country","North Country","North Country","North Country",null,"Zone D - North","North Country","North Country","Massena"]
[null,null,null,null,null,null,null,null,null,"12913Essex","12913",12913,"Zone E - Mohawk Valley","National Grid","Essex","North Country","North Country","North Country","North Country",null,"Zone E - Mohawk Valley","North Country","North Country","Massena"]
[null,null,null,null,null,null,null,null,null,"12977Essex","12977",12977,"Zone E - Mohawk Valley","National Grid","Essex","North Country","North Country","North Country","North Country",null,"Zone E - Mohawk Valley","North Country","North Country","Massena"]
[null,null,null,null,null,null,null,null,null,"12946Essex","12946",12946,"Zone E - Mohawk Valley","Municipal Utilities","Essex","North Country","North Country","North Country","North Country",null,"Zone E - Mohawk Valley","North Country","North Country","Massena"]
[null,null,null,null,null,null,null,null,null,"12932Essex","12932",12932,"Zone F - Capital","New York State Electric and Gas","Essex","North Country","North Country","North Country","North Country",null,"Zone F - Capital","North Country","North Country","Massena"]
[null,null,null,null,null,null,null,null,null,"12936Essex","12936",12936,"Zone F - Capital","New York State Electric and Gas","Essex","North Country","North Country","North Country","North Country",null,"Zone F - Capital","North Country","North Country","Massena"]
[null,null,null,null,null,null,null,null,null,"12964Essex","12964",12964,"Zone F - Capital","New York State Electric and Gas","Essex","North Country","North Country","North Country","North Country",null,"Zone F - Capital","North Country","North Country","Massena"]
[null,null,null,null,null,null,null,null,null,"12996Essex","12996",12996,"Zone F - Capital","New York State Electric and Gas","Essex","North Country","North Country","North Country","North Country",null,"Zone F - Capital","North Country","North Country","Massena"]
[null,null,null,null,null,null,null,null,null,"12851Essex","12851",12851,"Zone F - Capital","National Grid","Essex","North Country","North Country","North Country","North Country",null,"Zone F - Capital","North Country","North Country","Massena"]
[null,null,null,null,null,null,null,null,null,"12855Essex","12855",12855,"Zone F - Capital","National Grid","Essex","North Country","North Country","North Country","North Country",null,"Zone F - Capital","North Country","North Country","Massena"]
[null,null,null,null,null,null,null,null,null,"12857Essex","12857",12857,"Zone F - Capital","National Grid","Essex","North Country","North Country","North Country","North Country",null,"Zone F - Capital","North Country","North Country","Massena"]
[null,null,null,null,null,null,null,null,null,"12858Essex","12858",12858,"Zone F - Capital","National Grid","Essex","North Country","North Country","North Country","North Country",null,"Zone F - Capital","North Country","North Country","Albany"]
[null,null,null,null,null,null,null,null,null,"12870Essex","12870",12870,"Zone F - Capital","National Grid","Essex","North Country","North Country","North Country","North Country",null,"Zone F - Capital","North Country","North Country","Albany"]
[null,null,null,null,null,null,null,null,null,"12872Essex","12872",12872,"Zone F - Capital","National Grid","Essex","North Country","North Country","North Country","North Country",null,"Zone F - Capital","North Country","North Country","Albany"]
[null,null,null,null,null,null,null,null,null,"12883Essex","12883",12883,"Zone F - Capital","National Grid","Essex","North Country","North Country","North Country","North Country",null,"Zone F - Capital","North Country","North Country","Albany"]
[null,null,null,null,null,null,null,null,null,"12928Essex","12928",12928,"Zone F - Capital","National Grid","Essex","North Country","North Country","North Country","North Country",null,"Zone F - Capital","North Country","North Country","Albany"]
[null,null,null,null,null,null,null,null,null,"12956Essex","12956",12956,"Zone F - Capital","National Grid","Essex","North Country","North Country","North Country","North Country",null,"Zone F - Capital","North Country","North Country","Massena"]
[null,null,null,null,null,null,null,null,null,"12960Essex","12960",12960,"Zone F - Capital","National Grid","Essex","North Country","North Country","North Country","North Country",null,"Zone F - Capital","North Country","North Country","Massena"]
[null,null,null,null,null,null,null,null,null,"12961Essex","12961",12961,"Zone F - Capital","National Grid","Essex","North Country","North Country","North Country","North Country",null,"Zone F - Capital","North Country","North Country","Massena"]
[null,null,null,null,null,null,null,null,null,"12974Essex","12974",12974,"Zone F - Capital","National Grid","Essex","North Country","North Country","North Country","North Country",null,"Zone F - Capital","North Country","North Country","Massena"]
[null,null,null,null,null,null,null,null,null,"12993Essex","12993",12993,"Zone F - Capital","National Grid","Essex","North Country","North Country","North Country","North Country",null,"Zone F - Capital","North Country","North Country","Massena"]
[null,null,null,null,null,null,null,null,null,"12998Essex","12998",12998,"Zone F - Capital","National Grid","Essex","North Country","North Country","North Country","North Country",null,"Zone F - Capital","North Country","North Country","Massena"]
[null,null,null,null,null,null,null,null,null,"12915Franklin","12915",12915,"Zone D - North","New York State Electric and Gas","Franklin","North Country","North Country","North Country","North Country",null,"Zone D - North","North Country","North Country","Massena"]
[null,null,null,null,null,null,null,null,null,"12917Franklin","12917",12917,"Zone D - North","New York State Electric and Gas","Franklin","North Country","North Country","North Country","North Country",null,"Zone D - North","North Country","North Country","Massena"]
[null,null,null,null,null,null,null,null,null,"12920Franklin","12920",12920,"Zone D - North","New York State Electric and Gas","Franklin","North Country","North Country","North Country","North Country",null,"Zone D - North","North Country","North Country","Massena"]
[null,null,null,null,null,null,null,null,null,"12926Franklin","12926",12926,"Zone D - North","New York State Electric and Gas","Franklin","North Country","North Country","North Country","North Country",null,"Zone D - North","North Country","North Country","Massena"]
[null,null,null,null,null,null,null,null,null,"12914Franklin","12914",12914,"Zone D - North","National Grid","Franklin","North Country","North Country","North Country","North Country",null,"Zone D - North","North Country","North Country","Massena"]
[null,null,null,null,null,null,null,null,null,"12937Franklin","12937",12937,"Zone D - North","National Grid","Franklin","North Country","North Country","North Country","North Country",null,"Zone D - North","North Country","North Country","Massena"]
[null,null,null,null,null,null,null,null,null,"12953Franklin","12953",12953,"Zone D - North","National Grid","Franklin","North Country","North Country","North Country","North Country",null,"Zone D - North","North Country","North Country","Massena"]
[null,null,null,null,null,null,null,null,null,"13655Franklin","13655",13655,"Zone D - North","National Grid","Franklin","North Country","North Country","North Country","North Country",null,"Zone D - North","North Country","North Country","Massena"]
[null,null,null,null,null,null,null,null,null,"13683Franklin","13683",13683,"Zone D - North","National Grid","Franklin","North Country","North Country","North Country","North Country",null,"Zone D - North","North Country","North Country","Massena"]
[null,null,null,null,null,null,null,null,null,"12916Franklin","12916",12916,"Zone E - Mohawk Valley","National Grid","Franklin","North Country","North Country","North Country","North Country",null,"Zone E - Mohawk Valley","North Country","North Country","Massena"]
[null,null,null,null,null,null,null,null,null,"12930Franklin","12930",12930,"Zone E - Mohawk Valley","National Grid","Franklin","North Country","North Country","North Country","North Country",null,"Zone E - Mohawk Valley","North Country","North Country","Massena"]
[null,null,null,null,null,null,null,null,null,"12939Franklin","12939",12939,"Zone E - Mohawk Valley","National Grid","Franklin","North Country","North Country","North Country","North Country",null,"Zone E - Mohawk Valley","North Country","North Country","Massena"]
[null,null,null,null,null,null,null,null,null,"12945Franklin","12945",12945,"Zone E - Mohawk Valley","National Grid","Franklin","North Country","North Country","North Country","North Country",null,"Zone E - Mohawk Valley","North Country","North Country","Massena"]
[null,null,null,null,null,null,null,null,null,"12957Franklin","12957",12957,"Zone E - Mohawk Valley","National Grid","Franklin","North Country","North Country","North Country","North Country",null,"Zone E - Mohawk Valley","North Country","North Country","Massena"]
[null,null,null,null,null,null,null,null,null,"12966Franklin","12966",12966,"Zone E - Mohawk Valley","National Grid","Franklin","North Country","North Country","North Country","North Country",null,"Zone E - Mohawk Valley","North Country","North Country","Massena"]
[null,null,null,null,null,null,null,null,null,"12969Franklin","12969",12969,"Zone E - Mohawk Valley","National Grid","Franklin","North Country","North Country","North Country","North Country",null,"Zone E - Mohawk Valley","North Country","North Country","Massena"]
[null,null,null,null,null,null,null,null,null,"12970Franklin","12970",12970,"Zone E - Mohawk Valley","National Grid","Franklin","North Country","North Country","North Country","North Country",null,"Zone E - Mohawk Valley","North Country","North Country","Massena"]
[null,null,null,null,null,null,null,null,null,"12976Franklin","12976",12976,"Zone E - Mohawk Valley","National Grid","Franklin","North Country","North Country","North Country","North Country",null,"Zone E - Mohawk Valley","North Country","North Country","Massena"]
[null,null,null,null,null,null,null,null,null,"12980Franklin","12980",12980,"Zone E - Mohawk Valley","National Grid","Franklin","North Country","North Country","North Country","North Country",null,"Zone E - Mohawk Valley","North Country","North Country","Massena"]
[null,null,null,null,null,null,null,null,null,"12983Franklin","12983",12983,"Zone E - Mohawk Valley","National Grid","Franklin","North Country","North Country","North Country","North Country",null,"Zone E - Mohawk Valley","North Country","North Country","Massena"]
[null,null,null,null,null,null,null,null,null,"12989Franklin","12989",12989,"Zone E - Mohawk Valley","National Grid","Franklin","North Country","North Country","North Country","North Country",null,"Zone E - Mohawk Valley","North Country","North Country","Massena"]
[null,null,null,null,null,null,null,null,null,"12995Franklin","12995",12995,"Zone E - Mohawk Valley","National Grid","Franklin","North Country","North Country","North Country","North Country",null,"Zone E - Mohawk Valley","North Country","North Country","Massena"]
[null,null,null,null,null,null,null,null,null,"12986Franklin","12986",12986,"Zone E - Mohawk Valley","Municipal Utilities","Franklin","North Country","North Country","North Country","North Country",null,"Zone E - Mohawk Valley","North Country","North Country","Massena"]
[null,null,null,null,null,null,null,null,null,"12025Fulton","12025",12025,"Zone F - Capital","National Grid","Fulton","Mohawk Valley","Capital District","Capital District","Capital District",null,"Zone F - Capital","Capital District","Capital District","Albany"]
[null,null,null,null,null,null,null,null,null,"12032Fulton","12032",12032,"Zone F - Capital","National Grid","Fulton","Mohawk Valley","Capital District","Capital District","Capital District",null,"Zone F - Capital","Capital District","Capital District","Albany"]
[null,null,null,null,null,null,null,null,null,"12078Fulton","12078",12078,"Zone F - Capital","National Grid","Fulton","Mohawk Valley","Capital District","Capital District","Capital District",null,"Zone F - Capital","Capital District","Capital District","Albany"]
[null,null,null,null,null,null,null,null,null,"12086Fulton","12086",12086,"Zone F - Capital","National Grid","Fulton","Mohawk Valley","Capital District","Capital District","Capital District",null,"Zone F - Capital","Capital District","Capital District","Albany"]
[null,null,null,null,null,null,null,null,null,"12095Fulton","12095",12095,"Zone F - Capital","National Grid","Fulton","Mohawk Valley","Capital District","Capital District","Capital District",null,"Zone F - Capital","Capital District","Capital District","Albany"]
[null,null,null,null,null,null,null,null,null,"12117Fulton","12117",12117,"Zone F - Capital","National Grid","Fulton","Mohawk Valley","Capital District","Capital District","Capital District",null,"Zone F - Capital","Capital District","Capital District","Albany"]
[null,null,null,null,null,null,null,null,null,"12134Fulton","12134",12134,"Zone F - Capital","National Grid","Fulton","Mohawk Valley","Capital District","Capital District","Capital District",null,"Zone F - Capital","Capital District","Capital District","Albany"]
[null,null,null,null,null,null,null,null,null,"13452Fulton","13452",13452,"Zone F - Capital","National Grid","Fulton","Mohawk Valley","Capital District","Capital District","Capital District",null,"Zone F - Capital","Capital District","Capital District","Albany"]
[null,null,null,null,null,null,null,null,null,"13470Fulton","13470",13470,"Zone F - Capital","National Grid","Fulton","Mohawk Valley","Capital District","Capital District","Capital District",null,"Zone F - Capital","Capital District","Capital District","Albany"]
[null,null,null,null,null,null,null,null,null,"14005Genesee","14005",14005,"Zone A - West","National Grid","Genesee","Finger Lakes","Western","Western","Western",null,"Zone A - West","Western","Western Region","Buffalo"]
[null,null,null,null,null,null,null,null,null,"14013Genesee","14013",14013,"Zone A - West","National Grid","Genesee","Finger Lakes","Western","Western","Western",null,"Zone A - West","Western","Western Region","Buffalo"]
[null,null,null,null,null,null,null,null,null,"14020Genesee","14020",14020,"Zone A - West","National Grid","Genesee","Finger Lakes","Western","Western","Western",null,"Zone A - West","Western","Western Region","Buffalo"]
[null,null,null,null,null,null,null,null,null,"14021Genesee","14021",14021,"Zone A - West","National Grid","Genesee","Finger Lakes","Western","Western","Western",null,"Zone A - West","Western","Western Region","Buffalo"]
[null,null,null,null,null,null,null,null,null,"14036Genesee","14036",14036,"Zone A - West","National Grid","Genesee","Finger Lakes","Western","Western","Western",null,"Zone A - West","Western","Western Region","Buffalo"]
[null,null,null,null,null,null,null,null,null,"14040Genesee","14040",14040,"Zone A - West","National Grid","Genesee","Finger Lakes","Western","Western","Western",null,"Zone A - West","Western","Western Region","Buffalo"]
[null,null,null,null,null,null,null,null,null,"14054Genesee","14054",14054,"Zone A - West","National Grid","Genesee","Finger Lakes","Western","Western","Western",null,"Zone A - West","Western","Western Region","Buffalo"]
[null,null,null,null,null,null,null,null,null,"14056Genesee","14056",14056,"Zone A - West","National Grid","Genesee","Finger Lakes","Western","Western","Western",null,"Zone A - West","Western","Western Region","Buffalo"]
[null,null,null,null,null,null,null,null,null,"14058Genesee","14058",14058,"Zone A - West","National Grid","Genesee","Finger Lakes","Western","Western","Western",null,"Zone A - West","Western","Western Region","Buffalo"]
[null,null,null,null,null,null,null,null,null,"14125Genesee","14125",14125,"Zone A - West","National Grid","Genesee","Finger Lakes","Western","Western","Western",null,"Zone A - West","Western","Western Region","Buffalo"]
[null,null,null,null,null,null,null,null,null,"14143Genesee","14143",14143,"Zone A - West","National Grid","Genesee","Finger Lakes","Western","Western","Western",null,"Zone A - West","Western","Western Region","Buffalo"]
[null,null,null,null,null,null,null,null,null,"14416Genesee","14416",14416,"Zone A - West","National Grid","Genesee","Finger Lakes","Western","Western","Western",null,"Zone A - West","Western","Western Region","Buffalo"]
[null,null,null,null,null,null,null,null,null,"14422Genesee","14422",14422,"Zone A - West","National Grid","Genesee","Finger Lakes","Western","Western","Western",null,"Zone A - West","Western","Western Region","Buffalo"]
[null,null,null,null,null,null,null,null,null,"14482Genesee","14482",14482,"Zone A - West","National Grid","Genesee","Finger Lakes","Western","Western","Western",null,"Zone A - West","Western","Western Region","Buffalo"]
[null,null,null,null,null,null,null,null,null,"14525Genesee","14525",14525,"Zone A - West","National Grid","Genesee","Finger Lakes","Western","Western","Western",null,"Zone A - West","Western","Western Region","Buffalo"]
[null,null,null,null,null,null,null,null,null,"14557Genesee","14557",14557,"Zone A - West","National Grid","Genesee","Finger Lakes","Western","Western","Western",null,"Zone A - West","Western","Western Region","Buffalo"]
[null,null,null,null,null,null,null,null,null,"12439Greene","12439",12439,"Zone E - Mohawk Valley","New York State Electric and Gas","Greene","Capital Region","Upper Hudson","Mid-Hudson","Mid-Hudson",null,"Zone E - Mohawk Valley","Upper Hudson","Hudson Valley","Albany"]
[null,null,null,null,null,null,null,null,null,"12454Greene","12454",12454,"Zone E - Mohawk Valley","New York State Electric and Gas","Greene","Capital Region","Upper Hudson","Mid-Hudson","Mid-Hudson",null,"Zone E - Mohawk Valley","Upper Hudson","Hudson Valley","Albany"]
[null,null,null,null,null,null,null,null,null,"12496Greene","12496",12496,"Zone E - Mohawk Valley","New York State Electric and Gas","Greene","Capital Region","Upper Hudson","Mid-Hudson","Mid-Hudson",null,"Zone E - Mohawk Valley","Upper Hudson","Hudson Valley","Binghamton"]
[null,null,null,null,null,null,null,null,null,"12444Greene","12444",12444,"Zone E - Mohawk Valley","Central Hudson Gas and Electric","Greene","Capital Region","Upper Hudson","Mid-Hudson","Mid-Hudson",null,"Zone E - Mohawk Valley","Upper Hudson","Hudson Valley","Binghamton"]
[null,null,null,null,null,null,null,null,null,"12424Greene","12424",12424,"Zone G - Hudson Valley","New York State Electric and Gas","Greene","Capital Region","Upper Hudson","Mid-Hudson","Mid-Hudson",null,"Zone G - Hudson Valley","Upper Hudson","Hudson Valley","Albany"]
[null,null,null,null,null,null,null,null,null,"12430Greene","12430",12430,"Zone G - Hudson Valley","New York State Electric and Gas","Greene","Capital Region","Upper Hudson","Mid-Hudson","Mid-Hudson",null,"Zone G - Hudson Valley","Upper Hudson","Hudson Valley","Binghamton"]
[null,null,null,null,null,null,null,null,null,"12468Greene","12468",12468,"Zone G - Hudson Valley","New York State Electric and Gas","Greene","Capital Region","Upper Hudson","Mid-Hudson","Mid-Hudson",null,"Zone G - Hudson Valley","Upper Hudson","Hudson Valley","Binghamton"]
[null,null,null,null,null,null,null,null,null,"12015Greene","12015",12015,"Zone G - Hudson Valley","Central Hudson Gas and Electric","Greene","Capital Region","Upper Hudson","Mid-Hudson","Mid-Hudson",null,"Zone G - Hudson Valley","Upper Hudson","Hudson Valley","Albany"]
[null,null,null,null,null,null,null,null,null,"12042Greene","12042",12042,"Zone G - Hudson Valley","Central Hudson Gas and Electric","Greene","Capital Region","Upper Hudson","Mid-Hudson","Mid-Hudson",null,"Zone G - Hudson Valley","Upper Hudson","Hudson Valley","Albany"]
[null,null,null,null,null,null,null,null,null,"12051Greene","12051",12051,"Zone G - Hudson Valley","Central Hudson Gas and Electric","Greene","Capital Region","Upper Hudson","Mid-Hudson","Mid-Hudson",null,"Zone G - Hudson Valley","Upper Hudson","Hudson Valley","Albany"]
[null,null,null,null,null,null,null,null,null,"12058Greene","12058",12058,"Zone G - Hudson Valley","Central Hudson Gas and Electric","Greene","Capital Region","Upper Hudson","Mid-Hudson","Mid-Hudson",null,"Zone G - Hudson Valley","Upper Hudson","Hudson Valley","Albany"]
[null,null,null,null,null,null,null,null,null,"12083Greene","12083",12083,"Zone G - Hudson Valley","Central Hudson Gas and Electric","Greene","Capital Region","Upper Hudson","Mid-Hudson","Mid-Hudson",null,"Zone G - Hudson Valley","Upper Hudson","Hudson Valley","Albany"]
[null,null,null,null,null,null,null,null,null,"12087Greene","12087",12087,"Zone G - Hudson Valley","Central Hudson Gas and Electric","Greene","Capital Region","Upper Hudson","Mid-Hudson","Mid-Hudson",null,"Zone G - Hudson Valley","Upper Hudson","Hudson Valley","Albany"]
[null,null,null,null,null,null,null,null,null,"12124Greene","12124",12124,"Zone G - Hudson Valley","Central Hudson Gas and Electric","Greene","Capital Region","Upper Hudson","Mid-Hudson","Mid-Hudson",null,"Zone G - Hudson Valley","Upper Hudson","Hudson Valley","Albany"]
[null,null,null,null,null,null,null,null,null,"12176Greene","12176",12176,"Zone G - Hudson Valley","Central Hudson Gas and Electric","Greene","Capital Region","Upper Hudson","Mid-Hudson","Mid-Hudson",null,"Zone G - Hudson Valley","Upper Hudson","Hudson Valley","Albany"]
[null,null,null,null,null,null,null,null,null,"12192Greene","12192",12192,"Zone G - Hudson Valley","Central Hudson Gas and Electric","Greene","Capital Region","Upper Hudson","Mid-Hudson","Mid-Hudson",null,"Zone G - Hudson Valley","Upper Hudson","Hudson Valley","Albany"]
[null,null,null,null,null,null,null,null,null,"12405Greene","12405",12405,"Zone G - Hudson Valley","Central Hudson Gas and Electric","Greene","Capital Region","Upper Hudson","Mid-Hudson","Mid-Hudson",null,"Zone G - Hudson Valley","Upper Hudson","Hudson Valley","Albany"]
[null,null,null,null,null,null,null,null,null,"12407Greene","12407",12407,"Zone G - Hudson Valley","Central Hudson Gas and Electric","Greene","Capital Region","Upper Hudson","Mid-Hudson","Mid-Hudson",null,"Zone G - Hudson Valley","Upper Hudson","Hudson Valley","Binghamton"]
[null,null,null,null,null,null,null,null,null,"12413Greene","12413",12413,"Zone G - Hudson Valley","Central Hudson Gas and Electric","Greene","Capital Region","Upper Hudson","Mid-Hudson","Mid-Hudson",null,"Zone G - Hudson Valley","Upper Hudson","Hudson Valley","Albany"]
[null,null,null,null,null,null,null,null,null,"12414Greene","12414",12414,"Zone G - Hudson Valley","Central Hudson Gas and Electric","Greene","Capital Region","Upper Hudson","Mid-Hudson","Mid-Hudson",null,"Zone G - Hudson Valley","Upper Hudson","Hudson Valley","Albany"]
[null,null,null,null,null,null,null,null,null,"12418Greene","12418",12418,"Zone G - Hudson Valley","Central Hudson Gas and Electric","Greene","Capital Region","Upper Hudson","Mid-Hudson","Mid-Hudson",null,"Zone G - Hudson Valley","Upper Hudson","Hudson Valley","Albany"]
[null,null,null,null,null,null,null,null,null,"12422Greene","12422",12422,"Zone G - Hudson Valley","Central Hudson Gas and Electric","Greene","Capital Region","Upper Hudson","Mid-Hudson","Mid-Hudson",null,"Zone G - Hudson Valley","Upper Hudson","Hudson Valley","Albany"]
[null,null,null,null,null,null,null,null,null,"12423Greene","12423",12423,"Zone G - Hudson Valley","Central Hudson Gas and Electric","Greene","Capital Region","Upper Hudson","Mid-Hudson","Mid-Hudson",null,"Zone G - Hudson Valley","Upper Hudson","Hudson Valley","Albany"]
[null,null,null,null,null,null,null,null,null,"12427Greene","12427",12427,"Zone G - Hudson Valley","Central Hudson Gas and Electric","Greene","Capital Region","Upper Hudson","Mid-Hudson","Mid-Hudson",null,"Zone G - Hudson Valley","Upper Hudson","Hudson Valley","Albany"]
[null,null,null,null,null,null,null,null,null,"12431Greene","12431",12431,"Zone G - Hudson Valley","Central Hudson Gas and Electric","Greene","Capital Region","Upper Hudson","Mid-Hudson","Mid-Hudson",null,"Zone G - Hudson Valley","Upper Hudson","Hudson Valley","Albany"]
[null,null,null,null,null,null,null,null,null,"12436Greene","12436",12436,"Zone G - Hudson Valley","Central Hudson Gas and Electric","Greene","Capital Region","Upper Hudson","Mid-Hudson","Mid-Hudson",null,"Zone G - Hudson Valley","Upper Hudson","Hudson Valley","Albany"]
[null,null,null,null,null,null,null,null,null,"12442Greene","12442",12442,"Zone G - Hudson Valley","Central Hudson Gas and Electric","Greene","Capital Region","Upper Hudson","Mid-Hudson","Mid-Hudson",null,"Zone G - Hudson Valley","Upper Hudson","Hudson Valley","Binghamton"]
[null,null,null,null,null,null,null,null,null,"12450Greene","12450",12450,"Zone G - Hudson Valley","Central Hudson Gas and Electric","Greene","Capital Region","Upper Hudson","Mid-Hudson","Mid-Hudson",null,"Zone G - Hudson Valley","Upper Hudson","Hudson Valley","Binghamton"]
[null,null,null,null,null,null,null,null,null,"12451Greene","12451",12451,"Zone G - Hudson Valley","Central Hudson Gas and Electric","Greene","Capital Region","Upper Hudson","Mid-Hudson","Mid-Hudson",null,"Zone G - Hudson Valley","Upper Hudson","Hudson Valley","Albany"]
[null,null,null,null,null,null,null,null,null,"12452Greene","12452",12452,"Zone G - Hudson Valley","Central Hudson Gas and Electric","Greene","Capital Region","Upper Hudson","Mid-Hudson","Mid-Hudson",null,"Zone G - Hudson Valley","Upper Hudson","Hudson Valley","Binghamton"]
[null,null,null,null,null,null,null,null,null,"12460Greene","12460",12460,"Zone G - Hudson Valley","Central Hudson Gas and Electric","Greene","Capital Region","Upper Hudson","Mid-Hudson","Mid-Hudson",null,"Zone G - Hudson Valley","Upper Hudson","Hudson Valley","Albany"]
[null,null,null,null,null,null,null,null,null,"12463Greene","12463",12463,"Zone G - Hudson Valley","Central Hudson Gas and Electric","Greene","Capital Region","Upper Hudson","Mid-Hudson","Mid-Hudson",null,"Zone G - Hudson Valley","Upper Hudson","Hudson Valley","Albany"]
[null,null,null,null,null,null,null,null,null,"12470Greene","12470",12470,"Zone G - Hudson Valley","Central Hudson Gas and Electric","Greene","Capital Region","Upper Hudson","Mid-Hudson","Mid-Hudson",null,"Zone G - Hudson Valley","Upper Hudson","Hudson Valley","Albany"]
[null,null,null,null,null,null,null,null,null,"12473Greene","12473",12473,"Zone G - Hudson Valley","Central Hudson Gas and Electric","Greene","Capital Region","Upper Hudson","Mid-Hudson","Mid-Hudson",null,"Zone G - Hudson Valley","Upper Hudson","Hudson Valley","Albany"]
[null,null,null,null,null,null,null,null,null,"12482Greene","12482",12482,"Zone G - Hudson Valley","Central Hudson Gas and Electric","Greene","Capital Region","Upper Hudson","Mid-Hudson","Mid-Hudson",null,"Zone G - Hudson Valley","Upper Hudson","Hudson Valley","Albany"]
[null,null,null,null,null,null,null,null,null,"12485Greene","12485",12485,"Zone G - Hudson Valley","Central Hudson Gas and Electric","Greene","Capital Region","Upper Hudson","Mid-Hudson","Mid-Hudson",null,"Zone G - Hudson Valley","Upper Hudson","Hudson Valley","Albany"]
[null,null,null,null,null,null,null,null,null,"12492Greene","12492",12492,"Zone G - Hudson Valley","Central Hudson Gas and Electric","Greene","Capital Region","Upper Hudson","Mid-Hudson","Mid-Hudson",null,"Zone G - Hudson Valley","Upper Hudson","Hudson Valley","Binghamton"]
[null,null,null,null,null,null,null,null,null,"12847Hamilton","12847",12847,"Zone D - North","New York State Electric and Gas","Hamilton","North Country","North Country","North Country","North Country",null,"Zone D - North","North Country","North Country","Massena"]
[null,null,null,null,null,null,null,null,null,"12812Hamilton","12812",12812,"Zone F - Capital","New York State Electric and Gas","Hamilton","North Country","North Country","North Country","North Country",null,"Zone F - Capital","North Country","North Country","Massena"]
[null,null,null,null,null,null,null,null,null,"12108Hamilton","12108",12108,"Zone F - Capital","National Grid","Hamilton","North Country","North Country","North Country","North Country",null,"Zone F - Capital","North Country","North Country","Albany"]
[null,null,null,null,null,null,null,null,null,"12139Hamilton","12139",12139,"Zone F - Capital","National Grid","Hamilton","North Country","North Country","North Country","North Country",null,"Zone F - Capital","North Country","North Country","Albany"]
[null,null,null,null,null,null,null,null,null,"12164Hamilton","12164",12164,"Zone F - Capital","National Grid","Hamilton","North Country","North Country","North Country","North Country",null,"Zone F - Capital","North Country","North Country","Albany"]
[null,null,null,null,null,null,null,null,null,"12190Hamilton","12190",12190,"Zone F - Capital","National Grid","Hamilton","North Country","North Country","North Country","North Country",null,"Zone F - Capital","North Country","North Country","Albany"]
[null,null,null,null,null,null,null,null,null,"12842Hamilton","12842",12842,"Zone F - Capital","National Grid","Hamilton","North Country","North Country","North Country","North Country",null,"Zone F - Capital","North Country","North Country","Massena"]
[null,null,null,null,null,null,null,null,null,"12864Hamilton","12864",12864,"Zone F - Capital","National Grid","Hamilton","North Country","North Country","North Country","North Country",null,"Zone F - Capital","North Country","North Country","Massena"]
[null,null,null,null,null,null,null,null,null,"13436Hamilton","13436",13436,"Zone F - Capital","National Grid","Hamilton","North Country","North Country","North Country","North Country",null,"Zone F - Capital","North Country","North Country","Massena"]
[null,null,null,null,null,null,null,null,null,"13353Hamilton","13353",13353,"Zone F - Capital","National Grid","Hamilton","North Country","North Country","North Country","North Country",null,"Zone F - Capital","North Country","North Country","Albany"]
[null,null,null,null,null,null,null,null,null,"13360Hamilton","13360",13360,"Zone F - Capital","National Grid","Hamilton","North Country","North Country","North Country","North Country",null,"Zone F - Capital","North Country","North Country","Massena"]
[null,null,null,null,null,null,null,null,null,"13475Herkimer","13475",13475,"Zone E - Mohawk Valley","National Grid","Herkimer","Mohawk Valley","Central","Central","Central",null,"Zone E - Mohawk Valley","Central","Central Region","Binghamton"]
[null,null,null,null,null,null,null,null,null,"13324Herkimer","13324",13324,"Zone E - Mohawk Valley","National Grid","Herkimer","Mohawk Valley","Central","Central","Central",null,"Zone E - Mohawk Valley","Central","Central Region","Albany"]
[null,null,null,null,null,null,null,null,null,"13329Herkimer","13329",13329,"Zone E - Mohawk Valley","National Grid","Herkimer","Mohawk Valley","Central","Central","Central",null,"Zone E - Mohawk Valley","Central","Central Region","Albany"]
[null,null,null,null,null,null,null,null,null,"13331Herkimer","13331",13331,"Zone E - Mohawk Valley","National Grid","Herkimer","Mohawk Valley","Central","Central","Central",null,"Zone E - Mohawk Valley","Central","Central Region","Massena"]
[null,null,null,null,null,null,null,null,null,"13340Herkimer","13340",13340,"Zone E - Mohawk Valley","National Grid","Herkimer","Mohawk Valley","Central","Central","Central",null,"Zone E - Mohawk Valley","Central","Central Region","Binghamton"]
[null,null,null,null,null,null,null,null,null,"13350Herkimer","13350",13350,"Zone E - Mohawk Valley","National Grid","Herkimer","Mohawk Valley","Central","Central","Central",null,"Zone E - Mohawk Valley","Central","Central Region","Binghamton"]
[null,null,null,null,null,null,null,null,null,"13357Herkimer","13357",13357,"Zone E - Mohawk Valley","National Grid","Herkimer","Mohawk Valley","Central","Central","Central",null,"Zone E - Mohawk Valley","Central","Central Region","Binghamton"]
[null,null,null,null,null,null,null,null,null,"13365Herkimer","13365",13365,"Zone E - Mohawk Valley","National Grid","Herkimer","Mohawk Valley","Central","Central","Central",null,"Zone E - Mohawk Valley","Central","Central Region","Binghamton"]
[null,null,null,null,null,null,null,null,null,"13406Herkimer","13406",13406,"Zone E - Mohawk Valley","National Grid","Herkimer","Mohawk Valley","Central","Central","Central",null,"Zone E - Mohawk Valley","Central","Central Region","Binghamton"]
[null,null,null,null,null,null,null,null,null,"13407Herkimer","13407",13407,"Zone E - Mohawk Valley","National Grid","Herkimer","Mohawk Valley","Central","Central","Central",null,"Zone E - Mohawk Valley","Central","Central Region","Binghamton"]
[null,null,null,null,null,null,null,null,null,"13416Herkimer","13416",13416,"Zone E - Mohawk Valley","National Grid","Herkimer","Mohawk Valley","Central","Central","Central",null,"Zone E - Mohawk Valley","Central","Central Region","Binghamton"]
[null,null,null,null,null,null,null,null,null,"13420Herkimer","13420",13420,"Zone E - Mohawk Valley","National Grid","Herkimer","Mohawk Valley","Central","Central","Central",null,"Zone E - Mohawk Valley","Central","Central Region","Massena"]
[null,null,null,null,null,null,null,null,null,"13431Herkimer","13431",13431,"Zone E - Mohawk Valley","National Grid","Herkimer","Mohawk Valley","Central","Central","Central",null,"Zone E - Mohawk Valley","Central","Central Region","Binghamton"]
[null,null,null,null,null,null,null,null,null,"13454Herkimer","13454",13454,"Zone E - Mohawk Valley","National Grid","Herkimer","Mohawk Valley","Central","Central","Central",null,"Zone E - Mohawk Valley","Central","Central Region","Albany"]
[null,null,null,null,null,null,null,null,null,"13472Herkimer","13472",13472,"Zone E - Mohawk Valley","National Grid","Herkimer","Mohawk Valley","Central","Central","Central",null,"Zone E - Mohawk Valley","Central","Central Region","Massena"]
[null,null,null,null,null,null,null,null,null,"13361Herkimer","13361",13361,"Zone E - Mohawk Valley","New York State Electric and Gas","Herkimer","Mohawk Valley","Central","Central","Central",null,"Zone E - Mohawk Valley","Central","Central Region","Binghamton"]
[null,null,null,null,null,null,null,null,null,"13491Herkimer","13491",13491,"Zone E - Mohawk Valley","New York State Electric and Gas","Herkimer","Mohawk Valley","Central","Central","Central",null,"Zone E - Mohawk Valley","Central","Central Region","Binghamton"]
[null,null,null,null,null,null,null,null,null,"13601Jefferson","13601",13601,"Zone E - Mohawk Valley","National Grid","Jefferson","North Country","North Country","North Country","North Country",null,"Zone E - Mohawk Valley","North Country","North Country","Massena"]
[null,null,null,null,null,null,null,null,null,"13602Jefferson","13602",13602,"Zone E - Mohawk Valley","National Grid","Jefferson","North Country","North Country","North Country","North Country",null,"Zone E - Mohawk Valley","North Country","North Country","Massena"]
[null,null,null,null,null,null,null,null,null,"13603Jefferson","13603",13603,"Zone E - Mohawk Valley","National Grid","Jefferson","North Country","North Country","North Country","North Country",null,"Zone E - Mohawk Valley","North Country","North Country","Massena"]
[null,null,null,null,null,null,null,null,null,"13605Jefferson","13605",13605,"Zone E - Mohawk Valley","National Grid","Jefferson","North Country","North Country","North Country","North Country",null,"Zone E - Mohawk Valley","North Country","North Country","Syracuse"]
[null,null,null,null,null,null,null,null,null,"13606Jefferson","13606",13606,"Zone E - Mohawk Valley","National Grid","Jefferson","North Country","North Country","North Country","North Country",null,"Zone E - Mohawk Valley","North Country","North Country","Syracuse"]
[null,null,null,null,null,null,null,null,null,"13607Jefferson","13607",13607,"Zone E - Mohawk Valley","National Grid","Jefferson","North Country","North Country","North Country","North Country",null,"Zone E - Mohawk Valley","North Country","North Country","Massena"]
[null,null,null,null,null,null,null,null,null,"13608Jefferson","13608",13608,"Zone E - Mohawk Valley","National Grid","Jefferson","North Country","North Country","North Country","North Country",null,"Zone E - Mohawk Valley","North Country","North Country","Massena"]
[null,null,null,null,null,null,null,null,null,"13611Jefferson","13611",13611,"Zone E - Mohawk Valley","National Grid","Jefferson","North Country","North Country","North Country","North Country",null,"Zone E - Mohawk Valley","North Country","North Country","Syracuse"]
[null,null,null,null,null,null,null,null,null,"13612Jefferson","13612",13612,"Zone E - Mohawk Valley","National Grid","Jefferson","North Country","North Country","North Country","North Country",null,"Zone E - Mohawk Valley","North Country","North Country","Massena"]
[null,null,null,null,null,null,null,null,null,"13615Jefferson","13615",13615,"Zone E - Mohawk Valley","National Grid","Jefferson","North Country","North Country","North Country","North Country",null,"Zone E - Mohawk Valley","North Country","North Country","Syracuse"]
[null,null,null,null,null,null,null,null,null,"13616Jefferson","13616",13616,"Zone E - Mohawk Valley","National Grid","Jefferson","North Country","North Country","North Country","North Country",null,"Zone E - Mohawk Valley","North Country","North Country","Massena"]
[null,null,null,null,null,null,null,null,null,"13618Jefferson","13618",13618,"Zone E - Mohawk Valley","National Grid","Jefferson","North Country","North Country","North Country","North Country",null,"Zone E - Mohawk Valley","North Country","North Country","Syracuse"]
[null,null,null,null,null,null,null,null,null,"13619Jefferson","13619",13619,"Zone E - Mohawk Valley","National Grid","Jefferson","North Country","North Country","North Country","North Country",null,"Zone E - Mohawk Valley","North Country","North Country","Massena"]
[null,null,null,null,null,null,null,null,null,"13622Jefferson","13622",13622,"Zone E - Mohawk Valley","National Grid","Jefferson","North Country","North Country","North Country","North Country",null,"Zone E - Mohawk Valley","North Country","North Country","Syracuse"]
[null,null,null,null,null,null,null,null,null,"13624Jefferson","13624",13624,"Zone E - Mohawk Valley","National Grid","Jefferson","North Country","North Country","North Country","North Country",null,"Zone E - Mohawk Valley","North Country","North Country","Massena"]
[null,null,null,null,null,null,null,null,null,"13628Jefferson","13628",13628,"Zone E - Mohawk Valley","National Grid","Jefferson","North Country","North Country","North Country","North Country",null,"Zone E - Mohawk Valley","North Country","North Country","Massena"]
[null,null,null,null,null,null,null,null,null,"13631Jefferson","13631",13631,"Zone E - Mohawk Valley","National Grid","Jefferson","North Country","North Country","North Country","North Country",null,"Zone E - Mohawk Valley","North Country","North Country","Massena"]
[null,null,null,null,null,null,null,null,null,"13632Jefferson","13632",13632,"Zone E - Mohawk Valley","National Grid","Jefferson","North Country","North Country","North Country","North Country",null,"Zone E - Mohawk Valley","North Country","North Country","Massena"]
[null,null,null,null,null,null,null,null,null,"13634Jefferson","13634",13634,"Zone E - Mohawk Valley","National Grid","Jefferson","North Country","North Country","North Country","North Country",null,"Zone E - Mohawk Valley","North Country","North Country","Massena"]
[null,null,null,null,null,null,null,null,null,"13636Jefferson","13636",13636,"Zone E - Mohawk Valley","National Grid","Jefferson","North Country","North Country","North Country","North Country",null,"Zone E - Mohawk Valley","North Country","North Country","Syracuse"]
[null,null,null,null,null,null,null,null,null,"13637Jefferson","13637",13637,"Zone E - Mohawk Valley","National Grid","Jefferson","North Country","North Country","North Country","North Country",null,"Zone E - Mohawk Valley","North Country","North Country","Massena"]
[null,null,null,null,null,null,null,null,null,"13638Jefferson","13638",13638,"Zone E - Mohawk Valley","National Grid","Jefferson","North Country","North Country","North Country","North Country",null,"Zone E - Mohawk Valley","North Country","North Country","Massena"]
[null,null,null,null,null,null,null,null,null,"13640Jefferson","13640",13640,"Zone E - Mohawk Valley","National Grid","Jefferson","North Country","North Country","North Country","North Country",null,"Zone E - Mohawk Valley","North Country","North Country","Massena"]
[null,null,null,null,null,null,null,null,null,"13641Jefferson","13641",13641,"Zone E - Mohawk Valley","National Grid","Jefferson","North Country","North Country","North Country","North Country",null,"Zone E - Mohawk Valley","North Country","North Country","Massena"]
[null,null,null,null,null,null,null,null,null,"13643Jefferson","13643",13643,"Zone E - Mohawk Valley","National Grid","Jefferson","North Country","North Country","North Country","North Country",null,"Zone E - Mohawk Valley","North Country","North Country","Massena"]
[null,null,null,null,null,null,null,null,null,"13650Jefferson","13650",13650,"Zone E - Mohawk Valley","National Grid","Jefferson","North Country","North Country","North Country","North Country",null,"Zone E - Mohawk Valley","North Country","North Country","Syracuse"]
[null,null,null,null,null,null,null,null,null,"13651Jefferson","13651",13651,"Zone E - Mohawk Valley","National Grid","Jefferson","North Country","North Country","North Country","North Country",null,"Zone E - Mohawk Valley","North Country","North Country","Syracuse"]
[null,null,null,null,null,null,null,null,null,"13656Jefferson","13656",13656,"Zone E - Mohawk Valley","National Grid","Jefferson","North Country","North Country","North Country","North Country",null,"Zone E - Mohawk Valley","North Country","North Country","Massena"]
[null,null,null,null,null,null,null,null,null,"13657Jefferson","13657",13657,"Zone E - Mohawk Valley","National Grid","Jefferson","North Country","North Country","North Country","North Country",null,"Zone E - Mohawk Valley","North Country","North Country","Syracuse"]
[null,null,null,null,null,null,null,null,null,"13659Jefferson","13659",13659,"Zone E - Mohawk Valley","National Grid","Jefferson","North Country","North Country","North Country","North Country",null,"Zone E - Mohawk Valley","North Country","North Country","Syracuse"]
[null,null,null,null,null,null,null,null,null,"13661Jefferson","13661",13661,"Zone E - Mohawk Valley","National Grid","Jefferson","North Country","North Country","North Country","North Country",null,"Zone E - Mohawk Valley","North Country","North Country","Syracuse"]
[null,null,null,null,null,null,null,null,null,"13665Jefferson","13665",13665,"Zone E - Mohawk Valley","National Grid","Jefferson","North Country","North Country","North Country","North Country",null,"Zone E - Mohawk Valley","North Country","North Country","Massena"]
[null,null,null,null,null,null,null,null,null,"13671Jefferson","13671",13671,"Zone E - Mohawk Valley","National Grid","Jefferson","North Country","North Country","North Country","North Country",null,"Zone E - Mohawk Valley","North Country","North Country","Massena"]
[null,null,null,null,null,null,null,null,null,"13674Jefferson","13674",13674,"Zone E - Mohawk Valley","National Grid","Jefferson","North Country","North Country","North Country","North Country",null,"Zone E - Mohawk Valley","North Country","North Country","Syracuse"]
[null,null,null,null,null,null,null,null,null,"13675Jefferson","13675",13675,"Zone E - Mohawk Valley","National Grid","Jefferson","North Country","North Country","North Country","North Country",null,"Zone E - Mohawk Valley","North Country","North Country","Massena"]
[null,null,null,null,null,null,null,null,null,"13679Jefferson","13679",13679,"Zone E - Mohawk Valley","National Grid","Jefferson","North Country","North Country","North Country","North Country",null,"Zone E - Mohawk Valley","North Country","North Country","Massena"]
[null,null,null,null,null,null,null,null,null,"13682Jefferson","13682",13682,"Zone E - Mohawk Valley","National Grid","Jefferson","North Country","North Country","North Country","North Country",null,"Zone E - Mohawk Valley","North Country","North Country","Syracuse"]
[null,null,null,null,null,null,null,null,null,"13685Jefferson","13685",13685,"Zone E - Mohawk Valley","National Grid","Jefferson","North Country","North Country","North Country","North Country",null,"Zone E - Mohawk Valley","North Country","North Country","Syracuse"]
[null,null,null,null,null,null,null,null,null,"13692Jefferson","13692",13692,"Zone E - Mohawk Valley","National Grid","Jefferson","North Country","North Country","North Country","North Country",null,"Zone E - Mohawk Valley","North Country","North Country","Massena"]
[null,null,null,null,null,null,null,null,null,"13693Jefferson","13693",13693,"Zone E - Mohawk Valley","National Grid","Jefferson","North Country","North Country","North Country","North Country",null,"Zone E - Mohawk Valley","North Country","North Country","Syracuse"]
[null,null,null,null,null,null,null,null,null,"13691Jefferson","13691",13691,"Zone E - Mohawk Valley","Municipal Utilities","Jefferson","North Country","North Country","North Country","North Country",null,"Zone E - Mohawk Valley","North Country","North Country","Massena"]
[null,null,null,null,null,null,null,null,null,"13673Jefferson","13673",13673,"Zone E - Mohawk Valley","Municipal Utilities","Jefferson","North Country","North Country","North Country","North Country",null,"Zone E - Mohawk Valley","North Country","North Country","Massena"]
[null,null,null,null,null,null,null,null,null,"11201Kings","11201",11201,"Zone J - New York City","Consolidated Edison","Kings","New York City","NYC",{"$error":"#N/A"},{"$error":"#N/A"},"ConEd NYC","Zone J - New York City","NYC","","New York"]
[null,null,null,null,null,null,null,null,null,"11202Kings","11202",11202,"Zone J - New York City","Consolidated Edison","Kings","New York City","NYC",{"$error":"#N/A"},{"$error":"#N/A"},"ConEd NYC","Zone J - New York City","NYC","","New York"]
[null,null,null,null,null,null,null,null,null,"11203Kings","11203",11203,"Zone J - New York City","Consolidated Edison","Kings","New York City","NYC",{"$error":"#N/A"},{"$error":"#N/A"},"ConEd NYC","Zone J - New York City","NYC","","New York"]
[null,null,null,null,null,null,null,null,null,"11204Kings","11204",11204,"Zone J - New York City","Consolidated Edison","Kings","New York City","NYC",{"$error":"#N/A"},{"$error":"#N/A"},"ConEd NYC","Zone J - New York City","NYC","","New York"]
[null,null,null,null,null,null,null,null,null,"11205Kings","11205",11205,"Zone J - New York City","Consolidated Edison","Kings","New York City","NYC",{"$error":"#N/A"},{"$error":"#N/A"},"ConEd NYC","Zone J - New York City","NYC","","New York"]
[null,null,null,null,null,null,null,null,null,"11206Kings","11206",11206,"Zone J - New York City","Consolidated Edison","Kings","New York City","NYC",{"$error":"#N/A"},{"$error":"#N/A"},"ConEd NYC","Zone J - New York City","NYC","","New York"]
[null,null,null,null,null,null,null,null,null,"11207Kings","11207",11207,"Zone J - New York City","Consolidated Edison","Kings","New York City","NYC",{"$error":"#N/A"},{"$error":"#N/A"},"ConEd NYC","Zone J - New York City","NYC","","New York"]
[null,null,null,null,null,null,null,null,null,"11208Kings","11208",11208,"Zone J - New York City","Consolidated Edison","Kings","New York City","NYC",{"$error":"#N/A"},{"$error":"#N/A"},"ConEd NYC","Zone J - New York City","NYC","","New York"]
[null,null,null,null,null,null,null,null,null,"11209Kings","11209",11209,"Zone J - New York City","Consolidated Edison","Kings","New York City","NYC",{"$error":"#N/A"},{"$error":"#N/A"},"ConEd NYC","Zone J - New York City","NYC","","New York"]
[null,null,null,null,null,null,null,null,null,"11210Kings","11210",11210,"Zone J - New York City","Consolidated Edison","Kings","New York City","NYC",{"$error":"#N/A"},{"$error":"#N/A"},"ConEd NYC","Zone J - New York City","NYC","","New York"]
[null,null,null,null,null,null,null,null,null,"11211Kings","11211",11211,"Zone J - New York City","Consolidated Edison","Kings","New York City","NYC",{"$error":"#N/A"},{"$error":"#N/A"},"ConEd NYC","Zone J - New York City","NYC","","New York"]
[null,null,null,null,null,null,null,null,null,"11212Kings","11212",11212,"Zone J - New York City","Consolidated Edison","Kings","New York City","NYC",{"$error":"#N/A"},{"$error":"#N/A"},"ConEd NYC","Zone J - New York City","NYC","","New York"]
[null,null,null,null,null,null,null,null,null,"11213Kings","11213",11213,"Zone J - New York City","Consolidated Edison","Kings","New York City","NYC",{"$error":"#N/A"},{"$error":"#N/A"},"ConEd NYC","Zone J - New York City","NYC","","New York"]
[null,null,null,null,null,null,null,null,null,"11214Kings","11214",11214,"Zone J - New York City","Consolidated Edison","Kings","New York City","NYC",{"$error":"#N/A"},{"$error":"#N/A"},"ConEd NYC","Zone J - New York City","NYC","","New York"]
[null,null,null,null,null,null,null,null,null,"11215Kings","11215",11215,"Zone J - New York City","Consolidated Edison","Kings","New York City","NYC",{"$error":"#N/A"},{"$error":"#N/A"},"ConEd NYC","Zone J - New York City","NYC","","New York"]
[null,null,null,null,null,null,null,null,null,"11216Kings","11216",11216,"Zone J - New York City","Consolidated Edison","Kings","New York City","NYC",{"$error":"#N/A"},{"$error":"#N/A"},"ConEd NYC","Zone J - New York City","NYC","","New York"]
[null,null,null,null,null,null,null,null,null,"11217Kings","11217",11217,"Zone J - New York City","Consolidated Edison","Kings","New York City","NYC",{"$error":"#N/A"},{"$error":"#N/A"},"ConEd NYC","Zone J - New York City","NYC","","New York"]
[null,null,null,null,null,null,null,null,null,"11218Kings","11218",11218,"Zone J - New York City","Consolidated Edison","Kings","New York City","NYC",{"$error":"#N/A"},{"$error":"#N/A"},"ConEd NYC","Zone J - New York City","NYC","","New York"]
[null,null,null,null,null,null,null,null,null,"11219Kings","11219",11219,"Zone J - New York City","Consolidated Edison","Kings","New York City","NYC",{"$error":"#N/A"},{"$error":"#N/A"},"ConEd NYC","Zone J - New York City","NYC","","New York"]
[null,null,null,null,null,null,null,null,null,"11220Kings","11220",11220,"Zone J - New York City","Consolidated Edison","Kings","New York City","NYC",{"$error":"#N/A"},{"$error":"#N/A"},"ConEd NYC","Zone J - New York City","NYC","","New York"]
[null,null,null,null,null,null,null,null,null,"11221Kings","11221",11221,"Zone J - New York City","Consolidated Edison","Kings","New York City","NYC",{"$error":"#N/A"},{"$error":"#N/A"},"ConEd NYC","Zone J - New York City","NYC","","New York"]
[null,null,null,null,null,null,null,null,null,"11222Kings","11222",11222,"Zone J - New York City","Consolidated Edison","Kings","New York City","NYC",{"$error":"#N/A"},{"$error":"#N/A"},"ConEd NYC","Zone J - New York City","NYC","","New York"]
[null,null,null,null,null,null,null,null,null,"11223Kings","11223",11223,"Zone J - New York City","Consolidated Edison","Kings","New York City","NYC",{"$error":"#N/A"},{"$error":"#N/A"},"ConEd NYC","Zone J - New York City","NYC","","New York"]
[null,null,null,null,null,null,null,null,null,"11224Kings","11224",11224,"Zone J - New York City","Consolidated Edison","Kings","New York City","NYC",{"$error":"#N/A"},{"$error":"#N/A"},"ConEd NYC","Zone J - New York City","NYC","","New York"]
[null,null,null,null,null,null,null,null,null,"11225Kings","11225",11225,"Zone J - New York City","Consolidated Edison","Kings","New York City","NYC",{"$error":"#N/A"},{"$error":"#N/A"},"ConEd NYC","Zone J - New York City","NYC","","New York"]
[null,null,null,null,null,null,null,null,null,"11226Kings","11226",11226,"Zone J - New York City","Consolidated Edison","Kings","New York City","NYC",{"$error":"#N/A"},{"$error":"#N/A"},"ConEd NYC","Zone J - New York City","NYC","","New York"]
[null,null,null,null,null,null,null,null,null,"11228Kings","11228",11228,"Zone J - New York City","Consolidated Edison","Kings","New York City","NYC",{"$error":"#N/A"},{"$error":"#N/A"},"ConEd NYC","Zone J - New York City","NYC","","New York"]
[null,null,null,null,null,null,null,null,null,"11229Kings","11229",11229,"Zone J - New York City","Consolidated Edison","Kings","New York City","NYC",{"$error":"#N/A"},{"$error":"#N/A"},"ConEd NYC","Zone J - New York City","NYC","","New York"]
[null,null,null,null,null,null,null,null,null,"11230Kings","11230",11230,"Zone J - New York City","Consolidated Edison","Kings","New York City","NYC",{"$error":"#N/A"},{"$error":"#N/A"},"ConEd NYC","Zone J - New York City","NYC","","New York"]
[null,null,null,null,null,null,null,null,null,"11231Kings","11231",11231,"Zone J - New York City","Consolidated Edison","Kings","New York City","NYC",{"$error":"#N/A"},{"$error":"#N/A"},"ConEd NYC","Zone J - New York City","NYC","","New York"]
[null,null,null,null,null,null,null,null,null,"11232Kings","11232",11232,"Zone J - New York City","Consolidated Edison","Kings","New York City","NYC",{"$error":"#N/A"},{"$error":"#N/A"},"ConEd NYC","Zone J - New York City","NYC","","New York"]
[null,null,null,null,null,null,null,null,null,"11233Kings","11233",11233,"Zone J - New York City","Consolidated Edison","Kings","New York City","NYC",{"$error":"#N/A"},{"$error":"#N/A"},"ConEd NYC","Zone J - New York City","NYC","","New York"]
[null,null,null,null,null,null,null,null,null,"11234Kings","11234",11234,"Zone J - New York City","Consolidated Edison","Kings","New York City","NYC",{"$error":"#N/A"},{"$error":"#N/A"},"ConEd NYC","Zone J - New York City","NYC","","New York"]
[null,null,null,null,null,null,null,null,null,"11235Kings","11235",11235,"Zone J - New York City","Consolidated Edison","Kings","New York City","NYC",{"$error":"#N/A"},{"$error":"#N/A"},"ConEd NYC","Zone J - New York City","NYC","","New York"]
[null,null,null,null,null,null,null,null,null,"11236Kings","11236",11236,"Zone J - New York City","Consolidated Edison","Kings","New York City","NYC",{"$error":"#N/A"},{"$error":"#N/A"},"ConEd NYC","Zone J - New York City","NYC","","New York"]
[null,null,null,null,null,null,null,null,null,"11237Kings","11237",11237,"Zone J - New York City","Consolidated Edison","Kings","New York City","NYC",{"$error":"#N/A"},{"$error":"#N/A"},"ConEd NYC","Zone J - New York City","NYC","","New York"]
[null,null,null,null,null,null,null,null,null,"11238Kings","11238",11238,"Zone J - New York City","Consolidated Edison","Kings","New York City","NYC",{"$error":"#N/A"},{"$error":"#N/A"},"ConEd NYC","Zone J - New York City","NYC","","New York"]
[null,null,null,null,null,null,null,null,null,"11239Kings","11239",11239,"Zone J - New York City","Consolidated Edison","Kings","New York City","NYC",{"$error":"#N/A"},{"$error":"#N/A"},"ConEd NYC","Zone J - New York City","NYC","","New York"]
[null,null,null,null,null,null,null,null,null,"11241Kings","11241",11241,"Zone J - New York City","Consolidated Edison","Kings","New York City","NYC",{"$error":"#N/A"},{"$error":"#N/A"},"ConEd NYC","Zone J - New York City","NYC","","New York"]
[null,null,null,null,null,null,null,null,null,"11242Kings","11242",11242,"Zone J - New York City","Consolidated Edison","Kings","New York City","NYC",{"$error":"#N/A"},{"$error":"#N/A"},"ConEd NYC","Zone J - New York City","NYC","","New York"]
[null,null,null,null,null,null,null,null,null,"11243Kings","11243",11243,"Zone J - New York City","Consolidated Edison","Kings","New York City","NYC",{"$error":"#N/A"},{"$error":"#N/A"},"ConEd NYC","Zone J - New York City","NYC","","New York"]
[null,null,null,null,null,null,null,null,null,"11245Kings","11245",11245,"Zone J - New York City","Consolidated Edison","Kings","New York City","NYC",{"$error":"#N/A"},{"$error":"#N/A"},"ConEd NYC","Zone J - New York City","NYC","","New York"]
[null,null,null,null,null,null,null,null,null,"11247Kings","11247",11247,"Zone J - New York City","Consolidated Edison","Kings","New York City","NYC",{"$error":"#N/A"},{"$error":"#N/A"},"ConEd NYC","Zone J - New York City","NYC","","New York"]
[null,null,null,null,null,null,null,null,null,"11249Kings","11249",11249,"Zone J - New York City","Consolidated Edison","Kings","New York City","NYC",{"$error":"#N/A"},{"$error":"#N/A"},"ConEd NYC","Zone J - New York City","NYC","","New York"]
[null,null,null,null,null,null,null,null,null,"11251Kings","11251",11251,"Zone J - New York City","Consolidated Edison","Kings","New York City","NYC",{"$error":"#N/A"},{"$error":"#N/A"},"ConEd NYC","Zone J - New York City","NYC","","New York"]
[null,null,null,null,null,null,null,null,null,"11252Kings","11252",11252,"Zone J - New York City","Consolidated Edison","Kings","New York City","NYC",{"$error":"#N/A"},{"$error":"#N/A"},"ConEd NYC","Zone J - New York City","NYC","","New York"]
[null,null,null,null,null,null,null,null,null,"11256Kings","11256",11256,"Zone J - New York City","Consolidated Edison","Kings","New York City","NYC",{"$error":"#N/A"},{"$error":"#N/A"},"ConEd NYC","Zone J - New York City","NYC","","New York"]
[null,null,null,null,null,null,null,null,null,"13305Lewis","13305",13305,"Zone E - Mohawk Valley","National Grid","Lewis","North Country","North Country","North Country","North Country",null,"Zone E - Mohawk Valley","North Country","North Country","Massena"]
[null,null,null,null,null,null,null,null,null,"13312Lewis","13312",13312,"Zone E - Mohawk Valley","National Grid","Lewis","North Country","North Country","North Country","North Country",null,"Zone E - Mohawk Valley","North Country","North Country","Massena"]
[null,null,null,null,null,null,null,null,null,"13325Lewis","13325",13325,"Zone E - Mohawk Valley","National Grid","Lewis","North Country","North Country","North Country","North Country",null,"Zone E - Mohawk Valley","North Country","North Country","Syracuse"]
[null,null,null,null,null,null,null,null,null,"13327Lewis","13327",13327,"Zone E - Mohawk Valley","National Grid","Lewis","North Country","North Country","North Country","North Country",null,"Zone E - Mohawk Valley","North Country","North Country","Massena"]
[null,null,null,null,null,null,null,null,null,"13343Lewis","13343",13343,"Zone E - Mohawk Valley","National Grid","Lewis","North Country","North Country","North Country","North Country",null,"Zone E - Mohawk Valley","North Country","North Country","Massena"]
[null,null,null,null,null,null,null,null,null,"13345Lewis","13345",13345,"Zone E - Mohawk Valley","National Grid","Lewis","North Country","North Country","North Country","North Country",null,"Zone E - Mohawk Valley","North Country","North Country","Massena"]
[null,null,null,null,null,null,null,null,null,"13367Lewis","13367",13367,"Zone E - Mohawk Valley","National Grid","Lewis","North Country","North Country","North Country","North Country",null,"Zone E - Mohawk Valley","North Country","North Country","Massena"]
[null,null,null,null,null,null,null,null,null,"13368Lewis","13368",13368,"Zone E - Mohawk Valley","National Grid","Lewis","North Country","North Country","North Country","North Country",null,"Zone E - Mohawk Valley","North Country","North Country","Syracuse"]
[null,null,null,null,null,null,null,null,null,"13404Lewis","13404",13404,"Zone E - Mohawk Valley","National Grid","Lewis","North Country","North Country","North Country","North Country",null,"Zone E - Mohawk Valley","North Country","North Country","Massena"]
[null,null,null,null,null,null,null,null,null,"13433Lewis","13433",13433,"Zone E - Mohawk Valley","National Grid","Lewis","North Country","North Country","North Country","North Country",null,"Zone E - Mohawk Valley","North Country","North Country","Syracuse"]
[null,null,null,null,null,null,null,null,null,"13473Lewis","13473",13473,"Zone E - Mohawk Valley","National Grid","Lewis","North Country","North Country","North Country","North Country",null,"Zone E - Mohawk Valley","North Country","North Country","Syracuse"]
[null,null,null,null,null,null,null,null,null,"13620Lewis","13620",13620,"Zone E - Mohawk Valley","National Grid","Lewis","North Country","North Country","North Country","North Country",null,"Zone E - Mohawk Valley","North Country","North Country","Massena"]
[null,null,null,null,null,null,null,null,null,"13626Lewis","13626",13626,"Zone E - Mohawk Valley","National Grid","Lewis","North Country","North Country","North Country","North Country",null,"Zone E - Mohawk Valley","North Country","North Country","Massena"]
[null,null,null,null,null,null,null,null,null,"13627Lewis","13627",13627,"Zone E - Mohawk Valley","National Grid","Lewis","North Country","North Country","North Country","North Country",null,"Zone E - Mohawk Valley","North Country","North Country","Massena"]
[null,null,null,null,null,null,null,null,null,"13648Lewis","13648",13648,"Zone E - Mohawk Valley","National Grid","Lewis","North Country","North Country","North Country","North Country",null,"Zone E - Mohawk Valley","North Country","North Country","Massena"]
[null,null,null,null,null,null,null,null,null,"13489Lewis","13489",13489,"Zone E - Mohawk Valley","National Grid","Lewis","North Country","North Country","North Country","North Country",null,"Zone E - Mohawk Valley","North Country","North Country","Syracuse"]
[null,null,null,null,null,null,null,null,null,"14414Livingston","14414",14414,"Zone A - West","National Grid","Livingston","Finger Lakes","Western","Western","Western",null,"Zone A - West","Western","Western Region","Syracuse"]
[null,null,null,null,null,null,null,null,null,"14423Livingston","14423",14423,"Zone A - West","National Grid","Livingston","Finger Lakes","Western","Western","Western",null,"Zone A - West","Western","Western Region","Syracuse"]
[null,null,null,null,null,null,null,null,null,"14435Livingston","14435",14435,"Zone A - West","National Grid","Livingston","Finger Lakes","Western","Western","Western",null,"Zone A - West","Western","Western Region","Buffalo"]
[null,null,null,null,null,null,null,null,null,"14454Livingston","14454",14454,"Zone A - West","National Grid","Livingston","Finger Lakes","Western","Western","Western",null,"Zone A - West","Western","Western Region","Buffalo"]
[null,null,null,null,null,null,null,null,null,"14462Livingston","14462",14462,"Zone A - West","National Grid","Livingston","Finger Lakes","Western","Western","Western",null,"Zone A - West","Western","Western Region","Buffalo"]
[null,null,null,null,null,null,null,null,null,"14466Livingston","14466",14466,"Zone A - West","National Grid","Livingston","Finger Lakes","Western","Western","Western",null,"Zone A - West","Western","Western Region","Buffalo"]
[null,null,null,null,null,null,null,null,null,"14480Livingston","14480",14480,"Zone A - West","National Grid","Livingston","Finger Lakes","Western","Western","Western",null,"Zone A - West","Western","Western Region","Syracuse"]
[null,null,null,null,null,null,null,null,null,"14485Livingston","14485",14485,"Zone A - West","National Grid","Livingston","Finger Lakes","Western","Western","Western",null,"Zone A - West","Western","Western Region","Syracuse"]
[null,null,null,null,null,null,null,null,null,"14486Livingston","14486",14486,"Zone A - West","National Grid","Livingston","Finger Lakes","Western","Western","Western",null,"Zone A - West","Western","Western Region","Buffalo"]
[null,null,null,null,null,null,null,null,null,"14487Livingston","14487",14487,"Zone A - West","National Grid","Livingston","Finger Lakes","Western","Western","Western",null,"Zone A - West","Western","Western Region","Syracuse"]
[null,null,null,null,null,null,null,null,null,"14488Livingston","14488",14488,"Zone A - West","National Grid","Livingston","Finger Lakes","Western","Western","Western",null,"Zone A - West","Western","Western Region","Buffalo"]
[null,null,null,null,null,null,null,null,null,"14533Livingston","14533",14533,"Zone A - West","National Grid","Livingston","Finger Lakes","Western","Western","Western",null,"Zone A - West","Western","Western Region","Buffalo"]
[null,null,null,null,null,null,null,null,null,"14539Livingston","14539",14539,"Zone A - West","National Grid","Livingston","Finger Lakes","Western","Western","Western",null,"Zone A - West","Western","Western Region","Buffalo"]
[null,null,null,null,null,null,null,null,null,"14556Livingston","14556",14556,"Zone A - West","National Grid","Livingston","Finger Lakes","Western","Western","Western",null,"Zone A - West","Western","Western Region","Buffalo"]
[null,null,null,null,null,null,null,null,null,"14558Livingston","14558",14558,"Zone A - West","National Grid","Livingston","Finger Lakes","Western","Western","Western",null,"Zone A - West","Western","Western Region","Syracuse"]
[null,null,null,null,null,null,null,null,null,"14592Livingston","14592",14592,"Zone A - West","National Grid","Livingston","Finger Lakes","Western","Western","Western",null,"Zone A - West","Western","Western Region","Buffalo"]
[null,null,null,null,null,null,null,null,null,"14510Livingston","14510",14510,"Zone A - West","Rochester Gas and Electric","Livingston","Finger Lakes","Western","Western","Western",null,"Zone A - West","Western","Western Region","Buffalo"]
[null,null,null,null,null,null,null,null,null,"14481Livingston","14481",14481,"Zone A - West","New York State Electric and Gas","Livingston","Finger Lakes","Western","Western","Western",null,"Zone A - West","Western","Western Region","Buffalo"]
[null,null,null,null,null,null,null,null,null,"14545Livingston","14545",14545,"Zone A - West","New York State Electric and Gas","Livingston","Finger Lakes","Western","Western","Western",null,"Zone A - West","Western","Western Region","Buffalo"]
[null,null,null,null,null,null,null,null,null,"14517Livingston","14517",14517,"Zone B - Genesee","Rochester Gas and Electric","Livingston","Finger Lakes","Western","Western","Western",null,"Zone B - Genesee","Western","Western Region","Buffalo"]
[null,null,null,null,null,null,null,null,null,"14836Livingston","14836",14836,"Zone B - Genesee","Rochester Gas and Electric","Livingston","Finger Lakes","Western","Western","Western",null,"Zone B - Genesee","Western","Western Region","Buffalo"]
[null,null,null,null,null,null,null,null,null,"14846Livingston","14846",14846,"Zone B - Genesee","Rochester Gas and Electric","Livingston","Finger Lakes","Western","Western","Western",null,"Zone B - Genesee","Western","Western Region","Buffalo"]
[null,null,null,null,null,null,null,null,null,"14437Livingston","14437",14437,"Zone C - Central","New York State Electric and Gas","Livingston","Finger Lakes","Western","Western","Western",null,"Zone C - Central","Western","Western Region","Buffalo"]
[null,null,null,null,null,null,null,null,null,"13030Madison","13030",13030,"Zone C - Central","National Grid","Madison","Central New York","Central","Central","Central",null,"Zone C - Central","Central","Central Region","Syracuse"]
[null,null,null,null,null,null,null,null,null,"13037Madison","13037",13037,"Zone C - Central","National Grid","Madison","Central New York","Central","Central","Central",null,"Zone C - Central","Central","Central Region","Syracuse"]
[null,null,null,null,null,null,null,null,null,"13032Madison","13032",13032,"Zone E - Mohawk Valley","National Grid","Madison","Central New York","Central","Central","Central",null,"Zone E - Mohawk Valley","Central","Central Region","Syracuse"]
[null,null,null,null,null,null,null,null,null,"13043Madison","13043",13043,"Zone E - Mohawk Valley","National Grid","Madison","Central New York","Central","Central","Central",null,"Zone E - Mohawk Valley","Central","Central Region","Binghamton"]
[null,null,null,null,null,null,null,null,null,"13163Madison","13163",13163,"Zone E - Mohawk Valley","National Grid","Madison","Central New York","Central","Central","Central",null,"Zone E - Mohawk Valley","Central","Central Region","Syracuse"]
[null,null,null,null,null,null,null,null,null,"13409Madison","13409",13409,"Zone E - Mohawk Valley","National Grid","Madison","Central New York","Central","Central","Central",null,"Zone E - Mohawk Valley","Central","Central Region","Binghamton"]
[null,null,null,null,null,null,null,null,null,"13421Madison","13421",13421,"Zone E - Mohawk Valley","National Grid","Madison","Central New York","Central","Central","Central",null,"Zone E - Mohawk Valley","Central","Central Region","Syracuse"]
[null,null,null,null,null,null,null,null,null,"13035Madison","13035",13035,"Zone E - Mohawk Valley","National Grid","Madison","Central New York","Central","Central","Central",null,"Zone E - Mohawk Valley","Central","Central Region","Binghamton"]
[null,null,null,null,null,null,null,null,null,"13052Madison","13052",13052,"Zone E - Mohawk Valley","National Grid","Madison","Central New York","Central","Central","Central",null,"Zone E - Mohawk Valley","Central","Central Region","Binghamton"]
[null,null,null,null,null,null,null,null,null,"13061Madison","13061",13061,"Zone E - Mohawk Valley","National Grid","Madison","Central New York","Central","Central","Central",null,"Zone E - Mohawk Valley","Central","Central Region","Binghamton"]
[null,null,null,null,null,null,null,null,null,"13122Madison","13122",13122,"Zone E - Mohawk Valley","National Grid","Madison","Central New York","Central","Central","Central",null,"Zone E - Mohawk Valley","Central","Central Region","Binghamton"]
[null,null,null,null,null,null,null,null,null,"13134Madison","13134",13134,"Zone E - Mohawk Valley","New York State Electric and Gas","Madison","Central New York","Central","Central","Central",null,"Zone E - Mohawk Valley","Central","Central Region","Binghamton"]
[null,null,null,null,null,null,null,null,null,"13310Madison","13310",13310,"Zone E - Mohawk Valley","New York State Electric and Gas","Madison","Central New York","Central","Central","Central",null,"Zone E - Mohawk Valley","Central","Central Region","Binghamton"]
[null,null,null,null,null,null,null,null,null,"13314Madison","13314",13314,"Zone E - Mohawk Valley","New York State Electric and Gas","Madison","Central New York","Central","Central","Central",null,"Zone E - Mohawk Valley","Central","Central Region","Binghamton"]
[null,null,null,null,null,null,null,null,null,"13332Madison","13332",13332,"Zone E - Mohawk Valley","New York State Electric and Gas","Madison","Central New York","Central","Central","Central",null,"Zone E - Mohawk Valley","Central","Central Region","Binghamton"]
[null,null,null,null,null,null,null,null,null,"13334Madison","13334",13334,"Zone E - Mohawk Valley","New York State Electric and Gas","Madison","Central New York","Central","Central","Central",null,"Zone E - Mohawk Valley","Central","Central Region","Binghamton"]
[null,null,null,null,null,null,null,null,null,"13355Madison","13355",13355,"Zone E - Mohawk Valley","New York State Electric and Gas","Madison","Central New York","Central","Central","Central",null,"Zone E - Mohawk Valley","Central","Central Region","Binghamton"]
[null,null,null,null,null,null,null,null,null,"13364Madison","13364",13364,"Zone E - Mohawk Valley","New York State Electric and Gas","Madison","Central New York","Central","Central","Central",null,"Zone E - Mohawk Valley","Central","Central Region","Binghamton"]
[null,null,null,null,null,null,null,null,null,"13402Madison","13402",13402,"Zone E - Mohawk Valley","New York State Electric and Gas","Madison","Central New York","Central","Central","Central",null,"Zone E - Mohawk Valley","Central","Central Region","Binghamton"]
[null,null,null,null,null,null,null,null,null,"13408Madison","13408",13408,"Zone E - Mohawk Valley","New York State Electric and Gas","Madison","Central New York","Central","Central","Central",null,"Zone E - Mohawk Valley","Central","Central Region","Binghamton"]
[null,null,null,null,null,null,null,null,null,"13418Madison","13418",13418,"Zone E - Mohawk Valley","New York State Electric and Gas","Madison","Central New York","Central","Central","Central",null,"Zone E - Mohawk Valley","Central","Central Region","Binghamton"]
[null,null,null,null,null,null,null,null,null,"13465Madison","13465",13465,"Zone E - Mohawk Valley","New York State Electric and Gas","Madison","Central New York","Central","Central","Central",null,"Zone E - Mohawk Valley","Central","Central Region","Binghamton"]
[null,null,null,null,null,null,null,null,null,"13484Madison","13484",13484,"Zone E - Mohawk Valley","New York State Electric and Gas","Madison","Central New York","Central","Central","Central",null,"Zone E - Mohawk Valley","Central","Central Region","Binghamton"]
[null,null,null,null,null,null,null,null,null,"13485Madison","13485",13485,"Zone E - Mohawk Valley","New York State Electric and Gas","Madison","Central New York","Central","Central","Central",null,"Zone E - Mohawk Valley","Central","Central Region","Binghamton"]
[null,null,null,null,null,null,null,null,null,"13346Madison","13346",13346,"Zone E - Mohawk Valley","Municipal Utilities","Madison","Central New York","Central","Central","Central",null,"Zone E - Mohawk Valley","Central","Central Region","Binghamton"]
[null,null,null,null,null,null,null,null,null,"13072Madison","13072",13072,"Zone E - Mohawk Valley","New York State Electric and Gas","Madison","Central New York","Central","Central","Central",null,"Zone E - Mohawk Valley","Central","Central Region","Binghamton"]
[null,null,null,null,null,null,null,null,null,"14420Monroe","14420",14420,"Zone A - West","National Grid","Monroe","Finger Lakes","Western","Western","Western",null,"Zone A - West","Western","Western Region","Buffalo"]
[null,null,null,null,null,null,null,null,null,"14430Monroe","14430",14430,"Zone A - West","National Grid","Monroe","Finger Lakes","Western","Western","Western",null,"Zone A - West","Western","Western Region","Buffalo"]
[null,null,null,null,null,null,null,null,null,"14464Monroe","14464",14464,"Zone A - West","National Grid","Monroe","Finger Lakes","Western","Western","Western",null,"Zone A - West","Western","Western Region","Buffalo"]
[null,null,null,null,null,null,null,null,null,"14472Monroe","14472",14472,"Zone A - West","National Grid","Monroe","Finger Lakes","Western","Western","Western",null,"Zone A - West","Western","Western Region","Syracuse"]
[null,null,null,null,null,null,null,null,null,"14508Monroe","14508",14508,"Zone A - West","National Grid","Monroe","Finger Lakes","Western","Western","Western",null,"Zone A - West","Western","Western Region","Buffalo"]
[null,null,null,null,null,null,null,null,null,"14511Monroe","14511",14511,"Zone A - West","National Grid","Monroe","Finger Lakes","Western","Western","Western",null,"Zone A - West","Western","Western Region","Syracuse"]
[null,null,null,null,null,null,null,null,null,"14543Monroe","14543",14543,"Zone A - West","National Grid","Monroe","Finger Lakes","Western","Western","Western",null,"Zone A - West","Western","Western Region","Syracuse"]
[null,null,null,null,null,null,null,null,null,"14546Monroe","14546",14546,"Zone A - West","National Grid","Monroe","Finger Lakes","Western","Western","Western",null,"Zone A - West","Western","Western Region","Syracuse"]
[null,null,null,null,null,null,null,null,null,"14428Monroe","14428",14428,"Zone A - West","Municipal Utilities","Monroe","Finger Lakes","Western","Western","Western",null,"Zone A - West","Western","Western Region","Syracuse"]
[null,null,null,null,null,null,null,null,null,"14410Monroe","14410",14410,"Zone A - West","Rochester Gas and Electric","Monroe","Finger Lakes","Western","Western","Western",null,"Zone A - West","Western","Western Region","Syracuse"]
[null,null,null,null,null,null,null,null,null,"14467Monroe","14467",14467,"Zone A - West","Rochester Gas and Electric","Monroe","Finger Lakes","Western","Western","Western",null,"Zone A - West","Western","Western Region","Syracuse"]
[null,null,null,null,null,null,null,null,null,"14468Monroe","14468",14468,"Zone A - West","Rochester Gas and Electric","Monroe","Finger Lakes","Western","Western","Western",null,"Zone A - West","Western","Western Region","Syracuse"]
[null,null,null,null,null,null,null,null,null,"14506Monroe","14506",14506,"Zone A - West","Rochester Gas and Electric","Monroe","Finger Lakes","Western","Western","Western",null,"Zone A - West","Western","Western Region","Syracuse"]
[null,null,null,null,null,null,null,null,null,"14586Monroe","14586",14586,"Zone A - West","Rochester Gas and Electric","Monroe","Finger Lakes","Western","Western","Western",null,"Zone A - West","Western","Western Region","Syracuse"]
[null,null,null,null,null,null,null,null,null,"14559Monroe","14559",14559,"Zone B - Genesee","Municipal Utilities","Monroe","Finger Lakes","Western","Western","Western",null,"Zone B - Genesee","Western","Western Region","Syracuse"]
[null,null,null,null,null,null,null,null,null,"14450Monroe","14450",14450,"Zone B - Genesee","Municipal Utilities","Monroe","Finger Lakes","Western","Western","Western",null,"Zone B - Genesee","Western","Western Region","Syracuse"]
[null,null,null,null,null,null,null,null,null,"14445Monroe","14445",14445,"Zone B - Genesee","Rochester Gas and Electric","Monroe","Finger Lakes","Western","Western","Western",null,"Zone B - Genesee","Western","Western Region","Syracuse"]
[null,null,null,null,null,null,null,null,null,"14514Monroe","14514",14514,"Zone B - Genesee","Rochester Gas and Electric","Monroe","Finger Lakes","Western","Western","Western",null,"Zone B - Genesee","Western","Western Region","Syracuse"]
[null,null,null,null,null,null,null,null,null,"14515Monroe","14515",14515,"Zone B - Genesee","Rochester Gas and Electric","Monroe","Finger Lakes","Western","Western","Western",null,"Zone B - Genesee","Western","Western Region","Syracuse"]
[null,null,null,null,null,null,null,null,null,"14526Monroe","14526",14526,"Zone B - Genesee","Rochester Gas and Electric","Monroe","Finger Lakes","Western","Western","Western",null,"Zone B - Genesee","Western","Western Region","Syracuse"]
[null,null,null,null,null,null,null,null,null,"14534Monroe","14534",14534,"Zone B - Genesee","Rochester Gas and Electric","Monroe","Finger Lakes","Western","Western","Western",null,"Zone B - Genesee","Western","Western Region","Syracuse"]
[null,null,null,null,null,null,null,null,null,"14580Monroe","14580",14580,"Zone B - Genesee","Rochester Gas and Electric","Monroe","Finger Lakes","Western","Western","Western",null,"Zone B - Genesee","Western","Western Region","Syracuse"]
[null,null,null,null,null,null,null,null,null,"14602Monroe","14602",14602,"Zone B - Genesee","Rochester Gas and Electric","Monroe","Finger Lakes","Western","Western","Western",null,"Zone B - Genesee","Western","Western Region","Syracuse"]
[null,null,null,null,null,null,null,null,null,"14603Monroe","14603",14603,"Zone B - Genesee","Rochester Gas and Electric","Monroe","Finger Lakes","Western","Western","Western",null,"Zone B - Genesee","Western","Western Region","Syracuse"]
[null,null,null,null,null,null,null,null,null,"14604Monroe","14604",14604,"Zone B - Genesee","Rochester Gas and Electric","Monroe","Finger Lakes","Western","Western","Western",null,"Zone B - Genesee","Western","Western Region","Syracuse"]
[null,null,null,null,null,null,null,null,null,"14605Monroe","14605",14605,"Zone B - Genesee","Rochester Gas and Electric","Monroe","Finger Lakes","Western","Western","Western",null,"Zone B - Genesee","Western","Western Region","Syracuse"]
[null,null,null,null,null,null,null,null,null,"14606Monroe","14606",14606,"Zone B - Genesee","Rochester Gas and Electric","Monroe","Finger Lakes","Western","Western","Western",null,"Zone B - Genesee","Western","Western Region","Syracuse"]
[null,null,null,null,null,null,null,null,null,"14607Monroe","14607",14607,"Zone B - Genesee","Rochester Gas and Electric","Monroe","Finger Lakes","Western","Western","Western",null,"Zone B - Genesee","Western","Western Region","Syracuse"]
[null,null,null,null,null,null,null,null,null,"14608Monroe","14608",14608,"Zone B - Genesee","Rochester Gas and Electric","Monroe","Finger Lakes","Western","Western","Western",null,"Zone B - Genesee","Western","Western Region","Syracuse"]
[null,null,null,null,null,null,null,null,null,"14609Monroe","14609",14609,"Zone B - Genesee","Rochester Gas and Electric","Monroe","Finger Lakes","Western","Western","Western",null,"Zone B - Genesee","Western","Western Region","Syracuse"]
[null,null,null,null,null,null,null,null,null,"14610Monroe","14610",14610,"Zone B - Genesee","Rochester Gas and Electric","Monroe","Finger Lakes","Western","Western","Western",null,"Zone B - Genesee","Western","Western Region","Syracuse"]
[null,null,null,null,null,null,null,null,null,"14611Monroe","14611",14611,"Zone B - Genesee","Rochester Gas and Electric","Monroe","Finger Lakes","Western","Western","Western",null,"Zone B - Genesee","Western","Western Region","Syracuse"]
[null,null,null,null,null,null,null,null,null,"14612Monroe","14612",14612,"Zone B - Genesee","Rochester Gas and Electric","Monroe","Finger Lakes","Western","Western","Western",null,"Zone B - Genesee","Western","Western Region","Syracuse"]
[null,null,null,null,null,null,null,null,null,"14613Monroe","14613",14613,"Zone B - Genesee","Rochester Gas and Electric","Monroe","Finger Lakes","Western","Western","Western",null,"Zone B - Genesee","Western","Western Region","Syracuse"]
[null,null,null,null,null,null,null,null,null,"14614Monroe","14614",14614,"Zone B - Genesee","Rochester Gas and Electric","Monroe","Finger Lakes","Western","Western","Western",null,"Zone B - Genesee","Western","Western Region","Syracuse"]
[null,null,null,null,null,null,null,null,null,"14615Monroe","14615",14615,"Zone B - Genesee","Rochester Gas and Electric","Monroe","Finger Lakes","Western","Western","Western",null,"Zone B - Genesee","Western","Western Region","Syracuse"]
[null,null,null,null,null,null,null,null,null,"14616Monroe","14616",14616,"Zone B - Genesee","Rochester Gas and Electric","Monroe","Finger Lakes","Western","Western","Western",null,"Zone B - Genesee","Western","Western Region","Syracuse"]
[null,null,null,null,null,null,null,null,null,"14617Monroe","14617",14617,"Zone B - Genesee","Rochester Gas and Electric","Monroe","Finger Lakes","Western","Western","Western",null,"Zone B - Genesee","Western","Western Region","Syracuse"]
[null,null,null,null,null,null,null,null,null,"14618Monroe","14618",14618,"Zone B - Genesee","Rochester Gas and Electric","Monroe","Finger Lakes","Western","Western","Western",null,"Zone B - Genesee","Western","Western Region","Syracuse"]
[null,null,null,null,null,null,null,null,null,"14619Monroe","14619",14619,"Zone B - Genesee","Rochester Gas and Electric","Monroe","Finger Lakes","Western","Western","Western",null,"Zone B - Genesee","Western","Western Region","Syracuse"]
[null,null,null,null,null,null,null,null,null,"14620Monroe","14620",14620,"Zone B - Genesee","Rochester Gas and Electric","Monroe","Finger Lakes","Western","Western","Western",null,"Zone B - Genesee","Western","Western Region","Syracuse"]
[null,null,null,null,null,null,null,null,null,"14621Monroe","14621",14621,"Zone B - Genesee","Rochester Gas and Electric","Monroe","Finger Lakes","Western","Western","Western",null,"Zone B - Genesee","Western","Western Region","Syracuse"]
[null,null,null,null,null,null,null,null,null,"14622Monroe","14622",14622,"Zone B - Genesee","Rochester Gas and Electric","Monroe","Finger Lakes","Western","Western","Western",null,"Zone B - Genesee","Western","Western Region","Syracuse"]
[null,null,null,null,null,null,null,null,null,"14623Monroe","14623",14623,"Zone B - Genesee","Rochester Gas and Electric","Monroe","Finger Lakes","Western","Western","Western",null,"Zone B - Genesee","Western","Western Region","Syracuse"]
[null,null,null,null,null,null,null,null,null,"14624Monroe","14624",14624,"Zone B - Genesee","Rochester Gas and Electric","Monroe","Finger Lakes","Western","Western","Western",null,"Zone B - Genesee","Western","Western Region","Syracuse"]
[null,null,null,null,null,null,null,null,null,"14625Monroe","14625",14625,"Zone B - Genesee","Rochester Gas and Electric","Monroe","Finger Lakes","Western","Western","Western",null,"Zone B - Genesee","Western","Western Region","Syracuse"]
[null,null,null,null,null,null,null,null,null,"14626Monroe","14626",14626,"Zone B - Genesee","Rochester Gas and Electric","Monroe","Finger Lakes","Western","Western","Western",null,"Zone B - Genesee","Western","Western Region","Syracuse"]
[null,null,null,null,null,null,null,null,null,"14627Monroe","14627",14627,"Zone B - Genesee","Rochester Gas and Electric","Monroe","Finger Lakes","Western","Western","Western",null,"Zone B - Genesee","Western","Western Region","Syracuse"]
[null,null,null,null,null,null,null,null,null,"14638Monroe","14638",14638,"Zone B - Genesee","Rochester Gas and Electric","Monroe","Finger Lakes","Western","Western","Western",null,"Zone B - Genesee","Western","Western Region","Syracuse"]
[null,null,null,null,null,null,null,null,null,"14639Monroe","14639",14639,"Zone B - Genesee","Rochester Gas and Electric","Monroe","Finger Lakes","Western","Western","Western",null,"Zone B - Genesee","Western","Western Region","Syracuse"]
[null,null,null,null,null,null,null,null,null,"14642Monroe","14642",14642,"Zone B - Genesee","Rochester Gas and Electric","Monroe","Finger Lakes","Western","Western","Western",null,"Zone B - Genesee","Western","Western Region","Syracuse"]
[null,null,null,null,null,null,null,null,null,"14643Monroe","14643",14643,"Zone B - Genesee","Rochester Gas and Electric","Monroe","Finger Lakes","Western","Western","Western",null,"Zone B - Genesee","Western","Western Region","Syracuse"]
[null,null,null,null,null,null,null,null,null,"14644Monroe","14644",14644,"Zone B - Genesee","Rochester Gas and Electric","Monroe","Finger Lakes","Western","Western","Western",null,"Zone B - Genesee","Western","Western Region","Syracuse"]
[null,null,null,null,null,null,null,null,null,"14646Monroe","14646",14646,"Zone B - Genesee","Rochester Gas and Electric","Monroe","Finger Lakes","Western","Western","Western",null,"Zone B - Genesee","Western","Western Region","Syracuse"]
[null,null,null,null,null,null,null,null,null,"14647Monroe","14647",14647,"Zone B - Genesee","Rochester Gas and Electric","Monroe","Finger Lakes","Western","Western","Western",null,"Zone B - Genesee","Western","Western Region","Syracuse"]
[null,null,null,null,null,null,null,null,null,"14649Monroe","14649",14649,"Zone B - Genesee","Rochester Gas and Electric","Monroe","Finger Lakes","Western","Western","Western",null,"Zone B - Genesee","Western","Western Region","Syracuse"]
[null,null,null,null,null,null,null,null,null,"14650Monroe","14650",14650,"Zone B - Genesee","Rochester Gas and Electric","Monroe","Finger Lakes","Western","Western","Western",null,"Zone B - Genesee","Western","Western Region","Syracuse"]
[null,null,null,null,null,null,null,null,null,"14651Monroe","14651",14651,"Zone B - Genesee","Rochester Gas and Electric","Monroe","Finger Lakes","Western","Western","Western",null,"Zone B - Genesee","Western","Western Region","Syracuse"]
[null,null,null,null,null,null,null,null,null,"14652Monroe","14652",14652,"Zone B - Genesee","Rochester Gas and Electric","Monroe","Finger Lakes","Western","Western","Western",null,"Zone B - Genesee","Western","Western Region","Syracuse"]
[null,null,null,null,null,null,null,null,null,"14653Monroe","14653",14653,"Zone B - Genesee","Rochester Gas and Electric","Monroe","Finger Lakes","Western","Western","Western",null,"Zone B - Genesee","Western","Western Region","Syracuse"]
[null,null,null,null,null,null,null,null,null,"14692Monroe","14692",14692,"Zone B - Genesee","Rochester Gas and Electric","Monroe","Finger Lakes","Western","Western","Western",null,"Zone B - Genesee","Western","Western Region","Syracuse"]
[null,null,null,null,null,null,null,null,null,"14694Monroe","14694",14694,"Zone B - Genesee","Rochester Gas and Electric","Monroe","Finger Lakes","Western","Western","Western",null,"Zone B - Genesee","Western","Western Region","Syracuse"]
[null,null,null,null,null,null,null,null,null,"12010Montgomery","12010",12010,"Zone F - Capital","National Grid","Montgomery","Mohawk Valley","Capital District","Capital District","Capital District",null,"Zone F - Capital","Capital District","Capital District","Albany"]
[null,null,null,null,null,null,null,null,null,"12016Montgomery","12016",12016,"Zone F - Capital","National Grid","Montgomery","Mohawk Valley","Capital District","Capital District","Capital District",null,"Zone F - Capital","Capital District","Capital District","Albany"]
[null,null,null,null,null,null,null,null,null,"12068Montgomery","12068",12068,"Zone F - Capital","National Grid","Montgomery","Mohawk Valley","Capital District","Capital District","Capital District",null,"Zone F - Capital","Capital District","Capital District","Albany"]
[null,null,null,null,null,null,null,null,null,"12069Montgomery","12069",12069,"Zone F - Capital","National Grid","Montgomery","Mohawk Valley","Capital District","Capital District","Capital District",null,"Zone F - Capital","Capital District","Capital District","Albany"]
[null,null,null,null,null,null,null,null,null,"12070Montgomery","12070",12070,"Zone F - Capital","National Grid","Montgomery","Mohawk Valley","Capital District","Capital District","Capital District",null,"Zone F - Capital","Capital District","Capital District","Albany"]
[null,null,null,null,null,null,null,null,null,"12072Montgomery","12072",12072,"Zone F - Capital","National Grid","Montgomery","Mohawk Valley","Capital District","Capital District","Capital District",null,"Zone F - Capital","Capital District","Capital District","Albany"]
[null,null,null,null,null,null,null,null,null,"12166Montgomery","12166",12166,"Zone F - Capital","National Grid","Montgomery","Mohawk Valley","Capital District","Capital District","Capital District",null,"Zone F - Capital","Capital District","Capital District","Binghamton"]
[null,null,null,null,null,null,null,null,null,"12177Montgomery","12177",12177,"Zone F - Capital","National Grid","Montgomery","Mohawk Valley","Capital District","Capital District","Capital District",null,"Zone F - Capital","Capital District","Capital District","Albany"]
[null,null,null,null,null,null,null,null,null,"13317Montgomery","13317",13317,"Zone F - Capital","National Grid","Montgomery","Mohawk Valley","Capital District","Capital District","Capital District",null,"Zone F - Capital","Capital District","Capital District","Albany"]
[null,null,null,null,null,null,null,null,null,"13339Montgomery","13339",13339,"Zone F - Capital","National Grid","Montgomery","Mohawk Valley","Capital District","Capital District","Capital District",null,"Zone F - Capital","Capital District","Capital District","Albany"]
[null,null,null,null,null,null,null,null,null,"13410Montgomery","13410",13410,"Zone F - Capital","National Grid","Montgomery","Mohawk Valley","Capital District","Capital District","Capital District",null,"Zone F - Capital","Capital District","Capital District","Albany"]
[null,null,null,null,null,null,null,null,null,"13428Montgomery","13428",13428,"Zone F - Capital","National Grid","Montgomery","Mohawk Valley","Capital District","Capital District","Capital District",null,"Zone F - Capital","Capital District","Capital District","Albany"]
[null,null,null,null,null,null,null,null,null,"11001Nassau","11001",11001,"Zone K - Long Island","PSEG Long Island","Nassau","Long Island","Long Island",{"$error":"#N/A"},{"$error":"#N/A"},null,"Zone K - Long Island","Long Island","Long Island","New York"]
[null,null,null,null,null,null,null,null,null,"11002Nassau","11002",11002,"Zone K - Long Island","PSEG Long Island","Nassau","Long Island","Long Island",{"$error":"#N/A"},{"$error":"#N/A"},null,"Zone K - Long Island","Long Island","Long Island","New York"]
[null,null,null,null,null,null,null,null,null,"11020Nassau","11020",11020,"Zone K - Long Island","PSEG Long Island","Nassau","Long Island","Long Island",{"$error":"#N/A"},{"$error":"#N/A"},null,"Zone K - Long Island","Long Island","Long Island","New York"]
[null,null,null,null,null,null,null,null,null,"11021Nassau","11021",11021,"Zone K - Long Island","PSEG Long Island","Nassau","Long Island","Long Island",{"$error":"#N/A"},{"$error":"#N/A"},null,"Zone K - Long Island","Long Island","Long Island","New York"]
[null,null,null,null,null,null,null,null,null,"11022Nassau","11022",11022,"Zone K - Long Island","PSEG Long Island","Nassau","Long Island","Long Island",{"$error":"#N/A"},{"$error":"#N/A"},null,"Zone K - Long Island","Long Island","Long Island","New York"]
[null,null,null,null,null,null,null,null,null,"11023Nassau","11023",11023,"Zone K - Long Island","PSEG Long Island","Nassau","Long Island","Long Island",{"$error":"#N/A"},{"$error":"#N/A"},null,"Zone K - Long Island","Long Island","Long Island","New York"]
[null,null,null,null,null,null,null,null,null,"11024Nassau","11024",11024,"Zone K - Long Island","PSEG Long Island","Nassau","Long Island","Long Island",{"$error":"#N/A"},{"$error":"#N/A"},null,"Zone K - Long Island","Long Island","Long Island","New York"]
[null,null,null,null,null,null,null,null,null,"11026Nassau","11026",11026,"Zone K - Long Island","PSEG Long Island","Nassau","Long Island","Long Island",{"$error":"#N/A"},{"$error":"#N/A"},null,"Zone K - Long Island","Long Island","Long Island","New York"]
[null,null,null,null,null,null,null,null,null,"11027Nassau","11027",11027,"Zone K - Long Island","PSEG Long Island","Nassau","Long Island","Long Island",{"$error":"#N/A"},{"$error":"#N/A"},null,"Zone K - Long Island","Long Island","Long Island","New York"]
[null,null,null,null,null,null,null,null,null,"11030Nassau","11030",11030,"Zone K - Long Island","PSEG Long Island","Nassau","Long Island","Long Island",{"$error":"#N/A"},{"$error":"#N/A"},null,"Zone K - Long Island","Long Island","Long Island","New York"]
[null,null,null,null,null,null,null,null,null,"11040Nassau","11040",11040,"Zone K - Long Island","PSEG Long Island","Nassau","Long Island","Long Island",{"$error":"#N/A"},{"$error":"#N/A"},null,"Zone K - Long Island","Long Island","Long Island","New York"]
[null,null,null,null,null,null,null,null,null,"11042Nassau","11042",11042,"Zone K - Long Island","PSEG Long Island","Nassau","Long Island","Long Island",{"$error":"#N/A"},{"$error":"#N/A"},null,"Zone K - Long Island","Long Island","Long Island","New York"]
[null,null,null,null,null,null,null,null,null,"11050Nassau","11050",11050,"Zone K - Long Island","PSEG Long Island","Nassau","Long Island","Long Island",{"$error":"#N/A"},{"$error":"#N/A"},null,"Zone K - Long Island","Long Island","Long Island","New York"]
[null,null,null,null,null,null,null,null,null,"11051Nassau","11051",11051,"Zone K - Long Island","PSEG Long Island","Nassau","Long Island","Long Island",{"$error":"#N/A"},{"$error":"#N/A"},null,"Zone K - Long Island","Long Island","Long Island","New York"]
[null,null,null,null,null,null,null,null,null,"11052Nassau","11052",11052,"Zone K - Long Island","PSEG Long Island","Nassau","Long Island","Long Island",{"$error":"#N/A"},{"$error":"#N/A"},null,"Zone K - Long Island","Long Island","Long Island","New York"]
[null,null,null,null,null,null,null,null,null,"11053Nassau","11053",11053,"Zone K - Long Island","PSEG Long Island","Nassau","Long Island","Long Island",{"$error":"#N/A"},{"$error":"#N/A"},null,"Zone K - Long Island","Long Island","Long Island","New York"]
[null,null,null,null,null,null,null,null,null,"11054Nassau","11054",11054,"Zone K - Long Island","PSEG Long Island","Nassau","Long Island","Long Island",{"$error":"#N/A"},{"$error":"#N/A"},null,"Zone K - Long Island","Long Island","Long Island","New York"]
[null,null,null,null,null,null,null,null,null,"11055Nassau","11055",11055,"Zone K - Long Island","PSEG Long Island","Nassau","Long Island","Long Island",{"$error":"#N/A"},{"$error":"#N/A"},null,"Zone K - Long Island","Long Island","Long Island","New York"]
[null,null,null,null,null,null,null,null,null,"11501Nassau","11501",11501,"Zone K - Long Island","PSEG Long Island","Nassau","Long Island","Long Island",{"$error":"#N/A"},{"$error":"#N/A"},null,"Zone K - Long Island","Long Island","Long Island","New York"]
[null,null,null,null,null,null,null,null,null,"11507Nassau","11507",11507,"Zone K - Long Island","PSEG Long Island","Nassau","Long Island","Long Island",{"$error":"#N/A"},{"$error":"#N/A"},null,"Zone K - Long Island","Long Island","Long Island","New York"]
[null,null,null,null,null,null,null,null,null,"11514Nassau","11514",11514,"Zone K - Long Island","PSEG Long Island","Nassau","Long Island","Long Island",{"$error":"#N/A"},{"$error":"#N/A"},null,"Zone K - Long Island","Long Island","Long Island","New York"]
[null,null,null,null,null,null,null,null,null,"11542Nassau","11542",11542,"Zone K - Long Island","PSEG Long Island","Nassau","Long Island","Long Island",{"$error":"#N/A"},{"$error":"#N/A"},null,"Zone K - Long Island","Long Island","Long Island","New York"]
[null,null,null,null,null,null,null,null,null,"11545Nassau","11545",11545,"Zone K - Long Island","PSEG Long Island","Nassau","Long Island","Long Island",{"$error":"#N/A"},{"$error":"#N/A"},null,"Zone K - Long Island","Long Island","Long Island","New York"]
[null,null,null,null,null,null,null,null,null,"11547Nassau","11547",11547,"Zone K - Long Island","PSEG Long Island","Nassau","Long Island","Long Island",{"$error":"#N/A"},{"$error":"#N/A"},null,"Zone K - Long Island","Long Island","Long Island","New York"]
[null,null,null,null,null,null,null,null,null,"11548Nassau","11548",11548,"Zone K - Long Island","PSEG Long Island","Nassau","Long Island","Long Island",{"$error":"#N/A"},{"$error":"#N/A"},null,"Zone K - Long Island","Long Island","Long Island","New York"]
[null,null,null,null,null,null,null,null,null,"11554Nassau","11554",11554,"Zone K - Long Island","PSEG Long Island","Nassau","Long Island","Long Island",{"$error":"#N/A"},{"$error":"#N/A"},null,"Zone K - Long Island","Long Island","Long Island","New York"]
[null,null,null,null,null,null,null,null,null,"11560Nassau","11560",11560,"Zone K - Long Island","PSEG Long Island","Nassau","Long Island","Long Island",{"$error":"#N/A"},{"$error":"#N/A"},null,"Zone K - Long Island","Long Island","Long Island","New York"]
[null,null,null,null,null,null,null,null,null,"11566Nassau","11566",11566,"Zone K - Long Island","PSEG Long Island","Nassau","Long Island","Long Island",{"$error":"#N/A"},{"$error":"#N/A"},null,"Zone K - Long Island","Long Island","Long Island","New York"]
[null,null,null,null,null,null,null,null,null,"11568Nassau","11568",11568,"Zone K - Long Island","PSEG Long Island","Nassau","Long Island","Long Island",{"$error":"#N/A"},{"$error":"#N/A"},null,"Zone K - Long Island","Long Island","Long Island","New York"]
[null,null,null,null,null,null,null,null,null,"11576Nassau","11576",11576,"Zone K - Long Island","PSEG Long Island","Nassau","Long Island","Long Island",{"$error":"#N/A"},{"$error":"#N/A"},null,"Zone K - Long Island","Long Island","Long Island","New York"]
[null,null,null,null,null,null,null,null,null,"11577Nassau","11577",11577,"Zone K - Long Island","PSEG Long Island","Nassau","Long Island","Long Island",{"$error":"#N/A"},{"$error":"#N/A"},null,"Zone K - Long Island","Long Island","Long Island","New York"]
[null,null,null,null,null,null,null,null,null,"11579Nassau","11579",11579,"Zone K - Long Island","PSEG Long Island","Nassau","Long Island","Long Island",{"$error":"#N/A"},{"$error":"#N/A"},null,"Zone K - Long Island","Long Island","Long Island","New York"]
[null,null,null,null,null,null,null,null,null,"11590Nassau","11590",11590,"Zone K - Long Island","PSEG Long Island","Nassau","Long Island","Long Island",{"$error":"#N/A"},{"$error":"#N/A"},null,"Zone K - Long Island","Long Island","Long Island","New York"]
[null,null,null,null,null,null,null,null,null,"11596Nassau","11596",11596,"Zone K - Long Island","PSEG Long Island","Nassau","Long Island","Long Island",{"$error":"#N/A"},{"$error":"#N/A"},null,"Zone K - Long Island","Long Island","Long Island","New York"]
[null,null,null,null,null,null,null,null,null,"11709Nassau","11709",11709,"Zone K - Long Island","PSEG Long Island","Nassau","Long Island","Long Island",{"$error":"#N/A"},{"$error":"#N/A"},null,"Zone K - Long Island","Long Island","Long Island","New York"]
[null,null,null,null,null,null,null,null,null,"11710Nassau","11710",11710,"Zone K - Long Island","PSEG Long Island","Nassau","Long Island","Long Island",{"$error":"#N/A"},{"$error":"#N/A"},null,"Zone K - Long Island","Long Island","Long Island","New York"]
[null,null,null,null,null,null,null,null,null,"11714Nassau","11714",11714,"Zone K - Long Island","PSEG Long Island","Nassau","Long Island","Long Island",{"$error":"#N/A"},{"$error":"#N/A"},null,"Zone K - Long Island","Long Island","Long Island","New York"]
[null,null,null,null,null,null,null,null,null,"11732Nassau","11732",11732,"Zone K - Long Island","PSEG Long Island","Nassau","Long Island","Long Island",{"$error":"#N/A"},{"$error":"#N/A"},null,"Zone K - Long Island","Long Island","Long Island","New York"]
[null,null,null,null,null,null,null,null,null,"11735Nassau","11735",11735,"Zone K - Long Island","PSEG Long Island","Nassau","Long Island","Long Island",{"$error":"#N/A"},{"$error":"#N/A"},null,"Zone K - Long Island","Long Island","Long Island","New York"]
[null,null,null,null,null,null,null,null,null,"11753Nassau","11753",11753,"Zone K - Long Island","PSEG Long Island","Nassau","Long Island","Long Island",{"$error":"#N/A"},{"$error":"#N/A"},null,"Zone K - Long Island","Long Island","Long Island","New York"]
[null,null,null,null,null,null,null,null,null,"11756Nassau","11756",11756,"Zone K - Long Island","PSEG Long Island","Nassau","Long Island","Long Island",{"$error":"#N/A"},{"$error":"#N/A"},null,"Zone K - Long Island","Long Island","Long Island","New York"]
[null,null,null,null,null,null,null,null,null,"11758Nassau","11758",11758,"Zone K - Long Island","PSEG Long Island","Nassau","Long Island","Long Island",{"$error":"#N/A"},{"$error":"#N/A"},null,"Zone K - Long Island","Long Island","Long Island","New York"]
[null,null,null,null,null,null,null,null,null,"11762Nassau","11762",11762,"Zone K - Long Island","PSEG Long Island","Nassau","Long Island","Long Island",{"$error":"#N/A"},{"$error":"#N/A"},null,"Zone K - Long Island","Long Island","Long Island","New York"]
[null,null,null,null,null,null,null,null,null,"11765Nassau","11765",11765,"Zone K - Long Island","PSEG Long Island","Nassau","Long Island","Long Island",{"$error":"#N/A"},{"$error":"#N/A"},null,"Zone K - Long Island","Long Island","Long Island","New York"]
[null,null,null,null,null,null,null,null,null,"11771Nassau","11771",11771,"Zone K - Long Island","PSEG Long Island","Nassau","Long Island","Long Island",{"$error":"#N/A"},{"$error":"#N/A"},null,"Zone K - Long Island","Long Island","Long Island","New York"]
[null,null,null,null,null,null,null,null,null,"11773Nassau","11773",11773,"Zone K - Long Island","PSEG Long Island","Nassau","Long Island","Long Island",{"$error":"#N/A"},{"$error":"#N/A"},null,"Zone K - Long Island","Long Island","Long Island","New York"]
[null,null,null,null,null,null,null,null,null,"11783Nassau","11783",11783,"Zone K - Long Island","PSEG Long Island","Nassau","Long Island","Long Island",{"$error":"#N/A"},{"$error":"#N/A"},null,"Zone K - Long Island","Long Island","Long Island","New York"]
[null,null,null,null,null,null,null,null,null,"11791Nassau","11791",11791,"Zone K - Long Island","PSEG Long Island","Nassau","Long Island","Long Island",{"$error":"#N/A"},{"$error":"#N/A"},null,"Zone K - Long Island","Long Island","Long Island","New York"]
[null,null,null,null,null,null,null,null,null,"11793Nassau","11793",11793,"Zone K - Long Island","PSEG Long Island","Nassau","Long Island","Long Island",{"$error":"#N/A"},{"$error":"#N/A"},null,"Zone K - Long Island","Long Island","Long Island","New York"]
[null,null,null,null,null,null,null,null,null,"11797Nassau","11797",11797,"Zone K - Long Island","PSEG Long Island","Nassau","Long Island","Long Island",{"$error":"#N/A"},{"$error":"#N/A"},null,"Zone K - Long Island","Long Island","Long Island","New York"]
[null,null,null,null,null,null,null,null,null,"11801Nassau","11801",11801,"Zone K - Long Island","PSEG Long Island","Nassau","Long Island","Long Island",{"$error":"#N/A"},{"$error":"#N/A"},null,"Zone K - Long Island","Long Island","Long Island","New York"]
[null,null,null,null,null,null,null,null,null,"11802Nassau","11802",11802,"Zone K - Long Island","PSEG Long Island","Nassau","Long Island","Long Island",{"$error":"#N/A"},{"$error":"#N/A"},null,"Zone K - Long Island","Long Island","Long Island","New York"]
[null,null,null,null,null,null,null,null,null,"11803Nassau","11803",11803,"Zone K - Long Island","PSEG Long Island","Nassau","Long Island","Long Island",{"$error":"#N/A"},{"$error":"#N/A"},null,"Zone K - Long Island","Long Island","Long Island","New York"]
[null,null,null,null,null,null,null,null,null,"11804Nassau","11804",11804,"Zone K - Long Island","PSEG Long Island","Nassau","Long Island","Long Island",{"$error":"#N/A"},{"$error":"#N/A"},null,"Zone K - Long Island","Long Island","Long Island","New York"]
[null,null,null,null,null,null,null,null,null,"11815Nassau","11815",11815,"Zone K - Long Island","PSEG Long Island","Nassau","Long Island","Long Island",{"$error":"#N/A"},{"$error":"#N/A"},null,"Zone K - Long Island","Long Island","Long Island","New York"]
[null,null,null,null,null,null,null,null,null,"11819Nassau","11819",11819,"Zone K - Long Island","PSEG Long Island","Nassau","Long Island","Long Island",{"$error":"#N/A"},{"$error":"#N/A"},null,"Zone K - Long Island","Long Island","Long Island","New York"]
[null,null,null,null,null,null,null,null,null,"11853Nassau","11853",11853,"Zone K - Long Island","PSEG Long Island","Nassau","Long Island","Long Island",{"$error":"#N/A"},{"$error":"#N/A"},null,"Zone K - Long Island","Long Island","Long Island","New York"]
[null,null,null,null,null,null,null,null,null,"11854Nassau","11854",11854,"Zone K - Long Island","PSEG Long Island","Nassau","Long Island","Long Island",{"$error":"#N/A"},{"$error":"#N/A"},null,"Zone K - Long Island","Long Island","Long Island","New York"]
[null,null,null,null,null,null,null,null,null,"11570Nassau","11570",11570,"Zone K - Long Island","Municipal Utilities","Nassau","Long Island","Long Island",{"$error":"#N/A"},{"$error":"#N/A"},null,"Zone K - Long Island","Long Island","Long Island","New York"]
[null,null,null,null,null,null,null,null,null,"11571Nassau","11571",11571,"Zone K - Long Island","Municipal Utilities","Nassau","Long Island","Long Island",{"$error":"#N/A"},{"$error":"#N/A"},null,"Zone K - Long Island","Long Island","Long Island","New York"]
[null,null,null,null,null,null,null,null,null,"11520Nassau","11520",11520,"Zone K - Long Island","Municipal Utilities","Nassau","Long Island","Long Island",{"$error":"#N/A"},{"$error":"#N/A"},null,"Zone K - Long Island","Long Island","Long Island","New York"]
[null,null,null,null,null,null,null,null,null,"11003Nassau","11003",11003,"Zone K - Long Island","PSEG Long Island","Nassau","Long Island","Long Island",{"$error":"#N/A"},{"$error":"#N/A"},null,"Zone K - Long Island","Long Island","Long Island","New York"]
[null,null,null,null,null,null,null,null,null,"11010Nassau","11010",11010,"Zone K - Long Island","PSEG Long Island","Nassau","Long Island","Long Island",{"$error":"#N/A"},{"$error":"#N/A"},null,"Zone K - Long Island","Long Island","Long Island","New York"]
[null,null,null,null,null,null,null,null,null,"11096Nassau","11096",11096,"Zone K - Long Island","PSEG Long Island","Nassau","Long Island","Long Island",{"$error":"#N/A"},{"$error":"#N/A"},null,"Zone K - Long Island","Long Island","Long Island","New York"]
[null,null,null,null,null,null,null,null,null,"11509Nassau","11509",11509,"Zone K - Long Island","PSEG Long Island","Nassau","Long Island","Long Island",{"$error":"#N/A"},{"$error":"#N/A"},null,"Zone K - Long Island","Long Island","Long Island","New York"]
[null,null,null,null,null,null,null,null,null,"11510Nassau","11510",11510,"Zone K - Long Island","PSEG Long Island","Nassau","Long Island","Long Island",{"$error":"#N/A"},{"$error":"#N/A"},null,"Zone K - Long Island","Long Island","Long Island","New York"]
[null,null,null,null,null,null,null,null,null,"11516Nassau","11516",11516,"Zone K - Long Island","PSEG Long Island","Nassau","Long Island","Long Island",{"$error":"#N/A"},{"$error":"#N/A"},null,"Zone K - Long Island","Long Island","Long Island","New York"]
[null,null,null,null,null,null,null,null,null,"11518Nassau","11518",11518,"Zone K - Long Island","PSEG Long Island","Nassau","Long Island","Long Island",{"$error":"#N/A"},{"$error":"#N/A"},null,"Zone K - Long Island","Long Island","Long Island","New York"]
[null,null,null,null,null,null,null,null,null,"11530Nassau","11530",11530,"Zone K - Long Island","PSEG Long Island","Nassau","Long Island","Long Island",{"$error":"#N/A"},{"$error":"#N/A"},null,"Zone K - Long Island","Long Island","Long Island","New York"]
[null,null,null,null,null,null,null,null,null,"11531Nassau","11531",11531,"Zone K - Long Island","PSEG Long Island","Nassau","Long Island","Long Island",{"$error":"#N/A"},{"$error":"#N/A"},null,"Zone K - Long Island","Long Island","Long Island","New York"]
[null,null,null,null,null,null,null,null,null,"11549Nassau","11549",11549,"Zone K - Long Island","PSEG Long Island","Nassau","Long Island","Long Island",{"$error":"#N/A"},{"$error":"#N/A"},null,"Zone K - Long Island","Long Island","Long Island","New York"]
[null,null,null,null,null,null,null,null,null,"11550Nassau","11550",11550,"Zone K - Long Island","PSEG Long Island","Nassau","Long Island","Long Island",{"$error":"#N/A"},{"$error":"#N/A"},null,"Zone K - Long Island","Long Island","Long Island","New York"]
[null,null,null,null,null,null,null,null,null,"11551Nassau","11551",11551,"Zone K - Long Island","PSEG Long Island","Nassau","Long Island","Long Island",{"$error":"#N/A"},{"$error":"#N/A"},null,"Zone K - Long Island","Long Island","Long Island","New York"]
[null,null,null,null,null,null,null,null,null,"11552Nassau","11552",11552,"Zone K - Long Island","PSEG Long Island","Nassau","Long Island","Long Island",{"$error":"#N/A"},{"$error":"#N/A"},null,"Zone K - Long Island","Long Island","Long Island","New York"]
[null,null,null,null,null,null,null,null,null,"11553Nassau","11553",11553,"Zone K - Long Island","PSEG Long Island","Nassau","Long Island","Long Island",{"$error":"#N/A"},{"$error":"#N/A"},null,"Zone K - Long Island","Long Island","Long Island","New York"]
[null,null,null,null,null,null,null,null,null,"11555Nassau","11555",11555,"Zone K - Long Island","PSEG Long Island","Nassau","Long Island","Long Island",{"$error":"#N/A"},{"$error":"#N/A"},null,"Zone K - Long Island","Long Island","Long Island","New York"]
[null,null,null,null,null,null,null,null,null,"11556Nassau","11556",11556,"Zone K - Long Island","PSEG Long Island","Nassau","Long Island","Long Island",{"$error":"#N/A"},{"$error":"#N/A"},null,"Zone K - Long Island","Long Island","Long Island","New York"]
[null,null,null,null,null,null,null,null,null,"11557Nassau","11557",11557,"Zone K - Long Island","PSEG Long Island","Nassau","Long Island","Long Island",{"$error":"#N/A"},{"$error":"#N/A"},null,"Zone K - Long Island","Long Island","Long Island","New York"]
[null,null,null,null,null,null,null,null,null,"11558Nassau","11558",11558,"Zone K - Long Island","PSEG Long Island","Nassau","Long Island","Long Island",{"$error":"#N/A"},{"$error":"#N/A"},null,"Zone K - Long Island","Long Island","Long Island","New York"]
[null,null,null,null,null,null,null,null,null,"11559Nassau","11559",11559,"Zone K - Long Island","PSEG Long Island","Nassau","Long Island","Long Island",{"$error":"#N/A"},{"$error":"#N/A"},null,"Zone K - Long Island","Long Island","Long Island","New York"]
[null,null,null,null,null,null,null,null,null,"11561Nassau","11561",11561,"Zone K - Long Island","PSEG Long Island","Nassau","Long Island","Long Island",{"$error":"#N/A"},{"$error":"#N/A"},null,"Zone K - Long Island","Long Island","Long Island","New York"]
[null,null,null,null,null,null,null,null,null,"11563Nassau","11563",11563,"Zone K - Long Island","PSEG Long Island","Nassau","Long Island","Long Island",{"$error":"#N/A"},{"$error":"#N/A"},null,"Zone K - Long Island","Long Island","Long Island","New York"]
[null,null,null,null,null,null,null,null,null,"11565Nassau","11565",11565,"Zone K - Long Island","PSEG Long Island","Nassau","Long Island","Long Island",{"$error":"#N/A"},{"$error":"#N/A"},null,"Zone K - Long Island","Long Island","Long Island","New York"]
[null,null,null,null,null,null,null,null,null,"11569Nassau","11569",11569,"Zone K - Long Island","PSEG Long Island","Nassau","Long Island","Long Island",{"$error":"#N/A"},{"$error":"#N/A"},null,"Zone K - Long Island","Long Island","Long Island","New York"]
[null,null,null,null,null,null,null,null,null,"11572Nassau","11572",11572,"Zone K - Long Island","PSEG Long Island","Nassau","Long Island","Long Island",{"$error":"#N/A"},{"$error":"#N/A"},null,"Zone K - Long Island","Long Island","Long Island","New York"]
[null,null,null,null,null,null,null,null,null,"11575Nassau","11575",11575,"Zone K - Long Island","PSEG Long Island","Nassau","Long Island","Long Island",{"$error":"#N/A"},{"$error":"#N/A"},null,"Zone K - Long Island","Long Island","Long Island","New York"]
[null,null,null,null,null,null,null,null,null,"11580Nassau","11580",11580,"Zone K - Long Island","PSEG Long Island","Nassau","Long Island","Long Island",{"$error":"#N/A"},{"$error":"#N/A"},null,"Zone K - Long Island","Long Island","Long Island","New York"]
[null,null,null,null,null,null,null,null,null,"11581Nassau","11581",11581,"Zone K - Long Island","PSEG Long Island","Nassau","Long Island","Long Island",{"$error":"#N/A"},{"$error":"#N/A"},null,"Zone K - Long Island","Long Island","Long Island","New York"]
[null,null,null,null,null,null,null,null,null,"11582Nassau","11582",11582,"Zone K - Long Island","PSEG Long Island","Nassau","Long Island","Long Island",{"$error":"#N/A"},{"$error":"#N/A"},null,"Zone K - Long Island","Long Island","Long Island","New York"]
[null,null,null,null,null,null,null,null,null,"11598Nassau","11598",11598,"Zone K - Long Island","PSEG Long Island","Nassau","Long Island","Long Island",{"$error":"#N/A"},{"$error":"#N/A"},null,"Zone K - Long Island","Long Island","Long Island","New York"]
[null,null,null,null,null,null,null,null,null,"11599Nassau","11599",11599,"Zone K - Long Island","PSEG Long Island","Nassau","Long Island","Long Island",{"$error":"#N/A"},{"$error":"#N/A"},null,"Zone K - Long Island","Long Island","Long Island","New York"]
[null,null,null,null,null,null,null,null,null,"10034New York","10034",10034,"Zone I - Dunwoodie","Consolidated Edison","New York","New York City","NYC",{"$error":"#N/A"},{"$error":"#N/A"},"ConEd NYC","Zone I - Dunwoodie","NYC","","New York"]
[null,null,null,null,null,null,null,null,null,"10040New York","10040",10040,"Zone I - Dunwoodie","Consolidated Edison","New York","New York City","NYC",{"$error":"#N/A"},{"$error":"#N/A"},"ConEd NYC","Zone I - Dunwoodie","NYC","","New York"]
[null,null,null,null,null,null,null,null,null,"10001New York","10001",10001,"Zone J - New York City","Consolidated Edison","New York","New York City","NYC",{"$error":"#N/A"},{"$error":"#N/A"},"ConEd NYC","Zone J - New York City","NYC","","New York"]
[null,null,null,null,null,null,null,null,null,"10002New York","10002",10002,"Zone J - New York City","Consolidated Edison","New York","New York City","NYC",{"$error":"#N/A"},{"$error":"#N/A"},"ConEd NYC","Zone J - New York City","NYC","","New York"]
[null,null,null,null,null,null,null,null,null,"10003New York","10003",10003,"Zone J - New York City","Consolidated Edison","New York","New York City","NYC",{"$error":"#N/A"},{"$error":"#N/A"},"ConEd NYC","Zone J - New York City","NYC","","New York"]
[null,null,null,null,null,null,null,null,null,"10004New York","10004",10004,"Zone J - New York City","Consolidated Edison","New York","New York City","NYC",{"$error":"#N/A"},{"$error":"#N/A"},"ConEd NYC","Zone J - New York City","NYC","","New York"]
[null,null,null,null,null,null,null,null,null,"10005New York","10005",10005,"Zone J - New York City","Consolidated Edison","New York","New York City","NYC",{"$error":"#N/A"},{"$error":"#N/A"},"ConEd NYC","Zone J - New York City","NYC","","New York"]
[null,null,null,null,null,null,null,null,null,"10006New York","10006",10006,"Zone J - New York City","Consolidated Edison","New York","New York City","NYC",{"$error":"#N/A"},{"$error":"#N/A"},"ConEd NYC","Zone J - New York City","NYC","","New York"]
[null,null,null,null,null,null,null,null,null,"10007New York","10007",10007,"Zone J - New York City","Consolidated Edison","New York","New York City","NYC",{"$error":"#N/A"},{"$error":"#N/A"},"ConEd NYC","Zone J - New York City","NYC","","New York"]
[null,null,null,null,null,null,null,null,null,"10008New York","10008",10008,"Zone J - New York City","Consolidated Edison","New York","New York City","NYC",{"$error":"#N/A"},{"$error":"#N/A"},"ConEd NYC","Zone J - New York City","NYC","","New York"]
[null,null,null,null,null,null,null,null,null,"10009New York","10009",10009,"Zone J - New York City","Consolidated Edison","New York","New York City","NYC",{"$error":"#N/A"},{"$error":"#N/A"},"ConEd NYC","Zone J - New York City","NYC","","New York"]
[null,null,null,null,null,null,null,null,null,"10010New York","10010",10010,"Zone J - New York City","Consolidated Edison","New York","New York City","NYC",{"$error":"#N/A"},{"$error":"#N/A"},"ConEd NYC","Zone J - New York City","NYC","","New York"]
[null,null,null,null,null,null,null,null,null,"10011New York","10011",10011,"Zone J - New York City","Consolidated Edison","New York","New York City","NYC",{"$error":"#N/A"},{"$error":"#N/A"},"ConEd NYC","Zone J - New York City","NYC","","New York"]
[null,null,null,null,null,null,null,null,null,"10012New York","10012",10012,"Zone J - New York City","Consolidated Edison","New York","New York City","NYC",{"$error":"#N/A"},{"$error":"#N/A"},"ConEd NYC","Zone J - New York City","NYC","","New York"]
[null,null,null,null,null,null,null,null,null,"10013New York","10013",10013,"Zone J - New York City","Consolidated Edison","New York","New York City","NYC",{"$error":"#N/A"},{"$error":"#N/A"},"ConEd NYC","Zone J - New York City","NYC","","New York"]
[null,null,null,null,null,null,null,null,null,"10014New York","10014",10014,"Zone J - New York City","Consolidated Edison","New York","New York City","NYC",{"$error":"#N/A"},{"$error":"#N/A"},"ConEd NYC","Zone J - New York City","NYC","","New York"]
[null,null,null,null,null,null,null,null,null,"10016New York","10016",10016,"Zone J - New York City","Consolidated Edison","New York","New York City","NYC",{"$error":"#N/A"},{"$error":"#N/A"},"ConEd NYC","Zone J - New York City","NYC","","New York"]
[null,null,null,null,null,null,null,null,null,"10017New York","10017",10017,"Zone J - New York City","Consolidated Edison","New York","New York City","NYC",{"$error":"#N/A"},{"$error":"#N/A"},"ConEd NYC","Zone J - New York City","NYC","","New York"]
[null,null,null,null,null,null,null,null,null,"10018New York","10018",10018,"Zone J - New York City","Consolidated Edison","New York","New York City","NYC",{"$error":"#N/A"},{"$error":"#N/A"},"ConEd NYC","Zone J - New York City","NYC","","New York"]
[null,null,null,null,null,null,null,null,null,"10019New York","10019",10019,"Zone J - New York City","Consolidated Edison","New York","New York City","NYC",{"$error":"#N/A"},{"$error":"#N/A"},"ConEd NYC","Zone J - New York City","NYC","","New York"]
[null,null,null,null,null,null,null,null,null,"10020New York","10020",10020,"Zone J - New York City","Consolidated Edison","New York","New York City","NYC",{"$error":"#N/A"},{"$error":"#N/A"},"ConEd NYC","Zone J - New York City","NYC","","New York"]
[null,null,null,null,null,null,null,null,null,"10021New York","10021",10021,"Zone J - New York City","Consolidated Edison","New York","New York City","NYC",{"$error":"#N/A"},{"$error":"#N/A"},"ConEd NYC","Zone J - New York City","NYC","","New York"]
[null,null,null,null,null,null,null,null,null,"10022New York","10022",10022,"Zone J - New York City","Consolidated Edison","New York","New York City","NYC",{"$error":"#N/A"},{"$error":"#N/A"},"ConEd NYC","Zone J - New York City","NYC","","New York"]
[null,null,null,null,null,null,null,null,null,"10023New York","10023",10023,"Zone J - New York City","Consolidated Edison","New York","New York City","NYC",{"$error":"#N/A"},{"$error":"#N/A"},"ConEd NYC","Zone J - New York City","NYC","","New York"]
[null,null,null,null,null,null,null,null,null,"10024New York","10024",10024,"Zone J - New York City","Consolidated Edison","New York","New York City","NYC",{"$error":"#N/A"},{"$error":"#N/A"},"ConEd NYC","Zone J - New York City","NYC","","New York"]
[null,null,null,null,null,null,null,null,null,"10025New York","10025",10025,"Zone J - New York City","Consolidated Edison","New York","New York City","NYC",{"$error":"#N/A"},{"$error":"#N/A"},"ConEd NYC","Zone J - New York City","NYC","","New York"]
[null,null,null,null,null,null,null,null,null,"10026New York","10026",10026,"Zone J - New York City","Consolidated Edison","New York","New York City","NYC",{"$error":"#N/A"},{"$error":"#N/A"},"ConEd NYC","Zone J - New York City","NYC","","New York"]
[null,null,null,null,null,null,null,null,null,"10027New York","10027",10027,"Zone J - New York City","Consolidated Edison","New York","New York City","NYC",{"$error":"#N/A"},{"$error":"#N/A"},"ConEd NYC","Zone J - New York City","NYC","","New York"]
[null,null,null,null,null,null,null,null,null,"10028New York","10028",10028,"Zone J - New York City","Consolidated Edison","New York","New York City","NYC",{"$error":"#N/A"},{"$error":"#N/A"},"ConEd NYC","Zone J - New York City","NYC","","New York"]
[null,null,null,null,null,null,null,null,null,"10029New York","10029",10029,"Zone J - New York City","Consolidated Edison","New York","New York City","NYC",{"$error":"#N/A"},{"$error":"#N/A"},"ConEd NYC","Zone J - New York City","NYC","","New York"]
[null,null,null,null,null,null,null,null,null,"10030New York","10030",10030,"Zone J - New York City","Consolidated Edison","New York","New York City","NYC",{"$error":"#N/A"},{"$error":"#N/A"},"ConEd NYC","Zone J - New York City","NYC","","New York"]
[null,null,null,null,null,null,null,null,null,"10031New York","10031",10031,"Zone J - New York City","Consolidated Edison","New York","New York City","NYC",{"$error":"#N/A"},{"$error":"#N/A"},"ConEd NYC","Zone J - New York City","NYC","","New York"]
[null,null,null,null,null,null,null,null,null,"10032New York","10032",10032,"Zone J - New York City","Consolidated Edison","New York","New York City","NYC",{"$error":"#N/A"},{"$error":"#N/A"},"ConEd NYC","Zone J - New York City","NYC","","New York"]
[null,null,null,null,null,null,null,null,null,"10033New York","10033",10033,"Zone J - New York City","Consolidated Edison","New York","New York City","NYC",{"$error":"#N/A"},{"$error":"#N/A"},"ConEd NYC","Zone J - New York City","NYC","","New York"]
[null,null,null,null,null,null,null,null,null,"10035New York","10035",10035,"Zone J - New York City","Consolidated Edison","New York","New York City","NYC",{"$error":"#N/A"},{"$error":"#N/A"},"ConEd NYC","Zone J - New York City","NYC","","New York"]
[null,null,null,null,null,null,null,null,null,"10036New York","10036",10036,"Zone J - New York City","Consolidated Edison","New York","New York City","NYC",{"$error":"#N/A"},{"$error":"#N/A"},"ConEd NYC","Zone J - New York City","NYC","","New York"]
[null,null,null,null,null,null,null,null,null,"10037New York","10037",10037,"Zone J - New York City","Consolidated Edison","New York","New York City","NYC",{"$error":"#N/A"},{"$error":"#N/A"},"ConEd NYC","Zone J - New York City","NYC","","New York"]
[null,null,null,null,null,null,null,null,null,"10038New York","10038",10038,"Zone J - New York City","Consolidated Edison","New York","New York City","NYC",{"$error":"#N/A"},{"$error":"#N/A"},"ConEd NYC","Zone J - New York City","NYC","","New York"]
[null,null,null,null,null,null,null,null,null,"10039New York","10039",10039,"Zone J - New York City","Consolidated Edison","New York","New York City","NYC",{"$error":"#N/A"},{"$error":"#N/A"},"ConEd NYC","Zone J - New York City","NYC","","New York"]
[null,null,null,null,null,null,null,null,null,"10041New York","10041",10041,"Zone J - New York City","Consolidated Edison","New York","New York City","NYC",{"$error":"#N/A"},{"$error":"#N/A"},"ConEd NYC","Zone J - New York City","NYC","","New York"]
[null,null,null,null,null,null,null,null,null,"10043New York","10043",10043,"Zone J - New York City","Consolidated Edison","New York","New York City","NYC",{"$error":"#N/A"},{"$error":"#N/A"},"ConEd NYC","Zone J - New York City","NYC","","New York"]
[null,null,null,null,null,null,null,null,null,"10044New York","10044",10044,"Zone J - New York City","Consolidated Edison","New York","New York City","NYC",{"$error":"#N/A"},{"$error":"#N/A"},"ConEd NYC","Zone J - New York City","NYC","","New York"]
[null,null,null,null,null,null,null,null,null,"10045New York","10045",10045,"Zone J - New York City","Consolidated Edison","New York","New York City","NYC",{"$error":"#N/A"},{"$error":"#N/A"},"ConEd NYC","Zone J - New York City","NYC","","New York"]
[null,null,null,null,null,null,null,null,null,"10055New York","10055",10055,"Zone J - New York City","Consolidated Edison","New York","New York City","NYC",{"$error":"#N/A"},{"$error":"#N/A"},"ConEd NYC","Zone J - New York City","NYC","","New York"]
[null,null,null,null,null,null,null,null,null,"10060New York","10060",10060,"Zone J - New York City","Consolidated Edison","New York","New York City","NYC",{"$error":"#N/A"},{"$error":"#N/A"},"ConEd NYC","Zone J - New York City","NYC","","New York"]
[null,null,null,null,null,null,null,null,null,"10065New York","10065",10065,"Zone J - New York City","Consolidated Edison","New York","New York City","NYC",{"$error":"#N/A"},{"$error":"#N/A"},"ConEd NYC","Zone J - New York City","NYC","","New York"]
[null,null,null,null,null,null,null,null,null,"10069New York","10069",10069,"Zone J - New York City","Consolidated Edison","New York","New York City","NYC",{"$error":"#N/A"},{"$error":"#N/A"},"ConEd NYC","Zone J - New York City","NYC","","New York"]
[null,null,null,null,null,null,null,null,null,"10075New York","10075",10075,"Zone J - New York City","Consolidated Edison","New York","New York City","NYC",{"$error":"#N/A"},{"$error":"#N/A"},"ConEd NYC","Zone J - New York City","NYC","","New York"]
[null,null,null,null,null,null,null,null,null,"10081New York","10081",10081,"Zone J - New York City","Consolidated Edison","New York","New York City","NYC",{"$error":"#N/A"},{"$error":"#N/A"},"ConEd NYC","Zone J - New York City","NYC","","New York"]
[null,null,null,null,null,null,null,null,null,"10087New York","10087",10087,"Zone J - New York City","Consolidated Edison","New York","New York City","NYC",{"$error":"#N/A"},{"$error":"#N/A"},"ConEd NYC","Zone J - New York City","NYC","","New York"]
[null,null,null,null,null,null,null,null,null,"10090New York","10090",10090,"Zone J - New York City","Consolidated Edison","New York","New York City","NYC",{"$error":"#N/A"},{"$error":"#N/A"},"ConEd NYC","Zone J - New York City","NYC","","New York"]
[null,null,null,null,null,null,null,null,null,"10101New York","10101",10101,"Zone J - New York City","Consolidated Edison","New York","New York City","NYC",{"$error":"#N/A"},{"$error":"#N/A"},"ConEd NYC","Zone J - New York City","NYC","","New York"]
[null,null,null,null,null,null,null,null,null,"10102New York","10102",10102,"Zone J - New York City","Consolidated Edison","New York","New York City","NYC",{"$error":"#N/A"},{"$error":"#N/A"},"ConEd NYC","Zone J - New York City","NYC","","New York"]
[null,null,null,null,null,null,null,null,null,"10103New York","10103",10103,"Zone J - New York City","Consolidated Edison","New York","New York City","NYC",{"$error":"#N/A"},{"$error":"#N/A"},"ConEd NYC","Zone J - New York City","NYC","","New York"]
[null,null,null,null,null,null,null,null,null,"10104New York","10104",10104,"Zone J - New York City","Consolidated Edison","New York","New York City","NYC",{"$error":"#N/A"},{"$error":"#N/A"},"ConEd NYC","Zone J - New York City","NYC","","New York"]
[null,null,null,null,null,null,null,null,null,"10105New York","10105",10105,"Zone J - New York City","Consolidated Edison","New York","New York City","NYC",{"$error":"#N/A"},{"$error":"#N/A"},"ConEd NYC","Zone J - New York City","NYC","","New York"]
[null,null,null,null,null,null,null,null,null,"10106New York","10106",10106,"Zone J - New York City","Consolidated Edison","New York","New York City","NYC",{"$error":"#N/A"},{"$error":"#N/A"},"ConEd NYC","Zone J - New York City","NYC","","New York"]
[null,null,null,null,null,null,null,null,null,"10107New York","10107",10107,"Zone J - New York City","Consolidated Edison","New York","New York City","NYC",{"$error":"#N/A"},{"$error":"#N/A"},"ConEd NYC","Zone J - New York City","NYC","","New York"]
[null,null,null,null,null,null,null,null,null,"10108New York","10108",10108,"Zone J - New York City","Consolidated Edison","New York","New York City","NYC",{"$error":"#N/A"},{"$error":"#N/A"},"ConEd NYC","Zone J - New York City","NYC","","New York"]
[null,null,null,null,null,null,null,null,null,"10109New York","10109",10109,"Zone J - New York City","Consolidated Edison","New York","New York City","NYC",{"$error":"#N/A"},{"$error":"#N/A"},"ConEd NYC","Zone J - New York City","NYC","","New York"]
[null,null,null,null,null,null,null,null,null,"10110New York","10110",10110,"Zone J - New York City","Consolidated Edison","New York","New York City","NYC",{"$error":"#N/A"},{"$error":"#N/A"},"ConEd NYC","Zone J - New York City","NYC","","New York"]
[null,null,null,null,null,null,null,null,null,"10111New York","10111",10111,"Zone J - New York City","Consolidated Edison","New York","New York City","NYC",{"$error":"#N/A"},{"$error":"#N/A"},"ConEd NYC","Zone J - New York City","NYC","","New York"]
[null,null,null,null,null,null,null,null,null,"10112New York","10112",10112,"Zone J - New York City","Consolidated Edison","New York","New York City","NYC",{"$error":"#N/A"},{"$error":"#N/A"},"ConEd NYC","Zone J - New York City","NYC","","New York"]
[null,null,null,null,null,null,null,null,null,"10113New York","10113",10113,"Zone J - New York City","Consolidated Edison","New York","New York City","NYC",{"$error":"#N/A"},{"$error":"#N/A"},"ConEd NYC","Zone J - New York City","NYC","","New York"]
[null,null,null,null,null,null,null,null,null,"10114New York","10114",10114,"Zone J - New York City","Consolidated Edison","New York","New York City","NYC",{"$error":"#N/A"},{"$error":"#N/A"},"ConEd NYC","Zone J - New York City","NYC","","New York"]
[null,null,null,null,null,null,null,null,null,"10115New York","10115",10115,"Zone J - New York City","Consolidated Edison","New York","New York City","NYC",{"$error":"#N/A"},{"$error":"#N/A"},"ConEd NYC","Zone J - New York City","NYC","","New York"]
[null,null,null,null,null,null,null,null,null,"10116New York","10116",10116,"Zone J - New York City","Consolidated Edison","New York","New York City","NYC",{"$error":"#N/A"},{"$error":"#N/A"},"ConEd NYC","Zone J - New York City","NYC","","New York"]
[null,null,null,null,null,null,null,null,null,"10117New York","10117",10117,"Zone J - New York City","Consolidated Edison","New York","New York City","NYC",{"$error":"#N/A"},{"$error":"#N/A"},"ConEd NYC","Zone J - New York City","NYC","","New York"]
[null,null,null,null,null,null,null,null,null,"10118New York","10118",10118,"Zone J - New York City","Consolidated Edison","New York","New York City","NYC",{"$error":"#N/A"},{"$error":"#N/A"},"ConEd NYC","Zone J - New York City","NYC","","New York"]
[null,null,null,null,null,null,null,null,null,"10119New York","10119",10119,"Zone J - New York City","Consolidated Edison","New York","New York City","NYC",{"$error":"#N/A"},{"$error":"#N/A"},"ConEd NYC","Zone J - New York City","NYC","","New York"]
[null,null,null,null,null,null,null,null,null,"10120New York","10120",10120,"Zone J - New York City","Consolidated Edison","New York","New York City","NYC",{"$error":"#N/A"},{"$error":"#N/A"},"ConEd NYC","Zone J - New York City","NYC","","New York"]
[null,null,null,null,null,null,null,null,null,"10121New York","10121",10121,"Zone J - New York City","Consolidated Edison","New York","New York City","NYC",{"$error":"#N/A"},{"$error":"#N/A"},"ConEd NYC","Zone J - New York City","NYC","","New York"]
[null,null,null,null,null,null,null,null,null,"10122New York","10122",10122,"Zone J - New York City","Consolidated Edison","New York","New York City","NYC",{"$error":"#N/A"},{"$error":"#N/A"},"ConEd NYC","Zone J - New York City","NYC","","New York"]
[null,null,null,null,null,null,null,null,null,"10123New York","10123",10123,"Zone J - New York City","Consolidated Edison","New York","New York City","NYC",{"$error":"#N/A"},{"$error":"#N/A"},"ConEd NYC","Zone J - New York City","NYC","","New York"]
[null,null,null,null,null,null,null,null,null,"10124New York","10124",10124,"Zone J - New York City","Consolidated Edison","New York","New York City","NYC",{"$error":"#N/A"},{"$error":"#N/A"},"ConEd NYC","Zone J - New York City","NYC","","New York"]
[null,null,null,null,null,null,null,null,null,"10125New York","10125",10125,"Zone J - New York City","Consolidated Edison","New York","New York City","NYC",{"$error":"#N/A"},{"$error":"#N/A"},"ConEd NYC","Zone J - New York City","NYC","","New York"]
[null,null,null,null,null,null,null,null,null,"10126New York","10126",10126,"Zone J - New York City","Consolidated Edison","New York","New York City","NYC",{"$error":"#N/A"},{"$error":"#N/A"},"ConEd NYC","Zone J - New York City","NYC","","New York"]
[null,null,null,null,null,null,null,null,null,"10128New York","10128",10128,"Zone J - New York City","Consolidated Edison","New York","New York City","NYC",{"$error":"#N/A"},{"$error":"#N/A"},"ConEd NYC","Zone J - New York City","NYC","","New York"]
[null,null,null,null,null,null,null,null,null,"10129New York","10129",10129,"Zone J - New York City","Consolidated Edison","New York","New York City","NYC",{"$error":"#N/A"},{"$error":"#N/A"},"ConEd NYC","Zone J - New York City","NYC","","New York"]
[null,null,null,null,null,null,null,null,null,"10130New York","10130",10130,"Zone J - New York City","Consolidated Edison","New York","New York City","NYC",{"$error":"#N/A"},{"$error":"#N/A"},"ConEd NYC","Zone J - New York City","NYC","","New York"]
[null,null,null,null,null,null,null,null,null,"10131New York","10131",10131,"Zone J - New York City","Consolidated Edison","New York","New York City","NYC",{"$error":"#N/A"},{"$error":"#N/A"},"ConEd NYC","Zone J - New York City","NYC","","New York"]
[null,null,null,null,null,null,null,null,null,"10132New York","10132",10132,"Zone J - New York City","Consolidated Edison","New York","New York City","NYC",{"$error":"#N/A"},{"$error":"#N/A"},"ConEd NYC","Zone J - New York City","NYC","","New York"]
[null,null,null,null,null,null,null,null,null,"10133New York","10133",10133,"Zone J - New York City","Consolidated Edison","New York","New York City","NYC",{"$error":"#N/A"},{"$error":"#N/A"},"ConEd NYC","Zone J - New York City","NYC","","New York"]
[null,null,null,null,null,null,null,null,null,"10138New York","10138",10138,"Zone J - New York City","Consolidated Edison","New York","New York City","NYC",{"$error":"#N/A"},{"$error":"#N/A"},"ConEd NYC","Zone J - New York City","NYC","","New York"]
[null,null,null,null,null,null,null,null,null,"10150New York","10150",10150,"Zone J - New York City","Consolidated Edison","New York","New York City","NYC",{"$error":"#N/A"},{"$error":"#N/A"},"ConEd NYC","Zone J - New York City","NYC","","New York"]
[null,null,null,null,null,null,null,null,null,"10151New York","10151",10151,"Zone J - New York City","Consolidated Edison","New York","New York City","NYC",{"$error":"#N/A"},{"$error":"#N/A"},"ConEd NYC","Zone J - New York City","NYC","","New York"]
[null,null,null,null,null,null,null,null,null,"10152New York","10152",10152,"Zone J - New York City","Consolidated Edison","New York","New York City","NYC",{"$error":"#N/A"},{"$error":"#N/A"},"ConEd NYC","Zone J - New York City","NYC","","New York"]
[null,null,null,null,null,null,null,null,null,"10153New York","10153",10153,"Zone J - New York City","Consolidated Edison","New York","New York City","NYC",{"$error":"#N/A"},{"$error":"#N/A"},"ConEd NYC","Zone J - New York City","NYC","","New York"]
[null,null,null,null,null,null,null,null,null,"10154New York","10154",10154,"Zone J - New York City","Consolidated Edison","New York","New York City","NYC",{"$error":"#N/A"},{"$error":"#N/A"},"ConEd NYC","Zone J - New York City","NYC","","New York"]
[null,null,null,null,null,null,null,null,null,"10155New York","10155",10155,"Zone J - New York City","Consolidated Edison","New York","New York City","NYC",{"$error":"#N/A"},{"$error":"#N/A"},"ConEd NYC","Zone J - New York City","NYC","","New York"]
[null,null,null,null,null,null,null,null,null,"10156New York","10156",10156,"Zone J - New York City","Consolidated Edison","New York","New York City","NYC",{"$error":"#N/A"},{"$error":"#N/A"},"ConEd NYC","Zone J - New York City","NYC","","New York"]
[null,null,null,null,null,null,null,null,null,"10157New York","10157",10157,"Zone J - New York City","Consolidated Edison","New York","New York City","NYC",{"$error":"#N/A"},{"$error":"#N/A"},"ConEd NYC","Zone J - New York City","NYC","","New York"]
[null,null,null,null,null,null,null,null,null,"10158New York","10158",10158,"Zone J - New York City","Consolidated Edison","New York","New York City","NYC",{"$error":"#N/A"},{"$error":"#N/A"},"ConEd NYC","Zone J - New York City","NYC","","New York"]
[null,null,null,null,null,null,null,null,null,"10159New York","10159",10159,"Zone J - New York City","Consolidated Edison","New York","New York City","NYC",{"$error":"#N/A"},{"$error":"#N/A"},"ConEd NYC","Zone J - New York City","NYC","","New York"]
[null,null,null,null,null,null,null,null,null,"10160New York","10160",10160,"Zone J - New York City","Consolidated Edison","New York","New York City","NYC",{"$error":"#N/A"},{"$error":"#N/A"},"ConEd NYC","Zone J - New York City","NYC","","New York"]
[null,null,null,null,null,null,null,null,null,"10161New York","10161",10161,"Zone J - New York City","Consolidated Edison","New York","New York City","NYC",{"$error":"#N/A"},{"$error":"#N/A"},"ConEd NYC","Zone J - New York City","NYC","","New York"]
[null,null,null,null,null,null,null,null,null,"10162New York","10162",10162,"Zone J - New York City","Consolidated Edison","New York","New York City","NYC",{"$error":"#N/A"},{"$error":"#N/A"},"ConEd NYC","Zone J - New York City","NYC","","New York"]
[null,null,null,null,null,null,null,null,null,"10163New York","10163",10163,"Zone J - New York City","Consolidated Edison","New York","New York City","NYC",{"$error":"#N/A"},{"$error":"#N/A"},"ConEd NYC","Zone J - New York City","NYC","","New York"]
[null,null,null,null,null,null,null,null,null,"10164New York","10164",10164,"Zone J - New York City","Consolidated Edison","New York","New York City","NYC",{"$error":"#N/A"},{"$error":"#N/A"},"ConEd NYC","Zone J - New York City","NYC","","New York"]
[null,null,null,null,null,null,null,null,null,"10165New York","10165",10165,"Zone J - New York City","Consolidated Edison","New York","New York City","NYC",{"$error":"#N/A"},{"$error":"#N/A"},"ConEd NYC","Zone J - New York City","NYC","","New York"]
[null,null,null,null,null,null,null,null,null,"10166New York","10166",10166,"Zone J - New York City","Consolidated Edison","New York","New York City","NYC",{"$error":"#N/A"},{"$error":"#N/A"},"ConEd NYC","Zone J - New York City","NYC","","New York"]
[null,null,null,null,null,null,null,null,null,"10167New York","10167",10167,"Zone J - New York City","Consolidated Edison","New York","New York City","NYC",{"$error":"#N/A"},{"$error":"#N/A"},"ConEd NYC","Zone J - New York City","NYC","","New York"]
[null,null,null,null,null,null,null,null,null,"10168New York","10168",10168,"Zone J - New York City","Consolidated Edison","New York","New York City","NYC",{"$error":"#N/A"},{"$error":"#N/A"},"ConEd NYC","Zone J - New York City","NYC","","New York"]
[null,null,null,null,null,null,null,null,null,"10169New York","10169",10169,"Zone J - New York City","Consolidated Edison","New York","New York City","NYC",{"$error":"#N/A"},{"$error":"#N/A"},"ConEd NYC","Zone J - New York City","NYC","","New York"]
[null,null,null,null,null,null,null,null,null,"10170New York","10170",10170,"Zone J - New York City","Consolidated Edison","New York","New York City","NYC",{"$error":"#N/A"},{"$error":"#N/A"},"ConEd NYC","Zone J - New York City","NYC","","New York"]
[null,null,null,null,null,null,null,null,null,"10171New York","10171",10171,"Zone J - New York City","Consolidated Edison","New York","New York City","NYC",{"$error":"#N/A"},{"$error":"#N/A"},"ConEd NYC","Zone J - New York City","NYC","","New York"]
[null,null,null,null,null,null,null,null,null,"10172New York","10172",10172,"Zone J - New York City","Consolidated Edison","New York","New York City","NYC",{"$error":"#N/A"},{"$error":"#N/A"},"ConEd NYC","Zone J - New York City","NYC","","New York"]
[null,null,null,null,null,null,null,null,null,"10173New York","10173",10173,"Zone J - New York City","Consolidated Edison","New York","New York City","NYC",{"$error":"#N/A"},{"$error":"#N/A"},"ConEd NYC","Zone J - New York City","NYC","","New York"]
[null,null,null,null,null,null,null,null,null,"10174New York","10174",10174,"Zone J - New York City","Consolidated Edison","New York","New York City","NYC",{"$error":"#N/A"},{"$error":"#N/A"},"ConEd NYC","Zone J - New York City","NYC","","New York"]
[null,null,null,null,null,null,null,null,null,"10175New York","10175",10175,"Zone J - New York City","Consolidated Edison","New York","New York City","NYC",{"$error":"#N/A"},{"$error":"#N/A"},"ConEd NYC","Zone J - New York City","NYC","","New York"]
[null,null,null,null,null,null,null,null,null,"10176New York","10176",10176,"Zone J - New York City","Consolidated Edison","New York","New York City","NYC",{"$error":"#N/A"},{"$error":"#N/A"},"ConEd NYC","Zone J - New York City","NYC","","New York"]
[null,null,null,null,null,null,null,null,null,"10177New York","10177",10177,"Zone J - New York City","Consolidated Edison","New York","New York City","NYC",{"$error":"#N/A"},{"$error":"#N/A"},"ConEd NYC","Zone J - New York City","NYC","","New York"]
[null,null,null,null,null,null,null,null,null,"10178New York","10178",10178,"Zone J - New York City","Consolidated Edison","New York","New York City","NYC",{"$error":"#N/A"},{"$error":"#N/A"},"ConEd NYC","Zone J - New York City","NYC","","New York"]
[null,null,null,null,null,null,null,null,null,"10179New York","10179",10179,"Zone J - New York City","Consolidated Edison","New York","New York City","NYC",{"$error":"#N/A"},{"$error":"#N/A"},"ConEd NYC","Zone J - New York City","NYC","","New York"]
[null,null,null,null,null,null,null,null,null,"10185New York","10185",10185,"Zone J - New York City","Consolidated Edison","New York","New York City","NYC",{"$error":"#N/A"},{"$error":"#N/A"},"ConEd NYC","Zone J - New York City","NYC","","New York"]
[null,null,null,null,null,null,null,null,null,"10199New York","10199",10199,"Zone J - New York City","Consolidated Edison","New York","New York City","NYC",{"$error":"#N/A"},{"$error":"#N/A"},"ConEd NYC","Zone J - New York City","NYC","","New York"]
[null,null,null,null,null,null,null,null,null,"10203New York","10203",10203,"Zone J - New York City","Consolidated Edison","New York","New York City","NYC",{"$error":"#N/A"},{"$error":"#N/A"},"ConEd NYC","Zone J - New York City","NYC","","New York"]
[null,null,null,null,null,null,null,null,null,"10211New York","10211",10211,"Zone J - New York City","Consolidated Edison","New York","New York City","NYC",{"$error":"#N/A"},{"$error":"#N/A"},"ConEd NYC","Zone J - New York City","NYC","","New York"]
[null,null,null,null,null,null,null,null,null,"10212New York","10212",10212,"Zone J - New York City","Consolidated Edison","New York","New York City","NYC",{"$error":"#N/A"},{"$error":"#N/A"},"ConEd NYC","Zone J - New York City","NYC","","New York"]
[null,null,null,null,null,null,null,null,null,"10213New York","10213",10213,"Zone J - New York City","Consolidated Edison","New York","New York City","NYC",{"$error":"#N/A"},{"$error":"#N/A"},"ConEd NYC","Zone J - New York City","NYC","","New York"]
[null,null,null,null,null,null,null,null,null,"10242New York","10242",10242,"Zone J - New York City","Consolidated Edison","New York","New York City","NYC",{"$error":"#N/A"},{"$error":"#N/A"},"ConEd NYC","Zone J - New York City","NYC","","New York"]
[null,null,null,null,null,null,null,null,null,"10249New York","10249",10249,"Zone J - New York City","Consolidated Edison","New York","New York City","NYC",{"$error":"#N/A"},{"$error":"#N/A"},"ConEd NYC","Zone J - New York City","NYC","","New York"]
[null,null,null,null,null,null,null,null,null,"10256New York","10256",10256,"Zone J - New York City","Consolidated Edison","New York","New York City","NYC",{"$error":"#N/A"},{"$error":"#N/A"},"ConEd NYC","Zone J - New York City","NYC","","New York"]
[null,null,null,null,null,null,null,null,null,"10257New York","10257",10257,"Zone J - New York City","Consolidated Edison","New York","New York City","NYC",{"$error":"#N/A"},{"$error":"#N/A"},"ConEd NYC","Zone J - New York City","NYC","","New York"]
[null,null,null,null,null,null,null,null,null,"10258New York","10258",10258,"Zone J - New York City","Consolidated Edison","New York","New York City","NYC",{"$error":"#N/A"},{"$error":"#N/A"},"ConEd NYC","Zone J - New York City","NYC","","New York"]
[null,null,null,null,null,null,null,null,null,"10259New York","10259",10259,"Zone J - New York City","Consolidated Edison","New York","New York City","NYC",{"$error":"#N/A"},{"$error":"#N/A"},"ConEd NYC","Zone J - New York City","NYC","","New York"]
[null,null,null,null,null,null,null,null,null,"10260New York","10260",10260,"Zone J - New York City","Consolidated Edison","New York","New York City","NYC",{"$error":"#N/A"},{"$error":"#N/A"},"ConEd NYC","Zone J - New York City","NYC","","New York"]
[null,null,null,null,null,null,null,null,null,"10261New York","10261",10261,"Zone J - New York City","Consolidated Edison","New York","New York City","NYC",{"$error":"#N/A"},{"$error":"#N/A"},"ConEd NYC","Zone J - New York City","NYC","","New York"]
[null,null,null,null,null,null,null,null,null,"10265New York","10265",10265,"Zone J - New York City","Consolidated Edison","New York","New York City","NYC",{"$error":"#N/A"},{"$error":"#N/A"},"ConEd NYC","Zone J - New York City","NYC","","New York"]
[null,null,null,null,null,null,null,null,null,"10268New York","10268",10268,"Zone J - New York City","Consolidated Edison","New York","New York City","NYC",{"$error":"#N/A"},{"$error":"#N/A"},"ConEd NYC","Zone J - New York City","NYC","","New York"]
[null,null,null,null,null,null,null,null,null,"10269New York","10269",10269,"Zone J - New York City","Consolidated Edison","New York","New York City","NYC",{"$error":"#N/A"},{"$error":"#N/A"},"ConEd NYC","Zone J - New York City","NYC","","New York"]
[null,null,null,null,null,null,null,null,null,"10270New York","10270",10270,"Zone J - New York City","Consolidated Edison","New York","New York City","NYC",{"$error":"#N/A"},{"$error":"#N/A"},"ConEd NYC","Zone J - New York City","NYC","","New York"]
[null,null,null,null,null,null,null,null,null,"10271New York","10271",10271,"Zone J - New York City","Consolidated Edison","New York","New York City","NYC",{"$error":"#N/A"},{"$error":"#N/A"},"ConEd NYC","Zone J - New York City","NYC","","New York"]
[null,null,null,null,null,null,null,null,null,"10272New York","10272",10272,"Zone J - New York City","Consolidated Edison","New York","New York City","NYC",{"$error":"#N/A"},{"$error":"#N/A"},"ConEd NYC","Zone J - New York City","NYC","","New York"]
[null,null,null,null,null,null,null,null,null,"10273New York","10273",10273,"Zone J - New York City","Consolidated Edison","New York","New York City","NYC",{"$error":"#N/A"},{"$error":"#N/A"},"ConEd NYC","Zone J - New York City","NYC","","New York"]
[null,null,null,null,null,null,null,null,null,"10274New York","10274",10274,"Zone J - New York City","Consolidated Edison","New York","New York City","NYC",{"$error":"#N/A"},{"$error":"#N/A"},"ConEd NYC","Zone J - New York City","NYC","","New York"]
[null,null,null,null,null,null,null,null,null,"10275New York","10275",10275,"Zone J - New York City","Consolidated Edison","New York","New York City","NYC",{"$error":"#N/A"},{"$error":"#N/A"},"ConEd NYC","Zone J - New York City","NYC","","New York"]
[null,null,null,null,null,null,null,null,null,"10276New York","10276",10276,"Zone J - New York City","Consolidated Edison","New York","New York City","NYC",{"$error":"#N/A"},{"$error":"#N/A"},"ConEd NYC","Zone J - New York City","NYC","","New York"]
[null,null,null,null,null,null,null,null,null,"10277New York","10277",10277,"Zone J - New York City","Consolidated Edison","New York","New York City","NYC",{"$error":"#N/A"},{"$error":"#N/A"},"ConEd NYC","Zone J - New York City","NYC","","New York"]
[null,null,null,null,null,null,null,null,null,"10278New York","10278",10278,"Zone J - New York City","Consolidated Edison","New York","New York City","NYC",{"$error":"#N/A"},{"$error":"#N/A"},"ConEd NYC","Zone J - New York City","NYC","","New York"]
[null,null,null,null,null,null,null,null,null,"10279New York","10279",10279,"Zone J - New York City","Consolidated Edison","New York","New York City","NYC",{"$error":"#N/A"},{"$error":"#N/A"},"ConEd NYC","Zone J - New York City","NYC","","New York"]
[null,null,null,null,null,null,null,null,null,"10280New York","10280",10280,"Zone J - New York City","Consolidated Edison","New York","New York City","NYC",{"$error":"#N/A"},{"$error":"#N/A"},"ConEd NYC","Zone J - New York City","NYC","","New York"]
[null,null,null,null,null,null,null,null,null,"10285New York","10285",10285,"Zone J - New York City","Consolidated Edison","New York","New York City","NYC",{"$error":"#N/A"},{"$error":"#N/A"},"ConEd NYC","Zone J - New York City","NYC","","New York"]
[null,null,null,null,null,null,null,null,null,"10286New York","10286",10286,"Zone J - New York City","Consolidated Edison","New York","New York City","NYC",{"$error":"#N/A"},{"$error":"#N/A"},"ConEd NYC","Zone J - New York City","NYC","","New York"]
[null,null,null,null,null,null,null,null,null,"10292New York","10292",10292,"Zone J - New York City","Consolidated Edison","New York","New York City","NYC",{"$error":"#N/A"},{"$error":"#N/A"},"ConEd NYC","Zone J - New York City","NYC","","New York"]
[null,null,null,null,null,null,null,null,null,"10080New York","10080",10080,null,null,"New York","New York City","NYC",{"$error":"#N/A"},{"$error":"#N/A"},"ConEd NYC","","NYC","","New York"]
[null,null,null,null,null,null,null,null,null,"10281New York","10281",10281,null,null,"New York","New York City","NYC",{"$error":"#N/A"},{"$error":"#N/A"},"ConEd NYC","","NYC","","New York"]
[null,null,null,null,null,null,null,null,null,"10282New York","10282",10282,null,null,"New York","New York City","NYC",{"$error":"#N/A"},{"$error":"#N/A"},"ConEd NYC","","NYC","","New York"]
[null,null,null,null,null,null,null,null,null,"14012Niagara","14012",14012,"Zone A - West","National Grid","Niagara","Western New York","Western","Western","Western",null,"Zone A - West","Western","Western Region","Buffalo"]
[null,null,null,null,null,null,null,null,null,"14067Niagara","14067",14067,"Zone A - West","National Grid","Niagara","Western New York","Western","Western","Western",null,"Zone A - West","Western","Western Region","Buffalo"]
[null,null,null,null,null,null,null,null,null,"14105Niagara","14105",14105,"Zone A - West","National Grid","Niagara","Western New York","Western","Western","Western",null,"Zone A - West","Western","Western Region","Buffalo"]
[null,null,null,null,null,null,null,null,null,"14094Niagara","14094",14094,"Zone A - West","New York State Electric and Gas","Niagara","Western New York","Western","Western","Western",null,"Zone A - West","Western","Western Region","Buffalo"]
[null,null,null,null,null,null,null,null,null,"14095Niagara","14095",14095,"Zone A - West","New York State Electric and Gas","Niagara","Western New York","Western","Western","Western",null,"Zone A - West","Western","Western Region","Buffalo"]
[null,null,null,null,null,null,null,null,null,"14008Niagara","14008",14008,"Zone A - West","National Grid","Niagara","Western New York","Western","Western","Western",null,"Zone A - West","Western","Western Region","Buffalo"]
[null,null,null,null,null,null,null,null,null,"14028Niagara","14028",14028,"Zone A - West","National Grid","Niagara","Western New York","Western","Western","Western",null,"Zone A - West","Western","Western Region","Buffalo"]
[null,null,null,null,null,null,null,null,null,"14092Niagara","14092",14092,"Zone A - West","National Grid","Niagara","Western New York","Western","Western","Western",null,"Zone A - West","Western","Western Region","Buffalo"]
[null,null,null,null,null,null,null,null,null,"14107Niagara","14107",14107,"Zone A - West","National Grid","Niagara","Western New York","Western","Western","Western",null,"Zone A - West","Western","Western Region","Buffalo"]
[null,null,null,null,null,null,null,null,null,"14108Niagara","14108",14108,"Zone A - West","National Grid","Niagara","Western New York","Western","Western","Western",null,"Zone A - West","Western","Western Region","Buffalo"]
[null,null,null,null,null,null,null,null,null,"14109Niagara","14109",14109,"Zone A - West","National Grid","Niagara","Western New York","Western","Western","Western",null,"Zone A - West","Western","Western Region","Buffalo"]
[null,null,null,null,null,null,null,null,null,"14120Niagara","14120",14120,"Zone A - West","National Grid","Niagara","Western New York","Western","Western","Western",null,"Zone A - West","Western","Western Region","Buffalo"]
[null,null,null,null,null,null,null,null,null,"14126Niagara","14126",14126,"Zone A - West","National Grid","Niagara","Western New York","Western","Western","Western",null,"Zone A - West","Western","Western Region","Buffalo"]
[null,null,null,null,null,null,null,null,null,"14131Niagara","14131",14131,"Zone A - West","National Grid","Niagara","Western New York","Western","Western","Western",null,"Zone A - West","Western","Western Region","Buffalo"]
[null,null,null,null,null,null,null,null,null,"14132Niagara","14132",14132,"Zone A - West","National Grid","Niagara","Western New York","Western","Western","Western",null,"Zone A - West","Western","Western Region","Buffalo"]
[null,null,null,null,null,null,null,null,null,"14144Niagara","14144",14144,"Zone A - West","National Grid","Niagara","Western New York","Western","Western","Western",null,"Zone A - West","Western","Western Region","Buffalo"]
[null,null,null,null,null,null,null,null,null,"14172Niagara","14172",14172,"Zone A - West","National Grid","Niagara","Western New York","Western","Western","Western",null,"Zone A - West","Western","Western Region","Buffalo"]
[null,null,null,null,null,null,null,null,null,"14174Niagara","14174",14174,"Zone A - West","National Grid","Niagara","Western New York","Western","Western","Western",null,"Zone A - West","Western","Western Region","Buffalo"]
[null,null,null,null,null,null,null,null,null,"14301Niagara","14301",14301,"Zone A - West","National Grid","Niagara","Western New York","Western","Western","Western",null,"Zone A - West","Western","Western Region","Buffalo"]
[null,null,null,null,null,null,null,null,null,"14302Niagara","14302",14302,"Zone A - West","National Grid","Niagara","Western New York","Western","Western","Western",null,"Zone A - West","Western","Western Region","Buffalo"]
[null,null,null,null,null,null,null,null,null,"14303Niagara","14303",14303,"Zone A - West","National Grid","Niagara","Western New York","Western","Western","Western",null,"Zone A - West","Western","Western Region","Buffalo"]
[null,null,null,null,null,null,null,null,null,"14304Niagara","14304",14304,"Zone A - West","National Grid","Niagara","Western New York","Western","Western","Western",null,"Zone A - West","Western","Western Region","Buffalo"]
[null,null,null,null,null,null,null,null,null,"14305Niagara","14305",14305,"Zone A - West","National Grid","Niagara","Western New York","Western","Western","Western",null,"Zone A - West","Western","Western Region","Buffalo"]
[null,null,null,null,null,null,null,null,null,"13042Oneida","13042",13042,"Zone C - Central","National Grid","Oneida","Mohawk Valley","Central","Central","Central",null,"Zone C - Central","Central","Central Region","Syracuse"]
[null,null,null,null,null,null,null,null,null,"13483Oneida","13483",13483,"Zone C - Central","National Grid","Oneida","Mohawk Valley","Central","Central","Central",null,"Zone C - Central","Central","Central Region","Binghamton"]
[null,null,null,null,null,null,null,null,null,"13301Oneida","13301",13301,"Zone E - Mohawk Valley","Municipal Utilities","Oneida","Mohawk Valley","Central","Central","Central",null,"Zone E - Mohawk Valley","Central","Central Region","Binghamton"]
[null,null,null,null,null,null,null,null,null,"13309Oneida","13309",13309,"Zone E - Mohawk Valley","Municipal Utilities","Oneida","Mohawk Valley","Central","Central","Central",null,"Zone E - Mohawk Valley","Central","Central Region","Syracuse"]
[null,null,null,null,null,null,null,null,null,"13054Oneida","13054",13054,"Zone E - Mohawk Valley","National Grid","Oneida","Mohawk Valley","Central","Central","Central",null,"Zone E - Mohawk Valley","Central","Central Region","Syracuse"]
[null,null,null,null,null,null,null,null,null,"13123Oneida","13123",13123,"Zone E - Mohawk Valley","National Grid","Oneida","Mohawk Valley","Central","Central","Central",null,"Zone E - Mohawk Valley","Central","Central Region","Syracuse"]
[null,null,null,null,null,null,null,null,null,"13157Oneida","13157",13157,"Zone E - Mohawk Valley","National Grid","Oneida","Mohawk Valley","Central","Central","Central",null,"Zone E - Mohawk Valley","Central","Central Region","Syracuse"]
[null,null,null,null,null,null,null,null,null,"13162Oneida","13162",13162,"Zone E - Mohawk Valley","National Grid","Oneida","Mohawk Valley","Central","Central","Central",null,"Zone E - Mohawk Valley","Central","Central Region","Syracuse"]
[null,null,null,null,null,null,null,null,null,"13303Oneida","13303",13303,"Zone E - Mohawk Valley","National Grid","Oneida","Mohawk Valley","Central","Central","Central",null,"Zone E - Mohawk Valley","Central","Central Region","Binghamton"]
[null,null,null,null,null,null,null,null,null,"13304Oneida","13304",13304,"Zone E - Mohawk Valley","National Grid","Oneida","Mohawk Valley","Central","Central","Central",null,"Zone E - Mohawk Valley","Central","Central Region","Binghamton"]
[null,null,null,null,null,null,null,null,null,"13308Oneida","13308",13308,"Zone E - Mohawk Valley","National Grid","Oneida","Mohawk Valley","Central","Central","Central",null,"Zone E - Mohawk Valley","Central","Central Region","Syracuse"]
[null,null,null,null,null,null,null,null,null,"13316Oneida","13316",13316,"Zone E - Mohawk Valley","National Grid","Oneida","Mohawk Valley","Central","Central","Central",null,"Zone E - Mohawk Valley","Central","Central Region","Binghamton"]
[null,null,null,null,null,null,null,null,null,"13319Oneida","13319",13319,"Zone E - Mohawk Valley","National Grid","Oneida","Mohawk Valley","Central","Central","Central",null,"Zone E - Mohawk Valley","Central","Central Region","Binghamton"]
[null,null,null,null,null,null,null,null,null,"13321Oneida","13321",13321,"Zone E - Mohawk Valley","National Grid","Oneida","Mohawk Valley","Central","Central","Central",null,"Zone E - Mohawk Valley","Central","Central Region","Binghamton"]
[null,null,null,null,null,null,null,null,null,"13322Oneida","13322",13322,"Zone E - Mohawk Valley","National Grid","Oneida","Mohawk Valley","Central","Central","Central",null,"Zone E - Mohawk Valley","Central","Central Region","Binghamton"]
[null,null,null,null,null,null,null,null,null,"13323Oneida","13323",13323,"Zone E - Mohawk Valley","National Grid","Oneida","Mohawk Valley","Central","Central","Central",null,"Zone E - Mohawk Valley","Central","Central Region","Binghamton"]
[null,null,null,null,null,null,null,null,null,"13338Oneida","13338",13338,"Zone E - Mohawk Valley","National Grid","Oneida","Mohawk Valley","Central","Central","Central",null,"Zone E - Mohawk Valley","Central","Central Region","Albany"]
[null,null,null,null,null,null,null,null,null,"13341Oneida","13341",13341,"Zone E - Mohawk Valley","National Grid","Oneida","Mohawk Valley","Central","Central","Central",null,"Zone E - Mohawk Valley","Central","Central Region","Binghamton"]
[null,null,null,null,null,null,null,null,null,"13352Oneida","13352",13352,"Zone E - Mohawk Valley","National Grid","Oneida","Mohawk Valley","Central","Central","Central",null,"Zone E - Mohawk Valley","Central","Central Region","Binghamton"]
[null,null,null,null,null,null,null,null,null,"13354Oneida","13354",13354,"Zone E - Mohawk Valley","National Grid","Oneida","Mohawk Valley","Central","Central","Central",null,"Zone E - Mohawk Valley","Central","Central Region","Binghamton"]
[null,null,null,null,null,null,null,null,null,"13363Oneida","13363",13363,"Zone E - Mohawk Valley","National Grid","Oneida","Mohawk Valley","Central","Central","Central",null,"Zone E - Mohawk Valley","Central","Central Region","Binghamton"]
[null,null,null,null,null,null,null,null,null,"13401Oneida","13401",13401,"Zone E - Mohawk Valley","National Grid","Oneida","Mohawk Valley","Central","Central","Central",null,"Zone E - Mohawk Valley","Central","Central Region","Syracuse"]
[null,null,null,null,null,null,null,null,null,"13403Oneida","13403",13403,"Zone E - Mohawk Valley","National Grid","Oneida","Mohawk Valley","Central","Central","Central",null,"Zone E - Mohawk Valley","Central","Central Region","Binghamton"]
[null,null,null,null,null,null,null,null,null,"13413Oneida","13413",13413,"Zone E - Mohawk Valley","National Grid","Oneida","Mohawk Valley","Central","Central","Central",null,"Zone E - Mohawk Valley","Central","Central Region","Binghamton"]
[null,null,null,null,null,null,null,null,null,"13417Oneida","13417",13417,"Zone E - Mohawk Valley","National Grid","Oneida","Mohawk Valley","Central","Central","Central",null,"Zone E - Mohawk Valley","Central","Central Region","Binghamton"]
[null,null,null,null,null,null,null,null,null,"13424Oneida","13424",13424,"Zone E - Mohawk Valley","National Grid","Oneida","Mohawk Valley","Central","Central","Central",null,"Zone E - Mohawk Valley","Central","Central Region","Binghamton"]
[null,null,null,null,null,null,null,null,null,"13435Oneida","13435",13435,"Zone E - Mohawk Valley","National Grid","Oneida","Mohawk Valley","Central","Central","Central",null,"Zone E - Mohawk Valley","Central","Central Region","Binghamton"]
[null,null,null,null,null,null,null,null,null,"13438Oneida","13438",13438,"Zone E - Mohawk Valley","National Grid","Oneida","Mohawk Valley","Central","Central","Central",null,"Zone E - Mohawk Valley","Central","Central Region","Binghamton"]
[null,null,null,null,null,null,null,null,null,"13440Oneida","13440",13440,"Zone E - Mohawk Valley","National Grid","Oneida","Mohawk Valley","Central","Central","Central",null,"Zone E - Mohawk Valley","Central","Central Region","Syracuse"]
[null,null,null,null,null,null,null,null,null,"13441Oneida","13441",13441,"Zone E - Mohawk Valley","National Grid","Oneida","Mohawk Valley","Central","Central","Central",null,"Zone E - Mohawk Valley","Central","Central Region","Binghamton"]
[null,null,null,null,null,null,null,null,null,"13442Oneida","13442",13442,"Zone E - Mohawk Valley","National Grid","Oneida","Mohawk Valley","Central","Central","Central",null,"Zone E - Mohawk Valley","Central","Central Region","Binghamton"]
[null,null,null,null,null,null,null,null,null,"13449Oneida","13449",13449,"Zone E - Mohawk Valley","National Grid","Oneida","Mohawk Valley","Central","Central","Central",null,"Zone E - Mohawk Valley","Central","Central Region","Binghamton"]
[null,null,null,null,null,null,null,null,null,"13456Oneida","13456",13456,"Zone E - Mohawk Valley","National Grid","Oneida","Mohawk Valley","Central","Central","Central",null,"Zone E - Mohawk Valley","Central","Central Region","Binghamton"]
[null,null,null,null,null,null,null,null,null,"13469Oneida","13469",13469,"Zone E - Mohawk Valley","National Grid","Oneida","Mohawk Valley","Central","Central","Central",null,"Zone E - Mohawk Valley","Central","Central Region","Binghamton"]
[null,null,null,null,null,null,null,null,null,"13471Oneida","13471",13471,"Zone E - Mohawk Valley","National Grid","Oneida","Mohawk Valley","Central","Central","Central",null,"Zone E - Mohawk Valley","Central","Central Region","Binghamton"]
[null,null,null,null,null,null,null,null,null,"13476Oneida","13476",13476,"Zone E - Mohawk Valley","National Grid","Oneida","Mohawk Valley","Central","Central","Central",null,"Zone E - Mohawk Valley","Central","Central Region","Binghamton"]
[null,null,null,null,null,null,null,null,null,"13477Oneida","13477",13477,"Zone E - Mohawk Valley","National Grid","Oneida","Mohawk Valley","Central","Central","Central",null,"Zone E - Mohawk Valley","Central","Central Region","Binghamton"]
[null,null,null,null,null,null,null,null,null,"13478Oneida","13478",13478,"Zone E - Mohawk Valley","National Grid","Oneida","Mohawk Valley","Central","Central","Central",null,"Zone E - Mohawk Valley","Central","Central Region","Syracuse"]
[null,null,null,null,null,null,null,null,null,"13479Oneida","13479",13479,"Zone E - Mohawk Valley","National Grid","Oneida","Mohawk Valley","Central","Central","Central",null,"Zone E - Mohawk Valley","Central","Central Region","Binghamton"]
[null,null,null,null,null,null,null,null,null,"13486Oneida","13486",13486,"Zone E - Mohawk Valley","National Grid","Oneida","Mohawk Valley","Central","Central","Central",null,"Zone E - Mohawk Valley","Central","Central Region","Binghamton"]
[null,null,null,null,null,null,null,null,null,"13490Oneida","13490",13490,"Zone E - Mohawk Valley","National Grid","Oneida","Mohawk Valley","Central","Central","Central",null,"Zone E - Mohawk Valley","Central","Central Region","Binghamton"]
[null,null,null,null,null,null,null,null,null,"13492Oneida","13492",13492,"Zone E - Mohawk Valley","National Grid","Oneida","Mohawk Valley","Central","Central","Central",null,"Zone E - Mohawk Valley","Central","Central Region","Binghamton"]
[null,null,null,null,null,null,null,null,null,"13494Oneida","13494",13494,"Zone E - Mohawk Valley","National Grid","Oneida","Mohawk Valley","Central","Central","Central",null,"Zone E - Mohawk Valley","Central","Central Region","Albany"]
[null,null,null,null,null,null,null,null,null,"13495Oneida","13495",13495,"Zone E - Mohawk Valley","National Grid","Oneida","Mohawk Valley","Central","Central","Central",null,"Zone E - Mohawk Valley","Central","Central Region","Binghamton"]
[null,null,null,null,null,null,null,null,null,"13501Oneida","13501",13501,"Zone E - Mohawk Valley","National Grid","Oneida","Mohawk Valley","Central","Central","Central",null,"Zone E - Mohawk Valley","Central","Central Region","Binghamton"]
[null,null,null,null,null,null,null,null,null,"13502Oneida","13502",13502,"Zone E - Mohawk Valley","National Grid","Oneida","Mohawk Valley","Central","Central","Central",null,"Zone E - Mohawk Valley","Central","Central Region","Binghamton"]
[null,null,null,null,null,null,null,null,null,"13503Oneida","13503",13503,"Zone E - Mohawk Valley","National Grid","Oneida","Mohawk Valley","Central","Central","Central",null,"Zone E - Mohawk Valley","Central","Central Region","Binghamton"]
[null,null,null,null,null,null,null,null,null,"13504Oneida","13504",13504,"Zone E - Mohawk Valley","National Grid","Oneida","Mohawk Valley","Central","Central","Central",null,"Zone E - Mohawk Valley","Central","Central Region","Binghamton"]
[null,null,null,null,null,null,null,null,null,"13505Oneida","13505",13505,"Zone E - Mohawk Valley","National Grid","Oneida","Mohawk Valley","Central","Central","Central",null,"Zone E - Mohawk Valley","Central","Central Region","Binghamton"]
[null,null,null,null,null,null,null,null,null,"13599Oneida","13599",13599,"Zone E - Mohawk Valley","National Grid","Oneida","Mohawk Valley","Central","Central","Central",null,"Zone E - Mohawk Valley","Central","Central Region","Binghamton"]
[null,null,null,null,null,null,null,null,null,"13461Oneida","13461",13461,"Zone E - Mohawk Valley","Municipal Utilities","Oneida","Mohawk Valley","Central","Central","Central",null,"Zone E - Mohawk Valley","Central","Central Region","Syracuse"]
[null,null,null,null,null,null,null,null,null,"13313Oneida","13313",13313,"Zone E - Mohawk Valley","New York State Electric and Gas","Oneida","Mohawk Valley","Central","Central","Central",null,"Zone E - Mohawk Valley","Central","Central Region","Binghamton"]
[null,null,null,null,null,null,null,null,null,"13318Oneida","13318",13318,"Zone E - Mohawk Valley","New York State Electric and Gas","Oneida","Mohawk Valley","Central","Central","Central",null,"Zone E - Mohawk Valley","Central","Central Region","Binghamton"]
[null,null,null,null,null,null,null,null,null,"13328Oneida","13328",13328,"Zone E - Mohawk Valley","New York State Electric and Gas","Oneida","Mohawk Valley","Central","Central","Central",null,"Zone E - Mohawk Valley","Central","Central Region","Binghamton"]
[null,null,null,null,null,null,null,null,null,"13362Oneida","13362",13362,"Zone E - Mohawk Valley","New York State Electric and Gas","Oneida","Mohawk Valley","Central","Central","Central",null,"Zone E - Mohawk Valley","Central","Central Region","Binghamton"]
[null,null,null,null,null,null,null,null,null,"13425Oneida","13425",13425,"Zone E - Mohawk Valley","New York State Electric and Gas","Oneida","Mohawk Valley","Central","Central","Central",null,"Zone E - Mohawk Valley","Central","Central Region","Binghamton"]
[null,null,null,null,null,null,null,null,null,"13455Oneida","13455",13455,"Zone E - Mohawk Valley","New York State Electric and Gas","Oneida","Mohawk Valley","Central","Central","Central",null,"Zone E - Mohawk Valley","Central","Central Region","Binghamton"]
[null,null,null,null,null,null,null,null,null,"13480Oneida","13480",13480,"Zone E - Mohawk Valley","New York State Electric and Gas","Oneida","Mohawk Valley","Central","Central","Central",null,"Zone E - Mohawk Valley","Central","Central Region","Binghamton"]
[null,null,null,null,null,null,null,null,null,"13209Onondaga","13209",13209,"Zone C - Central","Municipal Utilities","Onondaga","Central New York","Central","Central","Central",null,"Zone C - Central","Central","Central Region","Syracuse"]
[null,null,null,null,null,null,null,null,null,"13020Onondaga","13020",13020,"Zone C - Central","National Grid","Onondaga","Central New York","Central","Central","Central",null,"Zone C - Central","Central","Central Region","Binghamton"]
[null,null,null,null,null,null,null,null,null,"13027Onondaga","13027",13027,"Zone C - Central","National Grid","Onondaga","Central New York","Central","Central","Central",null,"Zone C - Central","Central","Central Region","Syracuse"]
[null,null,null,null,null,null,null,null,null,"13029Onondaga","13029",13029,"Zone C - Central","National Grid","Onondaga","Central New York","Central","Central","Central",null,"Zone C - Central","Central","Central Region","Syracuse"]
[null,null,null,null,null,null,null,null,null,"13031Onondaga","13031",13031,"Zone C - Central","National Grid","Onondaga","Central New York","Central","Central","Central",null,"Zone C - Central","Central","Central Region","Syracuse"]
[null,null,null,null,null,null,null,null,null,"13039Onondaga","13039",13039,"Zone C - Central","National Grid","Onondaga","Central New York","Central","Central","Central",null,"Zone C - Central","Central","Central Region","Syracuse"]
[null,null,null,null,null,null,null,null,null,"13041Onondaga","13041",13041,"Zone C - Central","National Grid","Onondaga","Central New York","Central","Central","Central",null,"Zone C - Central","Central","Central Region","Syracuse"]
[null,null,null,null,null,null,null,null,null,"13051Onondaga","13051",13051,"Zone C - Central","National Grid","Onondaga","Central New York","Central","Central","Central",null,"Zone C - Central","Central","Central Region","Binghamton"]
[null,null,null,null,null,null,null,null,null,"13057Onondaga","13057",13057,"Zone C - Central","National Grid","Onondaga","Central New York","Central","Central","Central",null,"Zone C - Central","Central","Central Region","Syracuse"]
[null,null,null,null,null,null,null,null,null,"13063Onondaga","13063",13063,"Zone C - Central","National Grid","Onondaga","Central New York","Central","Central","Central",null,"Zone C - Central","Central","Central Region","Binghamton"]
[null,null,null,null,null,null,null,null,null,"13066Onondaga","13066",13066,"Zone C - Central","National Grid","Onondaga","Central New York","Central","Central","Central",null,"Zone C - Central","Central","Central Region","Syracuse"]
[null,null,null,null,null,null,null,null,null,"13078Onondaga","13078",13078,"Zone C - Central","National Grid","Onondaga","Central New York","Central","Central","Central",null,"Zone C - Central","Central","Central Region","Syracuse"]
[null,null,null,null,null,null,null,null,null,"13082Onondaga","13082",13082,"Zone C - Central","National Grid","Onondaga","Central New York","Central","Central","Central",null,"Zone C - Central","Central","Central Region","Syracuse"]
[null,null,null,null,null,null,null,null,null,"13084Onondaga","13084",13084,"Zone C - Central","National Grid","Onondaga","Central New York","Central","Central","Central",null,"Zone C - Central","Central","Central Region","Binghamton"]
[null,null,null,null,null,null,null,null,null,"13088Onondaga","13088",13088,"Zone C - Central","National Grid","Onondaga","Central New York","Central","Central","Central",null,"Zone C - Central","Central","Central Region","Syracuse"]
[null,null,null,null,null,null,null,null,null,"13089Onondaga","13089",13089,"Zone C - Central","National Grid","Onondaga","Central New York","Central","Central","Central",null,"Zone C - Central","Central","Central Region","Syracuse"]
[null,null,null,null,null,null,null,null,null,"13090Onondaga","13090",13090,"Zone C - Central","National Grid","Onondaga","Central New York","Central","Central","Central",null,"Zone C - Central","Central","Central Region","Syracuse"]
[null,null,null,null,null,null,null,null,null,"13104Onondaga","13104",13104,"Zone C - Central","National Grid","Onondaga","Central New York","Central","Central","Central",null,"Zone C - Central","Central","Central Region","Binghamton"]
[null,null,null,null,null,null,null,null,null,"13116Onondaga","13116",13116,"Zone C - Central","National Grid","Onondaga","Central New York","Central","Central","Central",null,"Zone C - Central","Central","Central Region","Syracuse"]
[null,null,null,null,null,null,null,null,null,"13119Onondaga","13119",13119,"Zone C - Central","National Grid","Onondaga","Central New York","Central","Central","Central",null,"Zone C - Central","Central","Central Region","Binghamton"]
[null,null,null,null,null,null,null,null,null,"13120Onondaga","13120",13120,"Zone C - Central","National Grid","Onondaga","Central New York","Central","Central","Central",null,"Zone C - Central","Central","Central Region","Binghamton"]
[null,null,null,null,null,null,null,null,null,"13137Onondaga","13137",13137,"Zone C - Central","National Grid","Onondaga","Central New York","Central","Central","Central",null,"Zone C - Central","Central","Central Region","Syracuse"]
[null,null,null,null,null,null,null,null,null,"13138Onondaga","13138",13138,"Zone C - Central","National Grid","Onondaga","Central New York","Central","Central","Central",null,"Zone C - Central","Central","Central Region","Binghamton"]
[null,null,null,null,null,null,null,null,null,"13141Onondaga","13141",13141,"Zone C - Central","National Grid","Onondaga","Central New York","Central","Central","Central",null,"Zone C - Central","Central","Central Region","Binghamton"]
[null,null,null,null,null,null,null,null,null,"13159Onondaga","13159",13159,"Zone C - Central","National Grid","Onondaga","Central New York","Central","Central","Central",null,"Zone C - Central","Central","Central Region","Binghamton"]
[null,null,null,null,null,null,null,null,null,"13164Onondaga","13164",13164,"Zone C - Central","National Grid","Onondaga","Central New York","Central","Central","Central",null,"Zone C - Central","Central","Central Region","Syracuse"]
[null,null,null,null,null,null,null,null,null,"13201Onondaga","13201",13201,"Zone C - Central","National Grid","Onondaga","Central New York","Central","Central","Central",null,"Zone C - Central","Central","Central Region","Syracuse"]
[null,null,null,null,null,null,null,null,null,"13202Onondaga","13202",13202,"Zone C - Central","National Grid","Onondaga","Central New York","Central","Central","Central",null,"Zone C - Central","Central","Central Region","Syracuse"]
[null,null,null,null,null,null,null,null,null,"13203Onondaga","13203",13203,"Zone C - Central","National Grid","Onondaga","Central New York","Central","Central","Central",null,"Zone C - Central","Central","Central Region","Syracuse"]
[null,null,null,null,null,null,null,null,null,"13204Onondaga","13204",13204,"Zone C - Central","National Grid","Onondaga","Central New York","Central","Central","Central",null,"Zone C - Central","Central","Central Region","Syracuse"]
[null,null,null,null,null,null,null,null,null,"13205Onondaga","13205",13205,"Zone C - Central","National Grid","Onondaga","Central New York","Central","Central","Central",null,"Zone C - Central","Central","Central Region","Syracuse"]
[null,null,null,null,null,null,null,null,null,"13206Onondaga","13206",13206,"Zone C - Central","National Grid","Onondaga","Central New York","Central","Central","Central",null,"Zone C - Central","Central","Central Region","Syracuse"]
[null,null,null,null,null,null,null,null,null,"13207Onondaga","13207",13207,"Zone C - Central","National Grid","Onondaga","Central New York","Central","Central","Central",null,"Zone C - Central","Central","Central Region","Syracuse"]
[null,null,null,null,null,null,null,null,null,"13208Onondaga","13208",13208,"Zone C - Central","National Grid","Onondaga","Central New York","Central","Central","Central",null,"Zone C - Central","Central","Central Region","Syracuse"]
[null,null,null,null,null,null,null,null,null,"13210Onondaga","13210",13210,"Zone C - Central","National Grid","Onondaga","Central New York","Central","Central","Central",null,"Zone C - Central","Central","Central Region","Syracuse"]
[null,null,null,null,null,null,null,null,null,"13211Onondaga","13211",13211,"Zone C - Central","National Grid","Onondaga","Central New York","Central","Central","Central",null,"Zone C - Central","Central","Central Region","Syracuse"]
[null,null,null,null,null,null,null,null,null,"13212Onondaga","13212",13212,"Zone C - Central","National Grid","Onondaga","Central New York","Central","Central","Central",null,"Zone C - Central","Central","Central Region","Syracuse"]
[null,null,null,null,null,null,null,null,null,"13214Onondaga","13214",13214,"Zone C - Central","National Grid","Onondaga","Central New York","Central","Central","Central",null,"Zone C - Central","Central","Central Region","Syracuse"]
[null,null,null,null,null,null,null,null,null,"13215Onondaga","13215",13215,"Zone C - Central","National Grid","Onondaga","Central New York","Central","Central","Central",null,"Zone C - Central","Central","Central Region","Binghamton"]
[null,null,null,null,null,null,null,null,null,"13217Onondaga","13217",13217,"Zone C - Central","National Grid","Onondaga","Central New York","Central","Central","Central",null,"Zone C - Central","Central","Central Region","Syracuse"]
[null,null,null,null,null,null,null,null,null,"13218Onondaga","13218",13218,"Zone C - Central","National Grid","Onondaga","Central New York","Central","Central","Central",null,"Zone C - Central","Central","Central Region","Syracuse"]
[null,null,null,null,null,null,null,null,null,"13219Onondaga","13219",13219,"Zone C - Central","National Grid","Onondaga","Central New York","Central","Central","Central",null,"Zone C - Central","Central","Central Region","Syracuse"]
[null,null,null,null,null,null,null,null,null,"13220Onondaga","13220",13220,"Zone C - Central","National Grid","Onondaga","Central New York","Central","Central","Central",null,"Zone C - Central","Central","Central Region","Syracuse"]
[null,null,null,null,null,null,null,null,null,"13221Onondaga","13221",13221,"Zone C - Central","National Grid","Onondaga","Central New York","Central","Central","Central",null,"Zone C - Central","Central","Central Region","Syracuse"]
[null,null,null,null,null,null,null,null,null,"13224Onondaga","13224",13224,"Zone C - Central","National Grid","Onondaga","Central New York","Central","Central","Central",null,"Zone C - Central","Central","Central Region","Syracuse"]
[null,null,null,null,null,null,null,null,null,"13225Onondaga","13225",13225,"Zone C - Central","National Grid","Onondaga","Central New York","Central","Central","Central",null,"Zone C - Central","Central","Central Region","Syracuse"]
[null,null,null,null,null,null,null,null,null,"13235Onondaga","13235",13235,"Zone C - Central","National Grid","Onondaga","Central New York","Central","Central","Central",null,"Zone C - Central","Central","Central Region","Syracuse"]
[null,null,null,null,null,null,null,null,null,"13244Onondaga","13244",13244,"Zone C - Central","National Grid","Onondaga","Central New York","Central","Central","Central",null,"Zone C - Central","Central","Central Region","Syracuse"]
[null,null,null,null,null,null,null,null,null,"13250Onondaga","13250",13250,"Zone C - Central","National Grid","Onondaga","Central New York","Central","Central","Central",null,"Zone C - Central","Central","Central Region","Syracuse"]
[null,null,null,null,null,null,null,null,null,"13251Onondaga","13251",13251,"Zone C - Central","National Grid","Onondaga","Central New York","Central","Central","Central",null,"Zone C - Central","Central","Central Region","Syracuse"]
[null,null,null,null,null,null,null,null,null,"13252Onondaga","13252",13252,"Zone C - Central","National Grid","Onondaga","Central New York","Central","Central","Central",null,"Zone C - Central","Central","Central Region","Syracuse"]
[null,null,null,null,null,null,null,null,null,"13261Onondaga","13261",13261,"Zone C - Central","National Grid","Onondaga","Central New York","Central","Central","Central",null,"Zone C - Central","Central","Central Region","Syracuse"]
[null,null,null,null,null,null,null,null,null,"13290Onondaga","13290",13290,"Zone C - Central","National Grid","Onondaga","Central New York","Central","Central","Central",null,"Zone C - Central","Central","Central Region","Syracuse"]
[null,null,null,null,null,null,null,null,null,"13060Onondaga","13060",13060,"Zone C - Central","New York State Electric and Gas","Onondaga","Central New York","Central","Central","Central",null,"Zone C - Central","Central","Central Region","Syracuse"]
[null,null,null,null,null,null,null,null,null,"13080Onondaga","13080",13080,"Zone C - Central","New York State Electric and Gas","Onondaga","Central New York","Central","Central","Central",null,"Zone C - Central","Central","Central Region","Syracuse"]
[null,null,null,null,null,null,null,null,null,"13108Onondaga","13108",13108,"Zone C - Central","New York State Electric and Gas","Onondaga","Central New York","Central","Central","Central",null,"Zone C - Central","Central","Central Region","Binghamton"]
[null,null,null,null,null,null,null,null,null,"13110Onondaga","13110",13110,"Zone C - Central","New York State Electric and Gas","Onondaga","Central New York","Central","Central","Central",null,"Zone C - Central","Central","Central Region","Binghamton"]
[null,null,null,null,null,null,null,null,null,"13112Onondaga","13112",13112,"Zone C - Central","New York State Electric and Gas","Onondaga","Central New York","Central","Central","Central",null,"Zone C - Central","Central","Central Region","Syracuse"]
[null,null,null,null,null,null,null,null,null,"13153Onondaga","13153",13153,"Zone C - Central","New York State Electric and Gas","Onondaga","Central New York","Central","Central","Central",null,"Zone C - Central","Central","Central Region","Syracuse"]
[null,null,null,null,null,null,null,null,null,"13152Onondaga","13152",13152,"Zone C - Central","Municipal Utilities","Onondaga","Central New York","Central","Central","Central",null,"Zone C - Central","Central","Central Region","Binghamton"]
[null,null,null,null,null,null,null,null,null,"14471Ontario","14471",14471,"Zone A - West","National Grid","Ontario","Finger Lakes","Western","Western","Western",null,"Zone A - West","Western","Western Region","Binghamton"]
[null,null,null,null,null,null,null,null,null,"14475Ontario","14475",14475,"Zone A - West","National Grid","Ontario","Finger Lakes","Western","Western","Western",null,"Zone A - West","Western","Western Region","Syracuse"]
[null,null,null,null,null,null,null,null,null,"14560Ontario","14560",14560,"Zone A - West","National Grid","Ontario","Finger Lakes","Western","Western","Western",null,"Zone A - West","Western","Western Region","Binghamton"]
[null,null,null,null,null,null,null,null,null,"14585Ontario","14585",14585,"Zone A - West","National Grid","Ontario","Finger Lakes","Western","Western","Western",null,"Zone A - West","Western","Western Region","Syracuse"]
[null,null,null,null,null,null,null,null,null,"14453Ontario","14453",14453,"Zone A - West","Rochester Gas and Electric","Ontario","Finger Lakes","Western","Western","Western",null,"Zone A - West","Western","Western Region","Syracuse"]
[null,null,null,null,null,null,null,null,null,"14432Ontario","14432",14432,"Zone B - Genesee","New York State Electric and Gas","Ontario","Finger Lakes","Western","Western","Western",null,"Zone B - Genesee","Western","Western Region","Syracuse"]
[null,null,null,null,null,null,null,null,null,"14424Ontario","14424",14424,"Zone B - Genesee","Rochester Gas and Electric","Ontario","Finger Lakes","Western","Western","Western",null,"Zone B - Genesee","Western","Western Region","Binghamton"]
[null,null,null,null,null,null,null,null,null,"14425Ontario","14425",14425,"Zone B - Genesee","Rochester Gas and Electric","Ontario","Finger Lakes","Western","Western","Western",null,"Zone B - Genesee","Western","Western Region","Syracuse"]
[null,null,null,null,null,null,null,null,null,"14443Ontario","14443",14443,"Zone B - Genesee","Rochester Gas and Electric","Ontario","Finger Lakes","Western","Western","Western",null,"Zone B - Genesee","Western","Western Region","Binghamton"]
[null,null,null,null,null,null,null,null,null,"14469Ontario","14469",14469,"Zone B - Genesee","Rochester Gas and Electric","Ontario","Finger Lakes","Western","Western","Western",null,"Zone B - Genesee","Western","Western Region","Binghamton"]
[null,null,null,null,null,null,null,null,null,"14504Ontario","14504",14504,"Zone B - Genesee","Rochester Gas and Electric","Ontario","Finger Lakes","Western","Western","Western",null,"Zone B - Genesee","Western","Western Region","Syracuse"]
[null,null,null,null,null,null,null,null,null,"14537Ontario","14537",14537,"Zone B - Genesee","Rochester Gas and Electric","Ontario","Finger Lakes","Western","Western","Western",null,"Zone B - Genesee","Western","Western Region","Syracuse"]
[null,null,null,null,null,null,null,null,null,"14548Ontario","14548",14548,"Zone B - Genesee","Rochester Gas and Electric","Ontario","Finger Lakes","Western","Western","Western",null,"Zone B - Genesee","Western","Western Region","Syracuse"]
[null,null,null,null,null,null,null,null,null,"14564Ontario","14564",14564,"Zone B - Genesee","Rochester Gas and Electric","Ontario","Finger Lakes","Western","Western","Western",null,"Zone B - Genesee","Western","Western Region","Syracuse"]
[null,null,null,null,null,null,null,null,null,"14456Ontario","14456",14456,"Zone C - Central","New York State Electric and Gas","Ontario","Finger Lakes","Western","Western","Western",null,"Zone C - Central","Western","Western Region","Syracuse"]
[null,null,null,null,null,null,null,null,null,"14461Ontario","14461",14461,"Zone C - Central","New York State Electric and Gas","Ontario","Finger Lakes","Western","Western","Western",null,"Zone C - Central","Western","Western Region","Binghamton"]
[null,null,null,null,null,null,null,null,null,"14463Ontario","14463",14463,"Zone C - Central","New York State Electric and Gas","Ontario","Finger Lakes","Western","Western","Western",null,"Zone C - Central","Western","Western Region","Binghamton"]
[null,null,null,null,null,null,null,null,null,"14518Ontario","14518",14518,"Zone C - Central","New York State Electric and Gas","Ontario","Finger Lakes","Western","Western","Western",null,"Zone C - Central","Western","Western Region","Syracuse"]
[null,null,null,null,null,null,null,null,null,"14532Ontario","14532",14532,"Zone C - Central","New York State Electric and Gas","Ontario","Finger Lakes","Western","Western","Western",null,"Zone C - Central","Western","Western Region","Syracuse"]
[null,null,null,null,null,null,null,null,null,"14547Ontario","14547",14547,"Zone C - Central","New York State Electric and Gas","Ontario","Finger Lakes","Western","Western","Western",null,"Zone C - Central","Western","Western Region","Binghamton"]
[null,null,null,null,null,null,null,null,null,"14561Ontario","14561",14561,"Zone C - Central","New York State Electric and Gas","Ontario","Finger Lakes","Western","Western","Western",null,"Zone C - Central","Western","Western Region","Binghamton"]
[null,null,null,null,null,null,null,null,null,"14512Ontario","14512",14512,"Zone C - Central","New York State Electric and Gas","Ontario","Finger Lakes","Western","Western","Western",null,"Zone C - Central","Western","Western Region","Binghamton"]
[null,null,null,null,null,null,null,null,null,"12586Orange","12586",12586,"Zone G - Hudson Valley","New York State Electric and Gas","Orange","Mid-Hudson","Upper Hudson","Mid-Hudson","Mid-Hudson",null,"Zone G - Hudson Valley","Upper Hudson","Hudson Valley","Poughkeepsie"]
[null,null,null,null,null,null,null,null,null,"10915Orange","10915",10915,"Zone G - Hudson Valley","Orange and Rockland","Orange","Mid-Hudson","Upper Hudson","Mid-Hudson","Mid-Hudson",null,"Zone G - Hudson Valley","Upper Hudson","Hudson Valley","Poughkeepsie"]
[null,null,null,null,null,null,null,null,null,"10919Orange","10919",10919,"Zone G - Hudson Valley","Orange and Rockland","Orange","Mid-Hudson","Upper Hudson","Mid-Hudson","Mid-Hudson",null,"Zone G - Hudson Valley","Upper Hudson","Hudson Valley","Poughkeepsie"]
[null,null,null,null,null,null,null,null,null,"10932Orange","10932",10932,"Zone G - Hudson Valley","Orange and Rockland","Orange","Mid-Hudson","Upper Hudson","Mid-Hudson","Mid-Hudson",null,"Zone G - Hudson Valley","Upper Hudson","Hudson Valley","Poughkeepsie"]
[null,null,null,null,null,null,null,null,null,"10933Orange","10933",10933,"Zone G - Hudson Valley","Orange and Rockland","Orange","Mid-Hudson","Upper Hudson","Mid-Hudson","Mid-Hudson",null,"Zone G - Hudson Valley","Upper Hudson","Hudson Valley","Poughkeepsie"]
[null,null,null,null,null,null,null,null,null,"10940Orange","10940",10940,"Zone G - Hudson Valley","Orange and Rockland","Orange","Mid-Hudson","Upper Hudson","Mid-Hudson","Mid-Hudson",null,"Zone G - Hudson Valley","Upper Hudson","Hudson Valley","Poughkeepsie"]
[null,null,null,null,null,null,null,null,null,"10941Orange","10941",10941,"Zone G - Hudson Valley","Orange and Rockland","Orange","Mid-Hudson","Upper Hudson","Mid-Hudson","Mid-Hudson",null,"Zone G - Hudson Valley","Upper Hudson","Hudson Valley","Poughkeepsie"]
[null,null,null,null,null,null,null,null,null,"10958Orange","10958",10958,"Zone G - Hudson Valley","Orange and Rockland","Orange","Mid-Hudson","Upper Hudson","Mid-Hudson","Mid-Hudson",null,"Zone G - Hudson Valley","Upper Hudson","Hudson Valley","Poughkeepsie"]
[null,null,null,null,null,null,null,null,null,"10963Orange","10963",10963,"Zone G - Hudson Valley","Orange and Rockland","Orange","Mid-Hudson","Upper Hudson","Mid-Hudson","Mid-Hudson",null,"Zone G - Hudson Valley","Upper Hudson","Hudson Valley","Poughkeepsie"]
[null,null,null,null,null,null,null,null,null,"10973Orange","10973",10973,"Zone G - Hudson Valley","Orange and Rockland","Orange","Mid-Hudson","Upper Hudson","Mid-Hudson","Mid-Hudson",null,"Zone G - Hudson Valley","Upper Hudson","Hudson Valley","Poughkeepsie"]
[null,null,null,null,null,null,null,null,null,"10985Orange","10985",10985,"Zone G - Hudson Valley","Orange and Rockland","Orange","Mid-Hudson","Upper Hudson","Mid-Hudson","Mid-Hudson",null,"Zone G - Hudson Valley","Upper Hudson","Hudson Valley","Poughkeepsie"]
[null,null,null,null,null,null,null,null,null,"10988Orange","10988",10988,"Zone G - Hudson Valley","Orange and Rockland","Orange","Mid-Hudson","Upper Hudson","Mid-Hudson","Mid-Hudson",null,"Zone G - Hudson Valley","Upper Hudson","Hudson Valley","Poughkeepsie"]
[null,null,null,null,null,null,null,null,null,"10998Orange","10998",10998,"Zone G - Hudson Valley","Orange and Rockland","Orange","Mid-Hudson","Upper Hudson","Mid-Hudson","Mid-Hudson",null,"Zone G - Hudson Valley","Upper Hudson","Hudson Valley","Poughkeepsie"]
[null,null,null,null,null,null,null,null,null,"12729Orange","12729",12729,"Zone G - Hudson Valley","Orange and Rockland","Orange","Mid-Hudson","Upper Hudson","Mid-Hudson","Mid-Hudson",null,"Zone G - Hudson Valley","Upper Hudson","Hudson Valley","Binghamton"]
[null,null,null,null,null,null,null,null,null,"12746Orange","12746",12746,"Zone G - Hudson Valley","Orange and Rockland","Orange","Mid-Hudson","Upper Hudson","Mid-Hudson","Mid-Hudson",null,"Zone G - Hudson Valley","Upper Hudson","Hudson Valley","Poughkeepsie"]
[null,null,null,null,null,null,null,null,null,"12771Orange","12771",12771,"Zone G - Hudson Valley","Orange and Rockland","Orange","Mid-Hudson","Upper Hudson","Mid-Hudson","Mid-Hudson",null,"Zone G - Hudson Valley","Upper Hudson","Hudson Valley","Poughkeepsie"]
[null,null,null,null,null,null,null,null,null,"12780Orange","12780",12780,"Zone G - Hudson Valley","Orange and Rockland","Orange","Mid-Hudson","Upper Hudson","Mid-Hudson","Mid-Hudson",null,"Zone G - Hudson Valley","Upper Hudson","Hudson Valley","Poughkeepsie"]
[null,null,null,null,null,null,null,null,null,"12785Orange","12785",12785,"Zone G - Hudson Valley","Orange and Rockland","Orange","Mid-Hudson","Upper Hudson","Mid-Hudson","Mid-Hudson",null,"Zone G - Hudson Valley","Upper Hudson","Hudson Valley","Poughkeepsie"]
[null,null,null,null,null,null,null,null,null,"10916Orange","10916",10916,"Zone G - Hudson Valley","Central Hudson Gas and Electric","Orange","Mid-Hudson","Upper Hudson","Mid-Hudson","Mid-Hudson",null,"Zone G - Hudson Valley","Upper Hudson","Hudson Valley","Poughkeepsie"]
[null,null,null,null,null,null,null,null,null,"10953Orange","10953",10953,"Zone G - Hudson Valley","Central Hudson Gas and Electric","Orange","Mid-Hudson","Upper Hudson","Mid-Hudson","Mid-Hudson",null,"Zone G - Hudson Valley","Upper Hudson","Hudson Valley","Poughkeepsie"]
[null,null,null,null,null,null,null,null,null,"12518Orange","12518",12518,"Zone G - Hudson Valley","Central Hudson Gas and Electric","Orange","Mid-Hudson","Upper Hudson","Mid-Hudson","Mid-Hudson",null,"Zone G - Hudson Valley","Upper Hudson","Hudson Valley","Poughkeepsie"]
[null,null,null,null,null,null,null,null,null,"12520Orange","12520",12520,"Zone G - Hudson Valley","Central Hudson Gas and Electric","Orange","Mid-Hudson","Upper Hudson","Mid-Hudson","Mid-Hudson",null,"Zone G - Hudson Valley","Upper Hudson","Hudson Valley","Poughkeepsie"]
[null,null,null,null,null,null,null,null,null,"12543Orange","12543",12543,"Zone G - Hudson Valley","Central Hudson Gas and Electric","Orange","Mid-Hudson","Upper Hudson","Mid-Hudson","Mid-Hudson",null,"Zone G - Hudson Valley","Upper Hudson","Hudson Valley","Poughkeepsie"]
[null,null,null,null,null,null,null,null,null,"12549Orange","12549",12549,"Zone G - Hudson Valley","Central Hudson Gas and Electric","Orange","Mid-Hudson","Upper Hudson","Mid-Hudson","Mid-Hudson",null,"Zone G - Hudson Valley","Upper Hudson","Hudson Valley","Poughkeepsie"]
[null,null,null,null,null,null,null,null,null,"12550Orange","12550",12550,"Zone G - Hudson Valley","Central Hudson Gas and Electric","Orange","Mid-Hudson","Upper Hudson","Mid-Hudson","Mid-Hudson",null,"Zone G - Hudson Valley","Upper Hudson","Hudson Valley","Poughkeepsie"]
[null,null,null,null,null,null,null,null,null,"12551Orange","12551",12551,"Zone G - Hudson Valley","Central Hudson Gas and Electric","Orange","Mid-Hudson","Upper Hudson","Mid-Hudson","Mid-Hudson",null,"Zone G - Hudson Valley","Upper Hudson","Hudson Valley","Poughkeepsie"]
[null,null,null,null,null,null,null,null,null,"12552Orange","12552",12552,"Zone G - Hudson Valley","Central Hudson Gas and Electric","Orange","Mid-Hudson","Upper Hudson","Mid-Hudson","Mid-Hudson",null,"Zone G - Hudson Valley","Upper Hudson","Hudson Valley","Poughkeepsie"]
[null,null,null,null,null,null,null,null,null,"12553Orange","12553",12553,"Zone G - Hudson Valley","Central Hudson Gas and Electric","Orange","Mid-Hudson","Upper Hudson","Mid-Hudson","Mid-Hudson",null,"Zone G - Hudson Valley","Upper Hudson","Hudson Valley","Poughkeepsie"]
[null,null,null,null,null,null,null,null,null,"12555Orange","12555",12555,"Zone G - Hudson Valley","Central Hudson Gas and Electric","Orange","Mid-Hudson","Upper Hudson","Mid-Hudson","Mid-Hudson",null,"Zone G - Hudson Valley","Upper Hudson","Hudson Valley","Poughkeepsie"]
[null,null,null,null,null,null,null,null,null,"12575Orange","12575",12575,"Zone G - Hudson Valley","Central Hudson Gas and Electric","Orange","Mid-Hudson","Upper Hudson","Mid-Hudson","Mid-Hudson",null,"Zone G - Hudson Valley","Upper Hudson","Hudson Valley","Poughkeepsie"]
[null,null,null,null,null,null,null,null,null,"12584Orange","12584",12584,"Zone G - Hudson Valley","Central Hudson Gas and Electric","Orange","Mid-Hudson","Upper Hudson","Mid-Hudson","Mid-Hudson",null,"Zone G - Hudson Valley","Upper Hudson","Hudson Valley","Poughkeepsie"]
[null,null,null,null,null,null,null,null,null,"10910Orange","10910",10910,"Zone G - Hudson Valley","Orange and Rockland","Orange","Mid-Hudson","Upper Hudson","Mid-Hudson","Mid-Hudson",null,"Zone G - Hudson Valley","Upper Hudson","Hudson Valley","Poughkeepsie"]
[null,null,null,null,null,null,null,null,null,"10912Orange","10912",10912,"Zone G - Hudson Valley","Orange and Rockland","Orange","Mid-Hudson","Upper Hudson","Mid-Hudson","Mid-Hudson",null,"Zone G - Hudson Valley","Upper Hudson","Hudson Valley","Poughkeepsie"]
[null,null,null,null,null,null,null,null,null,"10914Orange","10914",10914,"Zone G - Hudson Valley","Orange and Rockland","Orange","Mid-Hudson","Upper Hudson","Mid-Hudson","Mid-Hudson",null,"Zone G - Hudson Valley","Upper Hudson","Hudson Valley","Poughkeepsie"]
[null,null,null,null,null,null,null,null,null,"10917Orange","10917",10917,"Zone G - Hudson Valley","Orange and Rockland","Orange","Mid-Hudson","Upper Hudson","Mid-Hudson","Mid-Hudson",null,"Zone G - Hudson Valley","Upper Hudson","Hudson Valley","Poughkeepsie"]
[null,null,null,null,null,null,null,null,null,"10918Orange","10918",10918,"Zone G - Hudson Valley","Orange and Rockland","Orange","Mid-Hudson","Upper Hudson","Mid-Hudson","Mid-Hudson",null,"Zone G - Hudson Valley","Upper Hudson","Hudson Valley","Poughkeepsie"]
[null,null,null,null,null,null,null,null,null,"10921Orange","10921",10921,"Zone G - Hudson Valley","Orange and Rockland","Orange","Mid-Hudson","Upper Hudson","Mid-Hudson","Mid-Hudson",null,"Zone G - Hudson Valley","Upper Hudson","Hudson Valley","Poughkeepsie"]
[null,null,null,null,null,null,null,null,null,"10922Orange","10922",10922,"Zone G - Hudson Valley","Orange and Rockland","Orange","Mid-Hudson","Upper Hudson","Mid-Hudson","Mid-Hudson",null,"Zone G - Hudson Valley","Upper Hudson","Hudson Valley","Poughkeepsie"]
[null,null,null,null,null,null,null,null,null,"10924Orange","10924",10924,"Zone G - Hudson Valley","Orange and Rockland","Orange","Mid-Hudson","Upper Hudson","Mid-Hudson","Mid-Hudson",null,"Zone G - Hudson Valley","Upper Hudson","Hudson Valley","Poughkeepsie"]
[null,null,null,null,null,null,null,null,null,"10925Orange","10925",10925,"Zone G - Hudson Valley","Orange and Rockland","Orange","Mid-Hudson","Upper Hudson","Mid-Hudson","Mid-Hudson",null,"Zone G - Hudson Valley","Upper Hudson","Hudson Valley","Poughkeepsie"]
[null,null,null,null,null,null,null,null,null,"10926Orange","10926",10926,"Zone G - Hudson Valley","Orange and Rockland","Orange","Mid-Hudson","Upper Hudson","Mid-Hudson","Mid-Hudson",null,"Zone G - Hudson Valley","Upper Hudson","Hudson Valley","Poughkeepsie"]
[null,null,null,null,null,null,null,null,null,"10928Orange","10928",10928,"Zone G - Hudson Valley","Orange and Rockland","Orange","Mid-Hudson","Upper Hudson","Mid-Hudson","Mid-Hudson",null,"Zone G - Hudson Valley","Upper Hudson","Hudson Valley","Poughkeepsie"]
[null,null,null,null,null,null,null,null,null,"10930Orange","10930",10930,"Zone G - Hudson Valley","Orange and Rockland","Orange","Mid-Hudson","Upper Hudson","Mid-Hudson","Mid-Hudson",null,"Zone G - Hudson Valley","Upper Hudson","Hudson Valley","Poughkeepsie"]
[null,null,null,null,null,null,null,null,null,"10949Orange","10949",10949,"Zone G - Hudson Valley","Orange and Rockland","Orange","Mid-Hudson","Upper Hudson","Mid-Hudson","Mid-Hudson",null,"Zone G - Hudson Valley","Upper Hudson","Hudson Valley","Poughkeepsie"]
[null,null,null,null,null,null,null,null,null,"10950Orange","10950",10950,"Zone G - Hudson Valley","Orange and Rockland","Orange","Mid-Hudson","Upper Hudson","Mid-Hudson","Mid-Hudson",null,"Zone G - Hudson Valley","Upper Hudson","Hudson Valley","Poughkeepsie"]
[null,null,null,null,null,null,null,null,null,"10959Orange","10959",10959,"Zone G - Hudson Valley","Orange and Rockland","Orange","Mid-Hudson","Upper Hudson","Mid-Hudson","Mid-Hudson",null,"Zone G - Hudson Valley","Upper Hudson","Hudson Valley","Poughkeepsie"]
[null,null,null,null,null,null,null,null,null,"10969Orange","10969",10969,"Zone G - Hudson Valley","Orange and Rockland","Orange","Mid-Hudson","Upper Hudson","Mid-Hudson","Mid-Hudson",null,"Zone G - Hudson Valley","Upper Hudson","Hudson Valley","Poughkeepsie"]
[null,null,null,null,null,null,null,null,null,"10975Orange","10975",10975,"Zone G - Hudson Valley","Orange and Rockland","Orange","Mid-Hudson","Upper Hudson","Mid-Hudson","Mid-Hudson",null,"Zone G - Hudson Valley","Upper Hudson","Hudson Valley","Poughkeepsie"]
[null,null,null,null,null,null,null,null,null,"10979Orange","10979",10979,"Zone G - Hudson Valley","Orange and Rockland","Orange","Mid-Hudson","Upper Hudson","Mid-Hudson","Mid-Hudson",null,"Zone G - Hudson Valley","Upper Hudson","Hudson Valley","Poughkeepsie"]
[null,null,null,null,null,null,null,null,null,"10981Orange","10981",10981,"Zone G - Hudson Valley","Orange and Rockland","Orange","Mid-Hudson","Upper Hudson","Mid-Hudson","Mid-Hudson",null,"Zone G - Hudson Valley","Upper Hudson","Hudson Valley","Poughkeepsie"]
[null,null,null,null,null,null,null,null,null,"10987Orange","10987",10987,"Zone G - Hudson Valley","Orange and Rockland","Orange","Mid-Hudson","Upper Hudson","Mid-Hudson","Mid-Hudson",null,"Zone G - Hudson Valley","Upper Hudson","Hudson Valley","Poughkeepsie"]
[null,null,null,null,null,null,null,null,null,"10990Orange","10990",10990,"Zone G - Hudson Valley","Orange and Rockland","Orange","Mid-Hudson","Upper Hudson","Mid-Hudson","Mid-Hudson",null,"Zone G - Hudson Valley","Upper Hudson","Hudson Valley","Poughkeepsie"]
[null,null,null,null,null,null,null,null,null,"10992Orange","10992",10992,"Zone G - Hudson Valley","Orange and Rockland","Orange","Mid-Hudson","Upper Hudson","Mid-Hudson","Mid-Hudson",null,"Zone G - Hudson Valley","Upper Hudson","Hudson Valley","Poughkeepsie"]
[null,null,null,null,null,null,null,null,null,"10996Orange","10996",10996,"Zone G - Hudson Valley","Orange and Rockland","Orange","Mid-Hudson","Upper Hudson","Mid-Hudson","Mid-Hudson",null,"Zone G - Hudson Valley","Upper Hudson","Hudson Valley","Poughkeepsie"]
[null,null,null,null,null,null,null,null,null,"10997Orange","10997",10997,"Zone G - Hudson Valley","Orange and Rockland","Orange","Mid-Hudson","Upper Hudson","Mid-Hudson","Mid-Hudson",null,"Zone G - Hudson Valley","Upper Hudson","Hudson Valley","Poughkeepsie"]
[null,null,null,null,null,null,null,null,null,"12577Orange","12577",12577,"Zone G - Hudson Valley","Orange and Rockland","Orange","Mid-Hudson","Upper Hudson","Mid-Hudson","Mid-Hudson",null,"Zone G - Hudson Valley","Upper Hudson","Hudson Valley","Poughkeepsie"]
[null,null,null,null,null,null,null,null,null,"14470Orleans","14470",14470,"Zone A - West","Municipal Utilities","Orleans","Finger Lakes","Western","Western","Western",null,"Zone A - West","Western","Western Region","Buffalo"]
[null,null,null,null,null,null,null,null,null,"14098Orleans","14098",14098,"Zone A - West","National Grid","Orleans","Finger Lakes","Western","Western","Western",null,"Zone A - West","Western","Western Region","Buffalo"]
[null,null,null,null,null,null,null,null,null,"14103Orleans","14103",14103,"Zone A - West","National Grid","Orleans","Finger Lakes","Western","Western","Western",null,"Zone A - West","Western","Western Region","Buffalo"]
[null,null,null,null,null,null,null,null,null,"14411Orleans","14411",14411,"Zone A - West","National Grid","Orleans","Finger Lakes","Western","Western","Western",null,"Zone A - West","Western","Western Region","Buffalo"]
[null,null,null,null,null,null,null,null,null,"14429Orleans","14429",14429,"Zone A - West","National Grid","Orleans","Finger Lakes","Western","Western","Western",null,"Zone A - West","Western","Western Region","Buffalo"]
[null,null,null,null,null,null,null,null,null,"14452Orleans","14452",14452,"Zone A - West","National Grid","Orleans","Finger Lakes","Western","Western","Western",null,"Zone A - West","Western","Western Region","Buffalo"]
[null,null,null,null,null,null,null,null,null,"14476Orleans","14476",14476,"Zone A - West","National Grid","Orleans","Finger Lakes","Western","Western","Western",null,"Zone A - West","Western","Western Region","Buffalo"]
[null,null,null,null,null,null,null,null,null,"14477Orleans","14477",14477,"Zone A - West","National Grid","Orleans","Finger Lakes","Western","Western","Western",null,"Zone A - West","Western","Western Region","Buffalo"]
[null,null,null,null,null,null,null,null,null,"14479Orleans","14479",14479,"Zone A - West","National Grid","Orleans","Finger Lakes","Western","Western","Western",null,"Zone A - West","Western","Western Region","Buffalo"]
[null,null,null,null,null,null,null,null,null,"14571Orleans","14571",14571,"Zone A - West","National Grid","Orleans","Finger Lakes","Western","Western","Western",null,"Zone A - West","Western","Western Region","Buffalo"]
[null,null,null,null,null,null,null,null,null,"13493Oswego","13493",13493,"Zone C - Central","National Grid","Oswego","Central New York","Central","Central","Central",null,"Zone C - Central","Central","Central Region","Binghamton"]
[null,null,null,null,null,null,null,null,null,"13028Oswego","13028",13028,"Zone C - Central","National Grid","Oswego","Central New York","Central","Central","Central",null,"Zone C - Central","Central","Central Region","Syracuse"]
[null,null,null,null,null,null,null,null,null,"13036Oswego","13036",13036,"Zone C - Central","National Grid","Oswego","Central New York","Central","Central","Central",null,"Zone C - Central","Central","Central Region","Syracuse"]
[null,null,null,null,null,null,null,null,null,"13044Oswego","13044",13044,"Zone C - Central","National Grid","Oswego","Central New York","Central","Central","Central",null,"Zone C - Central","Central","Central Region","Syracuse"]
[null,null,null,null,null,null,null,null,null,"13069Oswego","13069",13069,"Zone C - Central","National Grid","Oswego","Central New York","Central","Central","Central",null,"Zone C - Central","Central","Central Region","Syracuse"]
[null,null,null,null,null,null,null,null,null,"13074Oswego","13074",13074,"Zone C - Central","National Grid","Oswego","Central New York","Central","Central","Central",null,"Zone C - Central","Central","Central Region","Syracuse"]
[null,null,null,null,null,null,null,null,null,"13076Oswego","13076",13076,"Zone C - Central","National Grid","Oswego","Central New York","Central","Central","Central",null,"Zone C - Central","Central","Central Region","Syracuse"]
[null,null,null,null,null,null,null,null,null,"13083Oswego","13083",13083,"Zone C - Central","National Grid","Oswego","Central New York","Central","Central","Central",null,"Zone C - Central","Central","Central Region","Syracuse"]
[null,null,null,null,null,null,null,null,null,"13093Oswego","13093",13093,"Zone C - Central","National Grid","Oswego","Central New York","Central","Central","Central",null,"Zone C - Central","Central","Central Region","Syracuse"]
[null,null,null,null,null,null,null,null,null,"13103Oswego","13103",13103,"Zone C - Central","National Grid","Oswego","Central New York","Central","Central","Central",null,"Zone C - Central","Central","Central Region","Syracuse"]
[null,null,null,null,null,null,null,null,null,"13107Oswego","13107",13107,"Zone C - Central","National Grid","Oswego","Central New York","Central","Central","Central",null,"Zone C - Central","Central","Central Region","Syracuse"]
[null,null,null,null,null,null,null,null,null,"13114Oswego","13114",13114,"Zone C - Central","National Grid","Oswego","Central New York","Central","Central","Central",null,"Zone C - Central","Central","Central Region","Syracuse"]
[null,null,null,null,null,null,null,null,null,"13115Oswego","13115",13115,"Zone C - Central","National Grid","Oswego","Central New York","Central","Central","Central",null,"Zone C - Central","Central","Central Region","Syracuse"]
[null,null,null,null,null,null,null,null,null,"13121Oswego","13121",13121,"Zone C - Central","National Grid","Oswego","Central New York","Central","Central","Central",null,"Zone C - Central","Central","Central Region","Syracuse"]
[null,null,null,null,null,null,null,null,null,"13126Oswego","13126",13126,"Zone C - Central","National Grid","Oswego","Central New York","Central","Central","Central",null,"Zone C - Central","Central","Central Region","Syracuse"]
[null,null,null,null,null,null,null,null,null,"13131Oswego","13131",13131,"Zone C - Central","National Grid","Oswego","Central New York","Central","Central","Central",null,"Zone C - Central","Central","Central Region","Syracuse"]
[null,null,null,null,null,null,null,null,null,"13132Oswego","13132",13132,"Zone C - Central","National Grid","Oswego","Central New York","Central","Central","Central",null,"Zone C - Central","Central","Central Region","Syracuse"]
[null,null,null,null,null,null,null,null,null,"13135Oswego","13135",13135,"Zone C - Central","National Grid","Oswego","Central New York","Central","Central","Central",null,"Zone C - Central","Central","Central Region","Syracuse"]
[null,null,null,null,null,null,null,null,null,"13142Oswego","13142",13142,"Zone C - Central","National Grid","Oswego","Central New York","Central","Central","Central",null,"Zone C - Central","Central","Central Region","Syracuse"]
[null,null,null,null,null,null,null,null,null,"13144Oswego","13144",13144,"Zone C - Central","National Grid","Oswego","Central New York","Central","Central","Central",null,"Zone C - Central","Central","Central Region","Syracuse"]
[null,null,null,null,null,null,null,null,null,"13145Oswego","13145",13145,"Zone C - Central","National Grid","Oswego","Central New York","Central","Central","Central",null,"Zone C - Central","Central","Central Region","Syracuse"]
[null,null,null,null,null,null,null,null,null,"13167Oswego","13167",13167,"Zone C - Central","National Grid","Oswego","Central New York","Central","Central","Central",null,"Zone C - Central","Central","Central Region","Syracuse"]
[null,null,null,null,null,null,null,null,null,"13302Oswego","13302",13302,"Zone C - Central","National Grid","Oswego","Central New York","Central","Central","Central",null,"Zone C - Central","Central","Central Region","Binghamton"]
[null,null,null,null,null,null,null,null,null,"13426Oswego","13426",13426,"Zone C - Central","National Grid","Oswego","Central New York","Central","Central","Central",null,"Zone C - Central","Central","Central Region","Syracuse"]
[null,null,null,null,null,null,null,null,null,"13437Oswego","13437",13437,"Zone E - Mohawk Valley","National Grid","Oswego","Central New York","Central","Central","Central",null,"Zone E - Mohawk Valley","Central","Central Region","Syracuse"]
[null,null,null,null,null,null,null,null,null,"12036Otsego","12036",12036,"Zone E - Mohawk Valley","National Grid","Otsego","Mohawk Valley","Central","Central","Central",null,"Zone E - Mohawk Valley","Central","Central Region","Binghamton"]
[null,null,null,null,null,null,null,null,null,"13315Otsego","13315",13315,"Zone E - Mohawk Valley","New York State Electric and Gas","Otsego","Mohawk Valley","Central","Central","Central",null,"Zone E - Mohawk Valley","Central","Central Region","Binghamton"]
[null,null,null,null,null,null,null,null,null,"13326Otsego","13326",13326,"Zone E - Mohawk Valley","New York State Electric and Gas","Otsego","Mohawk Valley","Central","Central","Central",null,"Zone E - Mohawk Valley","Central","Central Region","Binghamton"]
[null,null,null,null,null,null,null,null,null,"13333Otsego","13333",13333,"Zone E - Mohawk Valley","New York State Electric and Gas","Otsego","Mohawk Valley","Central","Central","Central",null,"Zone E - Mohawk Valley","Central","Central Region","Binghamton"]
[null,null,null,null,null,null,null,null,null,"13335Otsego","13335",13335,"Zone E - Mohawk Valley","New York State Electric and Gas","Otsego","Mohawk Valley","Central","Central","Central",null,"Zone E - Mohawk Valley","Central","Central Region","Binghamton"]
[null,null,null,null,null,null,null,null,null,"13337Otsego","13337",13337,"Zone E - Mohawk Valley","New York State Electric and Gas","Otsego","Mohawk Valley","Central","Central","Central",null,"Zone E - Mohawk Valley","Central","Central Region","Binghamton"]
[null,null,null,null,null,null,null,null,null,"13342Otsego","13342",13342,"Zone E - Mohawk Valley","New York State Electric and Gas","Otsego","Mohawk Valley","Central","Central","Central",null,"Zone E - Mohawk Valley","Central","Central Region","Binghamton"]
[null,null,null,null,null,null,null,null,null,"13348Otsego","13348",13348,"Zone E - Mohawk Valley","New York State Electric and Gas","Otsego","Mohawk Valley","Central","Central","Central",null,"Zone E - Mohawk Valley","Central","Central Region","Binghamton"]
[null,null,null,null,null,null,null,null,null,"13415Otsego","13415",13415,"Zone E - Mohawk Valley","New York State Electric and Gas","Otsego","Mohawk Valley","Central","Central","Central",null,"Zone E - Mohawk Valley","Central","Central Region","Binghamton"]
[null,null,null,null,null,null,null,null,null,"13439Otsego","13439",13439,"Zone E - Mohawk Valley","New York State Electric and Gas","Otsego","Mohawk Valley","Central","Central","Central",null,"Zone E - Mohawk Valley","Central","Central Region","Binghamton"]
[null,null,null,null,null,null,null,null,null,"13450Otsego","13450",13450,"Zone E - Mohawk Valley","New York State Electric and Gas","Otsego","Mohawk Valley","Central","Central","Central",null,"Zone E - Mohawk Valley","Central","Central Region","Binghamton"]
[null,null,null,null,null,null,null,null,null,"13457Otsego","13457",13457,"Zone E - Mohawk Valley","New York State Electric and Gas","Otsego","Mohawk Valley","Central","Central","Central",null,"Zone E - Mohawk Valley","Central","Central Region","Binghamton"]
[null,null,null,null,null,null,null,null,null,"13468Otsego","13468",13468,"Zone E - Mohawk Valley","New York State Electric and Gas","Otsego","Mohawk Valley","Central","Central","Central",null,"Zone E - Mohawk Valley","Central","Central Region","Binghamton"]
[null,null,null,null,null,null,null,null,null,"13482Otsego","13482",13482,"Zone E - Mohawk Valley","New York State Electric and Gas","Otsego","Mohawk Valley","Central","Central","Central",null,"Zone E - Mohawk Valley","Central","Central Region","Binghamton"]
[null,null,null,null,null,null,null,null,null,"13747Otsego","13747",13747,"Zone E - Mohawk Valley","New York State Electric and Gas","Otsego","Mohawk Valley","Central","Central","Central",null,"Zone E - Mohawk Valley","Central","Central Region","Binghamton"]
[null,null,null,null,null,null,null,null,null,"13776Otsego","13776",13776,"Zone E - Mohawk Valley","New York State Electric and Gas","Otsego","Mohawk Valley","Central","Central","Central",null,"Zone E - Mohawk Valley","Central","Central Region","Binghamton"]
[null,null,null,null,null,null,null,null,null,"13796Otsego","13796",13796,"Zone E - Mohawk Valley","New York State Electric and Gas","Otsego","Mohawk Valley","Central","Central","Central",null,"Zone E - Mohawk Valley","Central","Central Region","Binghamton"]
[null,null,null,null,null,null,null,null,null,"13807Otsego","13807",13807,"Zone E - Mohawk Valley","New York State Electric and Gas","Otsego","Mohawk Valley","Central","Central","Central",null,"Zone E - Mohawk Valley","Central","Central Region","Binghamton"]
[null,null,null,null,null,null,null,null,null,"13808Otsego","13808",13808,"Zone E - Mohawk Valley","New York State Electric and Gas","Otsego","Mohawk Valley","Central","Central","Central",null,"Zone E - Mohawk Valley","Central","Central Region","Binghamton"]
[null,null,null,null,null,null,null,null,null,"13810Otsego","13810",13810,"Zone E - Mohawk Valley","New York State Electric and Gas","Otsego","Mohawk Valley","Central","Central","Central",null,"Zone E - Mohawk Valley","Central","Central Region","Binghamton"]
[null,null,null,null,null,null,null,null,null,"13820Otsego","13820",13820,"Zone E - Mohawk Valley","New York State Electric and Gas","Otsego","Mohawk Valley","Central","Central","Central",null,"Zone E - Mohawk Valley","Central","Central Region","Binghamton"]
[null,null,null,null,null,null,null,null,null,"13825Otsego","13825",13825,"Zone E - Mohawk Valley","New York State Electric and Gas","Otsego","Mohawk Valley","Central","Central","Central",null,"Zone E - Mohawk Valley","Central","Central Region","Binghamton"]
[null,null,null,null,null,null,null,null,null,"13834Otsego","13834",13834,"Zone E - Mohawk Valley","New York State Electric and Gas","Otsego","Mohawk Valley","Central","Central","Central",null,"Zone E - Mohawk Valley","Central","Central Region","Binghamton"]
[null,null,null,null,null,null,null,null,null,"13849Otsego","13849",13849,"Zone E - Mohawk Valley","New York State Electric and Gas","Otsego","Mohawk Valley","Central","Central","Central",null,"Zone E - Mohawk Valley","Central","Central Region","Binghamton"]
[null,null,null,null,null,null,null,null,null,"13859Otsego","13859",13859,"Zone E - Mohawk Valley","New York State Electric and Gas","Otsego","Mohawk Valley","Central","Central","Central",null,"Zone E - Mohawk Valley","Central","Central Region","Binghamton"]
[null,null,null,null,null,null,null,null,null,"13861Otsego","13861",13861,"Zone E - Mohawk Valley","New York State Electric and Gas","Otsego","Mohawk Valley","Central","Central","Central",null,"Zone E - Mohawk Valley","Central","Central Region","Binghamton"]
[null,null,null,null,null,null,null,null,null,"12064Otsego","12064",12064,"Zone F - Capital","National Grid","Otsego","Mohawk Valley","Central","Central","Central",null,"Zone F - Capital","Central","Central Region","Binghamton"]
[null,null,null,null,null,null,null,null,null,"12155Otsego","12155",12155,"Zone F - Capital","National Grid","Otsego","Mohawk Valley","Central","Central","Central",null,"Zone F - Capital","Central","Central Region","Binghamton"]
[null,null,null,null,null,null,null,null,null,"12197Otsego","12197",12197,"Zone F - Capital","National Grid","Otsego","Mohawk Valley","Central","Central","Central",null,"Zone F - Capital","Central","Central Region","Binghamton"]
[null,null,null,null,null,null,null,null,null,"13320Otsego","13320",13320,"Zone F - Capital","National Grid","Otsego","Mohawk Valley","Central","Central","Central",null,"Zone F - Capital","Central","Central Region","Binghamton"]
[null,null,null,null,null,null,null,null,null,"12116Otsego","12116",12116,"Zone F - Capital","New York State Electric and Gas","Otsego","Mohawk Valley","Central","Central","Central",null,"Zone F - Capital","Central","Central Region","Binghamton"]
[null,null,null,null,null,null,null,null,null,"13488Otsego","13488",13488,"Zone F - Capital","New York State Electric and Gas","Otsego","Mohawk Valley","Central","Central","Central",null,"Zone F - Capital","Central","Central Region","Binghamton"]
[null,null,null,null,null,null,null,null,null,"10516Putnam","10516",10516,"Zone G - Hudson Valley","Central Hudson Gas and Electric","Putnam","Mid-Hudson","Lower Hudson","Mid-Hudson","Mid-Hudson",null,"Zone G - Hudson Valley","Lower Hudson","Hudson Valley","Poughkeepsie"]
[null,null,null,null,null,null,null,null,null,"10524Putnam","10524",10524,"Zone G - Hudson Valley","Central Hudson Gas and Electric","Putnam","Mid-Hudson","Lower Hudson","Mid-Hudson","Mid-Hudson",null,"Zone G - Hudson Valley","Lower Hudson","Hudson Valley","Poughkeepsie"]
[null,null,null,null,null,null,null,null,null,"10509Putnam","10509",10509,"Zone G - Hudson Valley","New York State Electric and Gas","Putnam","Mid-Hudson","Lower Hudson","Mid-Hudson","Mid-Hudson",null,"Zone G - Hudson Valley","Lower Hudson","Hudson Valley","Poughkeepsie"]
[null,null,null,null,null,null,null,null,null,"10512Putnam","10512",10512,"Zone G - Hudson Valley","New York State Electric and Gas","Putnam","Mid-Hudson","Lower Hudson","Mid-Hudson","Mid-Hudson",null,"Zone G - Hudson Valley","Lower Hudson","Hudson Valley","Poughkeepsie"]
[null,null,null,null,null,null,null,null,null,"10541Putnam","10541",10541,"Zone G - Hudson Valley","New York State Electric and Gas","Putnam","Mid-Hudson","Lower Hudson","Mid-Hudson","Mid-Hudson",null,"Zone G - Hudson Valley","Lower Hudson","Hudson Valley","Poughkeepsie"]
[null,null,null,null,null,null,null,null,null,"10542Putnam","10542",10542,"Zone G - Hudson Valley","New York State Electric and Gas","Putnam","Mid-Hudson","Lower Hudson","Mid-Hudson","Mid-Hudson",null,"Zone G - Hudson Valley","Lower Hudson","Hudson Valley","Poughkeepsie"]
[null,null,null,null,null,null,null,null,null,"10579Putnam","10579",10579,"Zone G - Hudson Valley","New York State Electric and Gas","Putnam","Mid-Hudson","Lower Hudson","Mid-Hudson","Mid-Hudson",null,"Zone G - Hudson Valley","Lower Hudson","Hudson Valley","Poughkeepsie"]
[null,null,null,null,null,null,null,null,null,"12563Putnam","12563",12563,"Zone G - Hudson Valley","New York State Electric and Gas","Putnam","Mid-Hudson","Lower Hudson","Mid-Hudson","Mid-Hudson",null,"Zone G - Hudson Valley","Lower Hudson","Hudson Valley","Poughkeepsie"]
[null,null,null,null,null,null,null,null,null,"10537Putnam","10537",10537,"Zone H - Millwood","New York State Electric and Gas","Putnam","Mid-Hudson","Lower Hudson","Mid-Hudson","Mid-Hudson",null,"Zone H - Millwood","Lower Hudson","Hudson Valley","Poughkeepsie"]
[null,null,null,null,null,null,null,null,null,"11004Queens","11004",11004,"Zone J - New York City","Consolidated Edison","Queens","New York City","NYC",{"$error":"#N/A"},{"$error":"#N/A"},"ConEd NYC","Zone J - New York City","NYC","","New York"]
[null,null,null,null,null,null,null,null,null,"11101Queens","11101",11101,"Zone J - New York City","Consolidated Edison","Queens","New York City","NYC",{"$error":"#N/A"},{"$error":"#N/A"},"ConEd NYC","Zone J - New York City","NYC","","New York"]
[null,null,null,null,null,null,null,null,null,"11102Queens","11102",11102,"Zone J - New York City","Consolidated Edison","Queens","New York City","NYC",{"$error":"#N/A"},{"$error":"#N/A"},"ConEd NYC","Zone J - New York City","NYC","","New York"]
[null,null,null,null,null,null,null,null,null,"11103Queens","11103",11103,"Zone J - New York City","Consolidated Edison","Queens","New York City","NYC",{"$error":"#N/A"},{"$error":"#N/A"},"ConEd NYC","Zone J - New York City","NYC","","New York"]
[null,null,null,null,null,null,null,null,null,"11104Queens","11104",11104,"Zone J - New York City","Consolidated Edison","Queens","New York City","NYC",{"$error":"#N/A"},{"$error":"#N/A"},"ConEd NYC","Zone J - New York City","NYC","","New York"]
[null,null,null,null,null,null,null,null,null,"11105Queens","11105",11105,"Zone J - New York City","Consolidated Edison","Queens","New York City","NYC",{"$error":"#N/A"},{"$error":"#N/A"},"ConEd NYC","Zone J - New York City","NYC","","New York"]
[null,null,null,null,null,null,null,null,null,"11106Queens","11106",11106,"Zone J - New York City","Consolidated Edison","Queens","New York City","NYC",{"$error":"#N/A"},{"$error":"#N/A"},"ConEd NYC","Zone J - New York City","NYC","","New York"]
[null,null,null,null,null,null,null,null,null,"11109Queens","11109",11109,"Zone J - New York City","Consolidated Edison","Queens","New York City","NYC",{"$error":"#N/A"},{"$error":"#N/A"},"ConEd NYC","Zone J - New York City","NYC","","New York"]
[null,null,null,null,null,null,null,null,null,"11120Queens","11120",11120,"Zone J - New York City","Consolidated Edison","Queens","New York City","NYC",{"$error":"#N/A"},{"$error":"#N/A"},"ConEd NYC","Zone J - New York City","NYC","","New York"]
[null,null,null,null,null,null,null,null,null,"11351Queens","11351",11351,"Zone J - New York City","Consolidated Edison","Queens","New York City","NYC",{"$error":"#N/A"},{"$error":"#N/A"},"ConEd NYC","Zone J - New York City","NYC","","New York"]
[null,null,null,null,null,null,null,null,null,"11352Queens","11352",11352,"Zone J - New York City","Consolidated Edison","Queens","New York City","NYC",{"$error":"#N/A"},{"$error":"#N/A"},"ConEd NYC","Zone J - New York City","NYC","","New York"]
[null,null,null,null,null,null,null,null,null,"11354Queens","11354",11354,"Zone J - New York City","Consolidated Edison","Queens","New York City","NYC",{"$error":"#N/A"},{"$error":"#N/A"},"ConEd NYC","Zone J - New York City","NYC","","New York"]
[null,null,null,null,null,null,null,null,null,"11355Queens","11355",11355,"Zone J - New York City","Consolidated Edison","Queens","New York City","NYC",{"$error":"#N/A"},{"$error":"#N/A"},"ConEd NYC","Zone J - New York City","NYC","","New York"]
[null,null,null,null,null,null,null,null,null,"11356Queens","11356",11356,"Zone J - New York City","Consolidated Edison","Queens","New York City","NYC",{"$error":"#N/A"},{"$error":"#N/A"},"ConEd NYC","Zone J - New York City","NYC","","New York"]
[null,null,null,null,null,null,null,null,null,"11357Queens","11357",11357,"Zone J - New York City","Consolidated Edison","Queens","New York City","NYC",{"$error":"#N/A"},{"$error":"#N/A"},"ConEd NYC","Zone J - New York City","NYC","","New York"]
[null,null,null,null,null,null,null,null,null,"11358Queens","11358",11358,"Zone J - New York City","Consolidated Edison","Queens","New York City","NYC",{"$error":"#N/A"},{"$error":"#N/A"},"ConEd NYC","Zone J - New York City","NYC","","New York"]
[null,null,null,null,null,null,null,null,null,"11359Queens","11359",11359,"Zone J - New York City","Consolidated Edison","Queens","New York City","NYC",{"$error":"#N/A"},{"$error":"#N/A"},"ConEd NYC","Zone J - New York City","NYC","","New York"]
[null,null,null,null,null,null,null,null,null,"11360Queens","11360",11360,"Zone J - New York City","Consolidated Edison","Queens","New York City","NYC",{"$error":"#N/A"},{"$error":"#N/A"},"ConEd NYC","Zone J - New York City","NYC","","New York"]
[null,null,null,null,null,null,null,null,null,"11361Queens","11361",11361,"Zone J - New York City","Consolidated Edison","Queens","New York City","NYC",{"$error":"#N/A"},{"$error":"#N/A"},"ConEd NYC","Zone J - New York City","NYC","","New York"]
[null,null,null,null,null,null,null,null,null,"11362Queens","11362",11362,"Zone J - New York City","Consolidated Edison","Queens","New York City","NYC",{"$error":"#N/A"},{"$error":"#N/A"},"ConEd NYC","Zone J - New York City","NYC","","New York"]
[null,null,null,null,null,null,null,null,null,"11363Queens","11363",11363,"Zone J - New York City","Consolidated Edison","Queens","New York City","NYC",{"$error":"#N/A"},{"$error":"#N/A"},"ConEd NYC","Zone J - New York City","NYC","","New York"]
[null,null,null,null,null,null,null,null,null,"11364Queens","11364",11364,"Zone J - New York City","Consolidated Edison","Queens","New York City","NYC",{"$error":"#N/A"},{"$error":"#N/A"},"ConEd NYC","Zone J - New York City","NYC","","New York"]
[null,null,null,null,null,null,null,null,null,"11365Queens","11365",11365,"Zone J - New York City","Consolidated Edison","Queens","New York City","NYC",{"$error":"#N/A"},{"$error":"#N/A"},"ConEd NYC","Zone J - New York City","NYC","","New York"]
[null,null,null,null,null,null,null,null,null,"11366Queens","11366",11366,"Zone J - New York City","Consolidated Edison","Queens","New York City","NYC",{"$error":"#N/A"},{"$error":"#N/A"},"ConEd NYC","Zone J - New York City","NYC","","New York"]
[null,null,null,null,null,null,null,null,null,"11367Queens","11367",11367,"Zone J - New York City","Consolidated Edison","Queens","New York City","NYC",{"$error":"#N/A"},{"$error":"#N/A"},"ConEd NYC","Zone J - New York City","NYC","","New York"]
[null,null,null,null,null,null,null,null,null,"11368Queens","11368",11368,"Zone J - New York City","Consolidated Edison","Queens","New York City","NYC",{"$error":"#N/A"},{"$error":"#N/A"},"ConEd NYC","Zone J - New York City","NYC","","New York"]
[null,null,null,null,null,null,null,null,null,"11369Queens","11369",11369,"Zone J - New York City","Consolidated Edison","Queens","New York City","NYC",{"$error":"#N/A"},{"$error":"#N/A"},"ConEd NYC","Zone J - New York City","NYC","","New York"]
[null,null,null,null,null,null,null,null,null,"11370Queens","11370",11370,"Zone J - New York City","Consolidated Edison","Queens","New York City","NYC",{"$error":"#N/A"},{"$error":"#N/A"},"ConEd NYC","Zone J - New York City","NYC","","New York"]
[null,null,null,null,null,null,null,null,null,"11371Queens","11371",11371,"Zone J - New York City","Consolidated Edison","Queens","New York City","NYC",{"$error":"#N/A"},{"$error":"#N/A"},"ConEd NYC","Zone J - New York City","NYC","","New York"]
[null,null,null,null,null,null,null,null,null,"11372Queens","11372",11372,"Zone J - New York City","Consolidated Edison","Queens","New York City","NYC",{"$error":"#N/A"},{"$error":"#N/A"},"ConEd NYC","Zone J - New York City","NYC","","New York"]
[null,null,null,null,null,null,null,null,null,"11373Queens","11373",11373,"Zone J - New York City","Consolidated Edison","Queens","New York City","NYC",{"$error":"#N/A"},{"$error":"#N/A"},"ConEd NYC","Zone J - New York City","NYC","","New York"]
[null,null,null,null,null,null,null,null,null,"11374Queens","11374",11374,"Zone J - New York City","Consolidated Edison","Queens","New York City","NYC",{"$error":"#N/A"},{"$error":"#N/A"},"ConEd NYC","Zone J - New York City","NYC","","New York"]
[null,null,null,null,null,null,null,null,null,"11375Queens","11375",11375,"Zone J - New York City","Consolidated Edison","Queens","New York City","NYC",{"$error":"#N/A"},{"$error":"#N/A"},"ConEd NYC","Zone J - New York City","NYC","","New York"]
[null,null,null,null,null,null,null,null,null,"11377Queens","11377",11377,"Zone J - New York City","Consolidated Edison","Queens","New York City","NYC",{"$error":"#N/A"},{"$error":"#N/A"},"ConEd NYC","Zone J - New York City","NYC","","New York"]
[null,null,null,null,null,null,null,null,null,"11378Queens","11378",11378,"Zone J - New York City","Consolidated Edison","Queens","New York City","NYC",{"$error":"#N/A"},{"$error":"#N/A"},"ConEd NYC","Zone J - New York City","NYC","","New York"]
[null,null,null,null,null,null,null,null,null,"11379Queens","11379",11379,"Zone J - New York City","Consolidated Edison","Queens","New York City","NYC",{"$error":"#N/A"},{"$error":"#N/A"},"ConEd NYC","Zone J - New York City","NYC","","New York"]
[null,null,null,null,null,null,null,null,null,"11380Queens","11380",11380,"Zone J - New York City","Consolidated Edison","Queens","New York City","NYC",{"$error":"#N/A"},{"$error":"#N/A"},"ConEd NYC","Zone J - New York City","NYC","","New York"]
[null,null,null,null,null,null,null,null,null,"11381Queens","11381",11381,"Zone J - New York City","Consolidated Edison","Queens","New York City","NYC",{"$error":"#N/A"},{"$error":"#N/A"},"ConEd NYC","Zone J - New York City","NYC","","New York"]
[null,null,null,null,null,null,null,null,null,"11385Queens","11385",11385,"Zone J - New York City","Consolidated Edison","Queens","New York City","NYC",{"$error":"#N/A"},{"$error":"#N/A"},"ConEd NYC","Zone J - New York City","NYC","","New York"]
[null,null,null,null,null,null,null,null,null,"11386Queens","11386",11386,"Zone J - New York City","Consolidated Edison","Queens","New York City","NYC",{"$error":"#N/A"},{"$error":"#N/A"},"ConEd NYC","Zone J - New York City","NYC","","New York"]
[null,null,null,null,null,null,null,null,null,"11405Queens","11405",11405,"Zone J - New York City","Consolidated Edison","Queens","New York City","NYC",{"$error":"#N/A"},{"$error":"#N/A"},"ConEd NYC","Zone J - New York City","NYC","","New York"]
[null,null,null,null,null,null,null,null,null,"11411Queens","11411",11411,"Zone J - New York City","Consolidated Edison","Queens","New York City","NYC",{"$error":"#N/A"},{"$error":"#N/A"},"ConEd NYC","Zone J - New York City","NYC","","New York"]
[null,null,null,null,null,null,null,null,null,"11412Queens","11412",11412,"Zone J - New York City","Consolidated Edison","Queens","New York City","NYC",{"$error":"#N/A"},{"$error":"#N/A"},"ConEd NYC","Zone J - New York City","NYC","","New York"]
[null,null,null,null,null,null,null,null,null,"11413Queens","11413",11413,"Zone J - New York City","Consolidated Edison","Queens","New York City","NYC",{"$error":"#N/A"},{"$error":"#N/A"},"ConEd NYC","Zone J - New York City","NYC","","New York"]
[null,null,null,null,null,null,null,null,null,"11414Queens","11414",11414,"Zone J - New York City","Consolidated Edison","Queens","New York City","NYC",{"$error":"#N/A"},{"$error":"#N/A"},"ConEd NYC","Zone J - New York City","NYC","","New York"]
[null,null,null,null,null,null,null,null,null,"11415Queens","11415",11415,"Zone J - New York City","Consolidated Edison","Queens","New York City","NYC",{"$error":"#N/A"},{"$error":"#N/A"},"ConEd NYC","Zone J - New York City","NYC","","New York"]
[null,null,null,null,null,null,null,null,null,"11416Queens","11416",11416,"Zone J - New York City","Consolidated Edison","Queens","New York City","NYC",{"$error":"#N/A"},{"$error":"#N/A"},"ConEd NYC","Zone J - New York City","NYC","","New York"]
[null,null,null,null,null,null,null,null,null,"11417Queens","11417",11417,"Zone J - New York City","Consolidated Edison","Queens","New York City","NYC",{"$error":"#N/A"},{"$error":"#N/A"},"ConEd NYC","Zone J - New York City","NYC","","New York"]
[null,null,null,null,null,null,null,null,null,"11418Queens","11418",11418,"Zone J - New York City","Consolidated Edison","Queens","New York City","NYC",{"$error":"#N/A"},{"$error":"#N/A"},"ConEd NYC","Zone J - New York City","NYC","","New York"]
[null,null,null,null,null,null,null,null,null,"11419Queens","11419",11419,"Zone J - New York City","Consolidated Edison","Queens","New York City","NYC",{"$error":"#N/A"},{"$error":"#N/A"},"ConEd NYC","Zone J - New York City","NYC","","New York"]
[null,null,null,null,null,null,null,null,null,"11420Queens","11420",11420,"Zone J - New York City","Consolidated Edison","Queens","New York City","NYC",{"$error":"#N/A"},{"$error":"#N/A"},"ConEd NYC","Zone J - New York City","NYC","","New York"]
[null,null,null,null,null,null,null,null,null,"11421Queens","11421",11421,"Zone J - New York City","Consolidated Edison","Queens","New York City","NYC",{"$error":"#N/A"},{"$error":"#N/A"},"ConEd NYC","Zone J - New York City","NYC","","New York"]
[null,null,null,null,null,null,null,null,null,"11422Queens","11422",11422,"Zone J - New York City","Consolidated Edison","Queens","New York City","NYC",{"$error":"#N/A"},{"$error":"#N/A"},"ConEd NYC","Zone J - New York City","NYC","","New York"]
[null,null,null,null,null,null,null,null,null,"11423Queens","11423",11423,"Zone J - New York City","Consolidated Edison","Queens","New York City","NYC",{"$error":"#N/A"},{"$error":"#N/A"},"ConEd NYC","Zone J - New York City","NYC","","New York"]
[null,null,null,null,null,null,null,null,null,"11424Queens","11424",11424,"Zone J - New York City","Consolidated Edison","Queens","New York City","NYC",{"$error":"#N/A"},{"$error":"#N/A"},"ConEd NYC","Zone J - New York City","NYC","","New York"]
[null,null,null,null,null,null,null,null,null,"11425Queens","11425",11425,"Zone J - New York City","Consolidated Edison","Queens","New York City","NYC",{"$error":"#N/A"},{"$error":"#N/A"},"ConEd NYC","Zone J - New York City","NYC","","New York"]
[null,null,null,null,null,null,null,null,null,"11427Queens","11427",11427,"Zone J - New York City","Consolidated Edison","Queens","New York City","NYC",{"$error":"#N/A"},{"$error":"#N/A"},"ConEd NYC","Zone J - New York City","NYC","","New York"]
[null,null,null,null,null,null,null,null,null,"11428Queens","11428",11428,"Zone J - New York City","Consolidated Edison","Queens","New York City","NYC",{"$error":"#N/A"},{"$error":"#N/A"},"ConEd NYC","Zone J - New York City","NYC","","New York"]
[null,null,null,null,null,null,null,null,null,"11429Queens","11429",11429,"Zone J - New York City","Consolidated Edison","Queens","New York City","NYC",{"$error":"#N/A"},{"$error":"#N/A"},"ConEd NYC","Zone J - New York City","NYC","","New York"]
[null,null,null,null,null,null,null,null,null,"11430Queens","11430",11430,"Zone J - New York City","Consolidated Edison","Queens","New York City","NYC",{"$error":"#N/A"},{"$error":"#N/A"},"ConEd NYC","Zone J - New York City","NYC","","New York"]
[null,null,null,null,null,null,null,null,null,"11431Queens","11431",11431,"Zone J - New York City","Consolidated Edison","Queens","New York City","NYC",{"$error":"#N/A"},{"$error":"#N/A"},"ConEd NYC","Zone J - New York City","NYC","","New York"]
[null,null,null,null,null,null,null,null,null,"11432Queens","11432",11432,"Zone J - New York City","Consolidated Edison","Queens","New York City","NYC",{"$error":"#N/A"},{"$error":"#N/A"},"ConEd NYC","Zone J - New York City","NYC","","New York"]
[null,null,null,null,null,null,null,null,null,"11433Queens","11433",11433,"Zone J - New York City","Consolidated Edison","Queens","New York City","NYC",{"$error":"#N/A"},{"$error":"#N/A"},"ConEd NYC","Zone J - New York City","NYC","","New York"]
[null,null,null,null,null,null,null,null,null,"11434Queens","11434",11434,"Zone J - New York City","Consolidated Edison","Queens","New York City","NYC",{"$error":"#N/A"},{"$error":"#N/A"},"ConEd NYC","Zone J - New York City","NYC","","New York"]
[null,null,null,null,null,null,null,null,null,"11435Queens","11435",11435,"Zone J - New York City","Consolidated Edison","Queens","New York City","NYC",{"$error":"#N/A"},{"$error":"#N/A"},"ConEd NYC","Zone J - New York City","NYC","","New York"]
[null,null,null,null,null,null,null,null,null,"11436Queens","11436",11436,"Zone J - New York City","Consolidated Edison","Queens","New York City","NYC",{"$error":"#N/A"},{"$error":"#N/A"},"ConEd NYC","Zone J - New York City","NYC","","New York"]
[null,null,null,null,null,null,null,null,null,"11439Queens","11439",11439,"Zone J - New York City","Consolidated Edison","Queens","New York City","NYC",{"$error":"#N/A"},{"$error":"#N/A"},"ConEd NYC","Zone J - New York City","NYC","","New York"]
[null,null,null,null,null,null,null,null,null,"11451Queens","11451",11451,"Zone J - New York City","Consolidated Edison","Queens","New York City","NYC",{"$error":"#N/A"},{"$error":"#N/A"},"ConEd NYC","Zone J - New York City","NYC","","New York"]
[null,null,null,null,null,null,null,null,null,"11499Queens","11499",11499,"Zone J - New York City","Consolidated Edison","Queens","New York City","NYC",{"$error":"#N/A"},{"$error":"#N/A"},"ConEd NYC","Zone J - New York City","NYC","","New York"]
[null,null,null,null,null,null,null,null,null,"11695Queens","11695",11695,"Zone J - New York City","Consolidated Edison","Queens","New York City","NYC",{"$error":"#N/A"},{"$error":"#N/A"},"ConEd NYC","Zone J - New York City","NYC","","New York"]
[null,null,null,null,null,null,null,null,null,"11690Queens","11690",11690,"Zone J - New York City","PSEG Long Island","Queens","New York City","NYC",{"$error":"#N/A"},{"$error":"#N/A"},"ConEd NYC","Zone J - New York City","NYC","","New York"]
[null,null,null,null,null,null,null,null,null,"11691Queens","11691",11691,"Zone J - New York City","PSEG Long Island","Queens","New York City","NYC",{"$error":"#N/A"},{"$error":"#N/A"},"ConEd NYC","Zone J - New York City","NYC","","New York"]
[null,null,null,null,null,null,null,null,null,"11692Queens","11692",11692,"Zone J - New York City","PSEG Long Island","Queens","New York City","NYC",{"$error":"#N/A"},{"$error":"#N/A"},"ConEd NYC","Zone J - New York City","NYC","","New York"]
[null,null,null,null,null,null,null,null,null,"11693Queens","11693",11693,"Zone J - New York City","PSEG Long Island","Queens","New York City","NYC",{"$error":"#N/A"},{"$error":"#N/A"},"ConEd NYC","Zone J - New York City","NYC","","New York"]
[null,null,null,null,null,null,null,null,null,"11694Queens","11694",11694,"Zone J - New York City","PSEG Long Island","Queens","New York City","NYC",{"$error":"#N/A"},{"$error":"#N/A"},"ConEd NYC","Zone J - New York City","NYC","","New York"]
[null,null,null,null,null,null,null,null,null,"11697Queens","11697",11697,"Zone J - New York City","PSEG Long Island","Queens","New York City","NYC",{"$error":"#N/A"},{"$error":"#N/A"},"ConEd NYC","Zone J - New York City","NYC","","New York"]
[null,null,null,null,null,null,null,null,null,"11005Queens","11005",11005,"Zone K - Long Island","Consolidated Edison","Queens","New York City","NYC",{"$error":"#N/A"},{"$error":"#N/A"},"ConEd NYC","Zone K - Long Island","NYC","","New York"]
[null,null,null,null,null,null,null,null,null,"11426Queens","11426",11426,"Zone J - New York City","Consolidated Edison","Queens","New York City","NYC",{"$error":"#N/A"},{"$error":"#N/A"},"ConEd NYC","Zone J - New York City","NYC","","New York"]
[null,null,null,null,null,null,null,null,null,"12028Rensselaer","12028",12028,"Zone F - Capital","National Grid","Rensselaer","Capital Region","Capital District","Capital District","Capital District",null,"Zone F - Capital","Capital District","Capital District","Albany"]
[null,null,null,null,null,null,null,null,null,"12033Rensselaer","12033",12033,"Zone F - Capital","National Grid","Rensselaer","Capital Region","Capital District","Capital District","Capital District",null,"Zone F - Capital","Capital District","Capital District","Albany"]
[null,null,null,null,null,null,null,null,null,"12052Rensselaer","12052",12052,"Zone F - Capital","National Grid","Rensselaer","Capital Region","Capital District","Capital District","Capital District",null,"Zone F - Capital","Capital District","Capital District","Albany"]
[null,null,null,null,null,null,null,null,null,"12061Rensselaer","12061",12061,"Zone F - Capital","National Grid","Rensselaer","Capital Region","Capital District","Capital District","Capital District",null,"Zone F - Capital","Capital District","Capital District","Albany"]
[null,null,null,null,null,null,null,null,null,"12062Rensselaer","12062",12062,"Zone F - Capital","National Grid","Rensselaer","Capital Region","Capital District","Capital District","Capital District",null,"Zone F - Capital","Capital District","Capital District","Albany"]
[null,null,null,null,null,null,null,null,null,"12063Rensselaer","12063",12063,"Zone F - Capital","National Grid","Rensselaer","Capital Region","Capital District","Capital District","Capital District",null,"Zone F - Capital","Capital District","Capital District","Albany"]
[null,null,null,null,null,null,null,null,null,"12082Rensselaer","12082",12082,"Zone F - Capital","National Grid","Rensselaer","Capital Region","Capital District","Capital District","Capital District",null,"Zone F - Capital","Capital District","Capital District","Albany"]
[null,null,null,null,null,null,null,null,null,"12089Rensselaer","12089",12089,"Zone F - Capital","National Grid","Rensselaer","Capital Region","Capital District","Capital District","Capital District",null,"Zone F - Capital","Capital District","Capital District","Albany"]
[null,null,null,null,null,null,null,null,null,"12090Rensselaer","12090",12090,"Zone F - Capital","National Grid","Rensselaer","Capital Region","Capital District","Capital District","Capital District",null,"Zone F - Capital","Capital District","Capital District","Albany"]
[null,null,null,null,null,null,null,null,null,"12094Rensselaer","12094",12094,"Zone F - Capital","National Grid","Rensselaer","Capital Region","Capital District","Capital District","Capital District",null,"Zone F - Capital","Capital District","Capital District","Albany"]
[null,null,null,null,null,null,null,null,null,"12121Rensselaer","12121",12121,"Zone F - Capital","National Grid","Rensselaer","Capital Region","Capital District","Capital District","Capital District",null,"Zone F - Capital","Capital District","Capital District","Albany"]
[null,null,null,null,null,null,null,null,null,"12123Rensselaer","12123",12123,"Zone F - Capital","National Grid","Rensselaer","Capital Region","Capital District","Capital District","Capital District",null,"Zone F - Capital","Capital District","Capital District","Albany"]
[null,null,null,null,null,null,null,null,null,"12133Rensselaer","12133",12133,"Zone F - Capital","National Grid","Rensselaer","Capital Region","Capital District","Capital District","Capital District",null,"Zone F - Capital","Capital District","Capital District","Albany"]
[null,null,null,null,null,null,null,null,null,"12140Rensselaer","12140",12140,"Zone F - Capital","National Grid","Rensselaer","Capital Region","Capital District","Capital District","Capital District",null,"Zone F - Capital","Capital District","Capital District","Albany"]
[null,null,null,null,null,null,null,null,null,"12144Rensselaer","12144",12144,"Zone F - Capital","National Grid","Rensselaer","Capital Region","Capital District","Capital District","Capital District",null,"Zone F - Capital","Capital District","Capital District","Albany"]
[null,null,null,null,null,null,null,null,null,"12154Rensselaer","12154",12154,"Zone F - Capital","National Grid","Rensselaer","Capital Region","Capital District","Capital District","Capital District",null,"Zone F - Capital","Capital District","Capital District","Albany"]
[null,null,null,null,null,null,null,null,null,"12156Rensselaer","12156",12156,"Zone F - Capital","National Grid","Rensselaer","Capital Region","Capital District","Capital District","Capital District",null,"Zone F - Capital","Capital District","Capital District","Albany"]
[null,null,null,null,null,null,null,null,null,"12180Rensselaer","12180",12180,"Zone F - Capital","National Grid","Rensselaer","Capital Region","Capital District","Capital District","Capital District",null,"Zone F - Capital","Capital District","Capital District","Albany"]
[null,null,null,null,null,null,null,null,null,"12181Rensselaer","12181",12181,"Zone F - Capital","National Grid","Rensselaer","Capital Region","Capital District","Capital District","Capital District",null,"Zone F - Capital","Capital District","Capital District","Albany"]
[null,null,null,null,null,null,null,null,null,"12182Rensselaer","12182",12182,"Zone F - Capital","National Grid","Rensselaer","Capital Region","Capital District","Capital District","Capital District",null,"Zone F - Capital","Capital District","Capital District","Albany"]
[null,null,null,null,null,null,null,null,null,"12185Rensselaer","12185",12185,"Zone F - Capital","National Grid","Rensselaer","Capital Region","Capital District","Capital District","Capital District",null,"Zone F - Capital","Capital District","Capital District","Albany"]
[null,null,null,null,null,null,null,null,null,"12018Rensselaer","12018",12018,"Zone F - Capital","New York State Electric and Gas","Rensselaer","Capital Region","Capital District","Capital District","Capital District",null,"Zone F - Capital","Capital District","Capital District","Albany"]
[null,null,null,null,null,null,null,null,null,"12022Rensselaer","12022",12022,"Zone F - Capital","New York State Electric and Gas","Rensselaer","Capital Region","Capital District","Capital District","Capital District",null,"Zone F - Capital","Capital District","Capital District","Albany"]
[null,null,null,null,null,null,null,null,null,"12040Rensselaer","12040",12040,"Zone F - Capital","New York State Electric and Gas","Rensselaer","Capital Region","Capital District","Capital District","Capital District",null,"Zone F - Capital","Capital District","Capital District","Albany"]
[null,null,null,null,null,null,null,null,null,"12138Rensselaer","12138",12138,"Zone F - Capital","New York State Electric and Gas","Rensselaer","Capital Region","Capital District","Capital District","Capital District",null,"Zone F - Capital","Capital District","Capital District","Albany"]
[null,null,null,null,null,null,null,null,null,"12153Rensselaer","12153",12153,"Zone F - Capital","New York State Electric and Gas","Rensselaer","Capital Region","Capital District","Capital District","Capital District",null,"Zone F - Capital","Capital District","Capital District","Albany"]
[null,null,null,null,null,null,null,null,null,"12168Rensselaer","12168",12168,"Zone F - Capital","New York State Electric and Gas","Rensselaer","Capital Region","Capital District","Capital District","Capital District",null,"Zone F - Capital","Capital District","Capital District","Albany"]
[null,null,null,null,null,null,null,null,null,"12169Rensselaer","12169",12169,"Zone F - Capital","New York State Electric and Gas","Rensselaer","Capital Region","Capital District","Capital District","Capital District",null,"Zone F - Capital","Capital District","Capital District","Albany"]
[null,null,null,null,null,null,null,null,null,"12196Rensselaer","12196",12196,"Zone F - Capital","New York State Electric and Gas","Rensselaer","Capital Region","Capital District","Capital District","Capital District",null,"Zone F - Capital","Capital District","Capital District","Albany"]
[null,null,null,null,null,null,null,null,null,"12198Rensselaer","12198",12198,"Zone F - Capital","New York State Electric and Gas","Rensselaer","Capital Region","Capital District","Capital District","Capital District",null,"Zone F - Capital","Capital District","Capital District","Albany"]
[null,null,null,null,null,null,null,null,null,"10301Richmond","10301",10301,"Zone J - New York City","Consolidated Edison","Richmond","New York City","NYC",{"$error":"#N/A"},{"$error":"#N/A"},"ConEd NYC","Zone J - New York City","NYC","","New York"]
[null,null,null,null,null,null,null,null,null,"10302Richmond","10302",10302,"Zone J - New York City","Consolidated Edison","Richmond","New York City","NYC",{"$error":"#N/A"},{"$error":"#N/A"},"ConEd NYC","Zone J - New York City","NYC","","New York"]
[null,null,null,null,null,null,null,null,null,"10303Richmond","10303",10303,"Zone J - New York City","Consolidated Edison","Richmond","New York City","NYC",{"$error":"#N/A"},{"$error":"#N/A"},"ConEd NYC","Zone J - New York City","NYC","","New York"]
[null,null,null,null,null,null,null,null,null,"10304Richmond","10304",10304,"Zone J - New York City","Consolidated Edison","Richmond","New York City","NYC",{"$error":"#N/A"},{"$error":"#N/A"},"ConEd NYC","Zone J - New York City","NYC","","New York"]
[null,null,null,null,null,null,null,null,null,"10305Richmond","10305",10305,"Zone J - New York City","Consolidated Edison","Richmond","New York City","NYC",{"$error":"#N/A"},{"$error":"#N/A"},"ConEd NYC","Zone J - New York City","NYC","","New York"]
[null,null,null,null,null,null,null,null,null,"10306Richmond","10306",10306,"Zone J - New York City","Consolidated Edison","Richmond","New York City","NYC",{"$error":"#N/A"},{"$error":"#N/A"},"ConEd NYC","Zone J - New York City","NYC","","New York"]
[null,null,null,null,null,null,null,null,null,"10307Richmond","10307",10307,"Zone J - New York City","Consolidated Edison","Richmond","New York City","NYC",{"$error":"#N/A"},{"$error":"#N/A"},"ConEd NYC","Zone J - New York City","NYC","","New York"]
[null,null,null,null,null,null,null,null,null,"10308Richmond","10308",10308,"Zone J - New York City","Consolidated Edison","Richmond","New York City","NYC",{"$error":"#N/A"},{"$error":"#N/A"},"ConEd NYC","Zone J - New York City","NYC","","New York"]
[null,null,null,null,null,null,null,null,null,"10309Richmond","10309",10309,"Zone J - New York City","Consolidated Edison","Richmond","New York City","NYC",{"$error":"#N/A"},{"$error":"#N/A"},"ConEd NYC","Zone J - New York City","NYC","","New York"]
[null,null,null,null,null,null,null,null,null,"10310Richmond","10310",10310,"Zone J - New York City","Consolidated Edison","Richmond","New York City","NYC",{"$error":"#N/A"},{"$error":"#N/A"},"ConEd NYC","Zone J - New York City","NYC","","New York"]
[null,null,null,null,null,null,null,null,null,"10311Richmond","10311",10311,"Zone J - New York City","Consolidated Edison","Richmond","New York City","NYC",{"$error":"#N/A"},{"$error":"#N/A"},"ConEd NYC","Zone J - New York City","NYC","","New York"]
[null,null,null,null,null,null,null,null,null,"10312Richmond","10312",10312,"Zone J - New York City","Consolidated Edison","Richmond","New York City","NYC",{"$error":"#N/A"},{"$error":"#N/A"},"ConEd NYC","Zone J - New York City","NYC","","New York"]
[null,null,null,null,null,null,null,null,null,"10313Richmond","10313",10313,"Zone J - New York City","Consolidated Edison","Richmond","New York City","NYC",{"$error":"#N/A"},{"$error":"#N/A"},"ConEd NYC","Zone J - New York City","NYC","","New York"]
[null,null,null,null,null,null,null,null,null,"10314Richmond","10314",10314,"Zone J - New York City","Consolidated Edison","Richmond","New York City","NYC",{"$error":"#N/A"},{"$error":"#N/A"},"ConEd NYC","Zone J - New York City","NYC","","New York"]
[null,null,null,null,null,null,null,null,null,"10901Rockland","10901",10901,"Zone G - Hudson Valley","Orange and Rockland","Rockland","Mid-Hudson","Lower Hudson","Mid-Hudson","Mid-Hudson",null,"Zone G - Hudson Valley","Lower Hudson","Hudson Valley","New York"]
[null,null,null,null,null,null,null,null,null,"10911Rockland","10911",10911,"Zone G - Hudson Valley","Orange and Rockland","Rockland","Mid-Hudson","Lower Hudson","Mid-Hudson","Mid-Hudson",null,"Zone G - Hudson Valley","Lower Hudson","Hudson Valley","Poughkeepsie"]
[null,null,null,null,null,null,null,null,null,"10913Rockland","10913",10913,"Zone G - Hudson Valley","Orange and Rockland","Rockland","Mid-Hudson","Lower Hudson","Mid-Hudson","Mid-Hudson",null,"Zone G - Hudson Valley","Lower Hudson","Hudson Valley","New York"]
[null,null,null,null,null,null,null,null,null,"10920Rockland","10920",10920,"Zone G - Hudson Valley","Orange and Rockland","Rockland","Mid-Hudson","Lower Hudson","Mid-Hudson","Mid-Hudson",null,"Zone G - Hudson Valley","Lower Hudson","Hudson Valley","New York"]
[null,null,null,null,null,null,null,null,null,"10923Rockland","10923",10923,"Zone G - Hudson Valley","Orange and Rockland","Rockland","Mid-Hudson","Lower Hudson","Mid-Hudson","Mid-Hudson",null,"Zone G - Hudson Valley","Lower Hudson","Hudson Valley","New York"]
[null,null,null,null,null,null,null,null,null,"10927Rockland","10927",10927,"Zone G - Hudson Valley","Orange and Rockland","Rockland","Mid-Hudson","Lower Hudson","Mid-Hudson","Mid-Hudson",null,"Zone G - Hudson Valley","Lower Hudson","Hudson Valley","New York"]
[null,null,null,null,null,null,null,null,null,"10931Rockland","10931",10931,"Zone G - Hudson Valley","Orange and Rockland","Rockland","Mid-Hudson","Lower Hudson","Mid-Hudson","Mid-Hudson",null,"Zone G - Hudson Valley","Lower Hudson","Hudson Valley","New York"]
[null,null,null,null,null,null,null,null,null,"10952Rockland","10952",10952,"Zone G - Hudson Valley","Orange and Rockland","Rockland","Mid-Hudson","Lower Hudson","Mid-Hudson","Mid-Hudson",null,"Zone G - Hudson Valley","Lower Hudson","Hudson Valley","Poughkeepsie"]
[null,null,null,null,null,null,null,null,null,"10954Rockland","10954",10954,"Zone G - Hudson Valley","Orange and Rockland","Rockland","Mid-Hudson","Lower Hudson","Mid-Hudson","Mid-Hudson",null,"Zone G - Hudson Valley","Lower Hudson","Hudson Valley","New York"]
[null,null,null,null,null,null,null,null,null,"10956Rockland","10956",10956,"Zone G - Hudson Valley","Orange and Rockland","Rockland","Mid-Hudson","Lower Hudson","Mid-Hudson","Mid-Hudson",null,"Zone G - Hudson Valley","Lower Hudson","Hudson Valley","New York"]
[null,null,null,null,null,null,null,null,null,"10960Rockland","10960",10960,"Zone G - Hudson Valley","Orange and Rockland","Rockland","Mid-Hudson","Lower Hudson","Mid-Hudson","Mid-Hudson",null,"Zone G - Hudson Valley","Lower Hudson","Hudson Valley","New York"]
[null,null,null,null,null,null,null,null,null,"10962Rockland","10962",10962,"Zone G - Hudson Valley","Orange and Rockland","Rockland","Mid-Hudson","Lower Hudson","Mid-Hudson","Mid-Hudson",null,"Zone G - Hudson Valley","Lower Hudson","Hudson Valley","New York"]
[null,null,null,null,null,null,null,null,null,"10964Rockland","10964",10964,"Zone G - Hudson Valley","Orange and Rockland","Rockland","Mid-Hudson","Lower Hudson","Mid-Hudson","Mid-Hudson",null,"Zone G - Hudson Valley","Lower Hudson","Hudson Valley","New York"]
[null,null,null,null,null,null,null,null,null,"10965Rockland","10965",10965,"Zone G - Hudson Valley","Orange and Rockland","Rockland","Mid-Hudson","Lower Hudson","Mid-Hudson","Mid-Hudson",null,"Zone G - Hudson Valley","Lower Hudson","Hudson Valley","New York"]
[null,null,null,null,null,null,null,null,null,"10968Rockland","10968",10968,"Zone G - Hudson Valley","Orange and Rockland","Rockland","Mid-Hudson","Lower Hudson","Mid-Hudson","Mid-Hudson",null,"Zone G - Hudson Valley","Lower Hudson","Hudson Valley","New York"]
[null,null,null,null,null,null,null,null,null,"10970Rockland","10970",10970,"Zone G - Hudson Valley","Orange and Rockland","Rockland","Mid-Hudson","Lower Hudson","Mid-Hudson","Mid-Hudson",null,"Zone G - Hudson Valley","Lower Hudson","Hudson Valley","Poughkeepsie"]
[null,null,null,null,null,null,null,null,null,"10974Rockland","10974",10974,"Zone G - Hudson Valley","Orange and Rockland","Rockland","Mid-Hudson","Lower Hudson","Mid-Hudson","Mid-Hudson",null,"Zone G - Hudson Valley","Lower Hudson","Hudson Valley","Poughkeepsie"]
[null,null,null,null,null,null,null,null,null,"10976Rockland","10976",10976,"Zone G - Hudson Valley","Orange and Rockland","Rockland","Mid-Hudson","Lower Hudson","Mid-Hudson","Mid-Hudson",null,"Zone G - Hudson Valley","Lower Hudson","Hudson Valley","New York"]
[null,null,null,null,null,null,null,null,null,"10977Rockland","10977",10977,"Zone G - Hudson Valley","Orange and Rockland","Rockland","Mid-Hudson","Lower Hudson","Mid-Hudson","Mid-Hudson",null,"Zone G - Hudson Valley","Lower Hudson","Hudson Valley","Poughkeepsie"]
[null,null,null,null,null,null,null,null,null,"10980Rockland","10980",10980,"Zone G - Hudson Valley","Orange and Rockland","Rockland","Mid-Hudson","Lower Hudson","Mid-Hudson","Mid-Hudson",null,"Zone G - Hudson Valley","Lower Hudson","Hudson Valley","Poughkeepsie"]
[null,null,null,null,null,null,null,null,null,"10982Rockland","10982",10982,"Zone G - Hudson Valley","Orange and Rockland","Rockland","Mid-Hudson","Lower Hudson","Mid-Hudson","Mid-Hudson",null,"Zone G - Hudson Valley","Lower Hudson","Hudson Valley","Poughkeepsie"]
[null,null,null,null,null,null,null,null,null,"10983Rockland","10983",10983,"Zone G - Hudson Valley","Orange and Rockland","Rockland","Mid-Hudson","Lower Hudson","Mid-Hudson","Mid-Hudson",null,"Zone G - Hudson Valley","Lower Hudson","Hudson Valley","New York"]
[null,null,null,null,null,null,null,null,null,"10984Rockland","10984",10984,"Zone G - Hudson Valley","Orange and Rockland","Rockland","Mid-Hudson","Lower Hudson","Mid-Hudson","Mid-Hudson",null,"Zone G - Hudson Valley","Lower Hudson","Hudson Valley","New York"]
[null,null,null,null,null,null,null,null,null,"10986Rockland","10986",10986,"Zone G - Hudson Valley","Orange and Rockland","Rockland","Mid-Hudson","Lower Hudson","Mid-Hudson","Mid-Hudson",null,"Zone G - Hudson Valley","Lower Hudson","Hudson Valley","Poughkeepsie"]
[null,null,null,null,null,null,null,null,null,"10989Rockland","10989",10989,"Zone G - Hudson Valley","Orange and Rockland","Rockland","Mid-Hudson","Lower Hudson","Mid-Hudson","Mid-Hudson",null,"Zone G - Hudson Valley","Lower Hudson","Hudson Valley","New York"]
[null,null,null,null,null,null,null,null,null,"10993Rockland","10993",10993,"Zone G - Hudson Valley","Orange and Rockland","Rockland","Mid-Hudson","Lower Hudson","Mid-Hudson","Mid-Hudson",null,"Zone G - Hudson Valley","Lower Hudson","Hudson Valley","New York"]
[null,null,null,null,null,null,null,null,null,"10994Rockland","10994",10994,"Zone G - Hudson Valley","Orange and Rockland","Rockland","Mid-Hudson","Lower Hudson","Mid-Hudson","Mid-Hudson",null,"Zone G - Hudson Valley","Lower Hudson","Hudson Valley","New York"]
[null,null,null,null,null,null,null,null,null,"12020Saratoga","12020",12020,"Zone F - Capital","National Grid","Saratoga","Capital Region","Capital District","Capital District","Capital District",null,"Zone F - Capital","Capital District","Capital District","Albany"]
[null,null,null,null,null,null,null,null,null,"12074Saratoga","12074",12074,"Zone F - Capital","National Grid","Saratoga","Capital Region","Capital District","Capital District","Capital District",null,"Zone F - Capital","Capital District","Capital District","Albany"]
[null,null,null,null,null,null,null,null,null,"12803Saratoga","12803",12803,"Zone F - Capital","National Grid","Saratoga","Capital Region","Capital District","Capital District","Capital District",null,"Zone F - Capital","Capital District","Capital District","Albany"]
[null,null,null,null,null,null,null,null,null,"12822Saratoga","12822",12822,"Zone F - Capital","National Grid","Saratoga","Capital Region","Capital District","Capital District","Capital District",null,"Zone F - Capital","Capital District","Capital District","Albany"]
[null,null,null,null,null,null,null,null,null,"12831Saratoga","12831",12831,"Zone F - Capital","National Grid","Saratoga","Capital Region","Capital District","Capital District","Capital District",null,"Zone F - Capital","Capital District","Capital District","Albany"]
[null,null,null,null,null,null,null,null,null,"12833Saratoga","12833",12833,"Zone F - Capital","National Grid","Saratoga","Capital Region","Capital District","Capital District","Capital District",null,"Zone F - Capital","Capital District","Capital District","Albany"]
[null,null,null,null,null,null,null,null,null,"12835Saratoga","12835",12835,"Zone F - Capital","National Grid","Saratoga","Capital Region","Capital District","Capital District","Capital District",null,"Zone F - Capital","Capital District","Capital District","Albany"]
[null,null,null,null,null,null,null,null,null,"12850Saratoga","12850",12850,"Zone F - Capital","National Grid","Saratoga","Capital Region","Capital District","Capital District","Capital District",null,"Zone F - Capital","Capital District","Capital District","Albany"]
[null,null,null,null,null,null,null,null,null,"12859Saratoga","12859",12859,"Zone F - Capital","National Grid","Saratoga","Capital Region","Capital District","Capital District","Capital District",null,"Zone F - Capital","Capital District","Capital District","Albany"]
[null,null,null,null,null,null,null,null,null,"12863Saratoga","12863",12863,"Zone F - Capital","National Grid","Saratoga","Capital Region","Capital District","Capital District","Capital District",null,"Zone F - Capital","Capital District","Capital District","Albany"]
[null,null,null,null,null,null,null,null,null,"12866Saratoga","12866",12866,"Zone F - Capital","National Grid","Saratoga","Capital Region","Capital District","Capital District","Capital District",null,"Zone F - Capital","Capital District","Capital District","Albany"]
[null,null,null,null,null,null,null,null,null,"12871Saratoga","12871",12871,"Zone F - Capital","National Grid","Saratoga","Capital Region","Capital District","Capital District","Capital District",null,"Zone F - Capital","Capital District","Capital District","Albany"]
[null,null,null,null,null,null,null,null,null,"12884Saratoga","12884",12884,"Zone F - Capital","National Grid","Saratoga","Capital Region","Capital District","Capital District","Capital District",null,"Zone F - Capital","Capital District","Capital District","Albany"]
[null,null,null,null,null,null,null,null,null,"12019Saratoga","12019",12019,"Zone F - Capital","National Grid","Saratoga","Capital Region","Capital District","Capital District","Capital District",null,"Zone F - Capital","Capital District","Capital District","Albany"]
[null,null,null,null,null,null,null,null,null,"12027Saratoga","12027",12027,"Zone F - Capital","National Grid","Saratoga","Capital Region","Capital District","Capital District","Capital District",null,"Zone F - Capital","Capital District","Capital District","Albany"]
[null,null,null,null,null,null,null,null,null,"12065Saratoga","12065",12065,"Zone F - Capital","National Grid","Saratoga","Capital Region","Capital District","Capital District","Capital District",null,"Zone F - Capital","Capital District","Capital District","Albany"]
[null,null,null,null,null,null,null,null,null,"12148Saratoga","12148",12148,"Zone F - Capital","National Grid","Saratoga","Capital Region","Capital District","Capital District","Capital District",null,"Zone F - Capital","Capital District","Capital District","Albany"]
[null,null,null,null,null,null,null,null,null,"12151Saratoga","12151",12151,"Zone F - Capital","National Grid","Saratoga","Capital Region","Capital District","Capital District","Capital District",null,"Zone F - Capital","Capital District","Capital District","Albany"]
[null,null,null,null,null,null,null,null,null,"12188Saratoga","12188",12188,"Zone F - Capital","National Grid","Saratoga","Capital Region","Capital District","Capital District","Capital District",null,"Zone F - Capital","Capital District","Capital District","Albany"]
[null,null,null,null,null,null,null,null,null,"12118Saratoga","12118",12118,"Zone F - Capital","New York State Electric and Gas","Saratoga","Capital Region","Capital District","Capital District","Capital District",null,"Zone F - Capital","Capital District","Capital District","Albany"]
[null,null,null,null,null,null,null,null,null,"12170Saratoga","12170",12170,"Zone F - Capital","New York State Electric and Gas","Saratoga","Capital Region","Capital District","Capital District","Capital District",null,"Zone F - Capital","Capital District","Capital District","Albany"]
[null,null,null,null,null,null,null,null,null,"12053Schenectady","12053",12053,"Zone F - Capital","National Grid","Schenectady","Capital Region","Capital District","Capital District","Capital District",null,"Zone F - Capital","Capital District","Capital District","Albany"]
[null,null,null,null,null,null,null,null,null,"12141Schenectady","12141",12141,"Zone F - Capital","National Grid","Schenectady","Capital Region","Capital District","Capital District","Capital District",null,"Zone F - Capital","Capital District","Capital District","Albany"]
[null,null,null,null,null,null,null,null,null,"12008Schenectady","12008",12008,"Zone F - Capital","National Grid","Schenectady","Capital Region","Capital District","Capital District","Capital District",null,"Zone F - Capital","Capital District","Capital District","Albany"]
[null,null,null,null,null,null,null,null,null,"12056Schenectady","12056",12056,"Zone F - Capital","National Grid","Schenectady","Capital Region","Capital District","Capital District","Capital District",null,"Zone F - Capital","Capital District","Capital District","Albany"]
[null,null,null,null,null,null,null,null,null,"12137Schenectady","12137",12137,"Zone F - Capital","National Grid","Schenectady","Capital Region","Capital District","Capital District","Capital District",null,"Zone F - Capital","Capital District","Capital District","Albany"]
[null,null,null,null,null,null,null,null,null,"12150Schenectady","12150",12150,"Zone F - Capital","National Grid","Schenectady","Capital Region","Capital District","Capital District","Capital District",null,"Zone F - Capital","Capital District","Capital District","Albany"]
[null,null,null,null,null,null,null,null,null,"12301Schenectady","12301",12301,"Zone F - Capital","National Grid","Schenectady","Capital Region","Capital District","Capital District","Capital District",null,"Zone F - Capital","Capital District","Capital District","Albany"]
[null,null,null,null,null,null,null,null,null,"12302Schenectady","12302",12302,"Zone F - Capital","National Grid","Schenectady","Capital Region","Capital District","Capital District","Capital District",null,"Zone F - Capital","Capital District","Capital District","Albany"]
[null,null,null,null,null,null,null,null,null,"12303Schenectady","12303",12303,"Zone F - Capital","National Grid","Schenectady","Capital Region","Capital District","Capital District","Capital District",null,"Zone F - Capital","Capital District","Capital District","Albany"]
[null,null,null,null,null,null,null,null,null,"12304Schenectady","12304",12304,"Zone F - Capital","National Grid","Schenectady","Capital Region","Capital District","Capital District","Capital District",null,"Zone F - Capital","Capital District","Capital District","Albany"]
[null,null,null,null,null,null,null,null,null,"12305Schenectady","12305",12305,"Zone F - Capital","National Grid","Schenectady","Capital Region","Capital District","Capital District","Capital District",null,"Zone F - Capital","Capital District","Capital District","Albany"]
[null,null,null,null,null,null,null,null,null,"12306Schenectady","12306",12306,"Zone F - Capital","National Grid","Schenectady","Capital Region","Capital District","Capital District","Capital District",null,"Zone F - Capital","Capital District","Capital District","Albany"]
[null,null,null,null,null,null,null,null,null,"12307Schenectady","12307",12307,"Zone F - Capital","National Grid","Schenectady","Capital Region","Capital District","Capital District","Capital District",null,"Zone F - Capital","Capital District","Capital District","Albany"]
[null,null,null,null,null,null,null,null,null,"12308Schenectady","12308",12308,"Zone F - Capital","National Grid","Schenectady","Capital Region","Capital District","Capital District","Capital District",null,"Zone F - Capital","Capital District","Capital District","Albany"]
[null,null,null,null,null,null,null,null,null,"12309Schenectady","12309",12309,"Zone F - Capital","National Grid","Schenectady","Capital Region","Capital District","Capital District","Capital District",null,"Zone F - Capital","Capital District","Capital District","Albany"]
[null,null,null,null,null,null,null,null,null,"12325Schenectady","12325",12325,"Zone F - Capital","National Grid","Schenectady","Capital Region","Capital District","Capital District","Capital District",null,"Zone F - Capital","Capital District","Capital District","Albany"]
[null,null,null,null,null,null,null,null,null,"12345Schenectady","12345",12345,"Zone F - Capital","National Grid","Schenectady","Capital Region","Capital District","Capital District","Capital District",null,"Zone F - Capital","Capital District","Capital District","Albany"]
[null,null,null,null,null,null,null,null,null,"12093Schoharie","12093",12093,"Zone E - Mohawk Valley","New York State Electric and Gas","Schoharie","Mohawk Valley","Capital District","Capital District","Capital District",null,"Zone E - Mohawk Valley","Capital District","Capital District","Binghamton"]
[null,null,null,null,null,null,null,null,null,"12031Schoharie","12031",12031,"Zone F - Capital","National Grid","Schoharie","Mohawk Valley","Capital District","Capital District","Capital District",null,"Zone F - Capital","Capital District","Capital District","Binghamton"]
[null,null,null,null,null,null,null,null,null,"12035Schoharie","12035",12035,"Zone F - Capital","National Grid","Schoharie","Mohawk Valley","Capital District","Capital District","Capital District",null,"Zone F - Capital","Capital District","Capital District","Binghamton"]
[null,null,null,null,null,null,null,null,null,"12043Schoharie","12043",12043,"Zone F - Capital","National Grid","Schoharie","Mohawk Valley","Capital District","Capital District","Capital District",null,"Zone F - Capital","Capital District","Capital District","Binghamton"]
[null,null,null,null,null,null,null,null,null,"12066Schoharie","12066",12066,"Zone F - Capital","National Grid","Schoharie","Mohawk Valley","Capital District","Capital District","Capital District",null,"Zone F - Capital","Capital District","Capital District","Albany"]
[null,null,null,null,null,null,null,null,null,"12071Schoharie","12071",12071,"Zone F - Capital","National Grid","Schoharie","Mohawk Valley","Capital District","Capital District","Capital District",null,"Zone F - Capital","Capital District","Capital District","Binghamton"]
[null,null,null,null,null,null,null,null,null,"12073Schoharie","12073",12073,"Zone F - Capital","National Grid","Schoharie","Mohawk Valley","Capital District","Capital District","Capital District",null,"Zone F - Capital","Capital District","Capital District","Albany"]
[null,null,null,null,null,null,null,null,null,"12092Schoharie","12092",12092,"Zone F - Capital","National Grid","Schoharie","Mohawk Valley","Capital District","Capital District","Capital District",null,"Zone F - Capital","Capital District","Capital District","Binghamton"]
[null,null,null,null,null,null,null,null,null,"12122Schoharie","12122",12122,"Zone F - Capital","National Grid","Schoharie","Mohawk Valley","Capital District","Capital District","Capital District",null,"Zone F - Capital","Capital District","Capital District","Binghamton"]
[null,null,null,null,null,null,null,null,null,"12131Schoharie","12131",12131,"Zone F - Capital","National Grid","Schoharie","Mohawk Valley","Capital District","Capital District","Capital District",null,"Zone F - Capital","Capital District","Capital District","Binghamton"]
[null,null,null,null,null,null,null,null,null,"12157Schoharie","12157",12157,"Zone F - Capital","National Grid","Schoharie","Mohawk Valley","Capital District","Capital District","Capital District",null,"Zone F - Capital","Capital District","Capital District","Albany"]
[null,null,null,null,null,null,null,null,null,"12160Schoharie","12160",12160,"Zone F - Capital","National Grid","Schoharie","Mohawk Valley","Capital District","Capital District","Capital District",null,"Zone F - Capital","Capital District","Capital District","Albany"]
[null,null,null,null,null,null,null,null,null,"12175Schoharie","12175",12175,"Zone F - Capital","National Grid","Schoharie","Mohawk Valley","Capital District","Capital District","Capital District",null,"Zone F - Capital","Capital District","Capital District","Binghamton"]
[null,null,null,null,null,null,null,null,null,"12187Schoharie","12187",12187,"Zone F - Capital","National Grid","Schoharie","Mohawk Valley","Capital District","Capital District","Capital District",null,"Zone F - Capital","Capital District","Capital District","Binghamton"]
[null,null,null,null,null,null,null,null,null,"12194Schoharie","12194",12194,"Zone F - Capital","National Grid","Schoharie","Mohawk Valley","Capital District","Capital District","Capital District",null,"Zone F - Capital","Capital District","Capital District","Binghamton"]
[null,null,null,null,null,null,null,null,null,"13459Schoharie","13459",13459,"Zone F - Capital","National Grid","Schoharie","Mohawk Valley","Capital District","Capital District","Capital District",null,"Zone F - Capital","Capital District","Capital District","Binghamton"]
[null,null,null,null,null,null,null,null,null,"12076Schoharie","12076",12076,"Zone F - Capital","New York State Electric and Gas","Schoharie","Mohawk Valley","Capital District","Capital District","Capital District",null,"Zone F - Capital","Capital District","Capital District","Binghamton"]
[null,null,null,null,null,null,null,null,null,"12149Schoharie","12149",12149,"Zone F - Capital","Municipal Utilities","Schoharie","Mohawk Valley","Capital District","Capital District","Capital District",null,"Zone F - Capital","Capital District","Capital District","Binghamton"]
[null,null,null,null,null,null,null,null,null,"14818Schuyler","14818",14818,"Zone C - Central","New York State Electric and Gas","Schuyler","Southern Tier","Western","Western","Western",null,"Zone C - Central","Western","Western Region","Binghamton"]
[null,null,null,null,null,null,null,null,null,"14841Schuyler","14841",14841,"Zone C - Central","New York State Electric and Gas","Schuyler","Southern Tier","Western","Western","Western",null,"Zone C - Central","Western","Western Region","Binghamton"]
[null,null,null,null,null,null,null,null,null,"14863Schuyler","14863",14863,"Zone C - Central","New York State Electric and Gas","Schuyler","Southern Tier","Western","Western","Western",null,"Zone C - Central","Western","Western Region","Binghamton"]
[null,null,null,null,null,null,null,null,null,"14876Schuyler","14876",14876,"Zone C - Central","Municipal Utilities","Schuyler","Southern Tier","Western","Western","Western",null,"Zone C - Central","Western","Western Region","Binghamton"]
[null,null,null,null,null,null,null,null,null,"14891Schuyler","14891",14891,"Zone C - Central","Municipal Utilities","Schuyler","Southern Tier","Western","Western","Western",null,"Zone C - Central","Western","Western Region","Binghamton"]
[null,null,null,null,null,null,null,null,null,"14805Schuyler","14805",14805,"Zone C - Central","New York State Electric and Gas","Schuyler","Southern Tier","Western","Western","Western",null,"Zone C - Central","Western","Western Region","Binghamton"]
[null,null,null,null,null,null,null,null,null,"14824Schuyler","14824",14824,"Zone C - Central","New York State Electric and Gas","Schuyler","Southern Tier","Western","Western","Western",null,"Zone C - Central","Western","Western Region","Binghamton"]
[null,null,null,null,null,null,null,null,null,"14865Schuyler","14865",14865,"Zone C - Central","New York State Electric and Gas","Schuyler","Southern Tier","Western","Western","Western",null,"Zone C - Central","Western","Western Region","Binghamton"]
[null,null,null,null,null,null,null,null,null,"14869Schuyler","14869",14869,"Zone C - Central","New York State Electric and Gas","Schuyler","Southern Tier","Western","Western","Western",null,"Zone C - Central","Western","Western Region","Binghamton"]
[null,null,null,null,null,null,null,null,null,"14887Schuyler","14887",14887,"Zone C - Central","New York State Electric and Gas","Schuyler","Southern Tier","Western","Western","Western",null,"Zone C - Central","Western","Western Region","Binghamton"]
[null,null,null,null,null,null,null,null,null,"14893Schuyler","14893",14893,"Zone C - Central","New York State Electric and Gas","Schuyler","Southern Tier","Western","Western","Western",null,"Zone C - Central","Western","Western Region","Binghamton"]
[null,null,null,null,null,null,null,null,null,"13065Seneca","13065",13065,"Zone C - Central","New York State Electric and Gas","Seneca","Finger Lakes","Western","Western","Western",null,"Zone C - Central","Western","Western Region","Syracuse"]
[null,null,null,null,null,null,null,null,null,"13148Seneca","13148",13148,"Zone C - Central","New York State Electric and Gas","Seneca","Finger Lakes","Western","Western","Western",null,"Zone C - Central","Western","Western Region","Syracuse"]
[null,null,null,null,null,null,null,null,null,"13165Seneca","13165",13165,"Zone C - Central","New York State Electric and Gas","Seneca","Finger Lakes","Western","Western","Western",null,"Zone C - Central","Western","Western Region","Syracuse"]
[null,null,null,null,null,null,null,null,null,"14541Seneca","14541",14541,"Zone C - Central","New York State Electric and Gas","Seneca","Finger Lakes","Western","Western","Western",null,"Zone C - Central","Western","Western Region","Syracuse"]
[null,null,null,null,null,null,null,null,null,"14521Seneca","14521",14521,"Zone C - Central","New York State Electric and Gas","Seneca","Finger Lakes","Western","Western","Western",null,"Zone C - Central","Western","Western Region","Binghamton"]
[null,null,null,null,null,null,null,null,null,"14588Seneca","14588",14588,"Zone C - Central","New York State Electric and Gas","Seneca","Finger Lakes","Western","Western","Western",null,"Zone C - Central","Western","Western Region","Syracuse"]
[null,null,null,null,null,null,null,null,null,"14847Seneca","14847",14847,"Zone C - Central","New York State Electric and Gas","Seneca","Finger Lakes","Western","Western","Western",null,"Zone C - Central","Western","Western Region","Binghamton"]
[null,null,null,null,null,null,null,null,null,"14860Seneca","14860",14860,"Zone C - Central","New York State Electric and Gas","Seneca","Finger Lakes","Western","Western","Western",null,"Zone C - Central","Western","Western Region","Binghamton"]
[null,null,null,null,null,null,null,null,null,"13662St. Lawrence","13662",13662,"Zone E - Mohawk Valley","Municipal Utilities","St. Lawrence","North Country","North Country","North Country","North Country",null,"Zone E - Mohawk Valley","North Country","North Country","Massena"]
[null,null,null,null,null,null,null,null,null,"12922St. Lawrence","12922",12922,"Zone E - Mohawk Valley","National Grid","St. Lawrence","North Country","North Country","North Country","North Country",null,"Zone E - Mohawk Valley","North Country","North Country","Massena"]
[null,null,null,null,null,null,null,null,null,"12927St. Lawrence","12927",12927,"Zone E - Mohawk Valley","National Grid","St. Lawrence","North Country","North Country","North Country","North Country",null,"Zone E - Mohawk Valley","North Country","North Country","Massena"]
[null,null,null,null,null,null,null,null,null,"12949St. Lawrence","12949",12949,"Zone E - Mohawk Valley","National Grid","St. Lawrence","North Country","North Country","North Country","North Country",null,"Zone E - Mohawk Valley","North Country","North Country","Massena"]
[null,null,null,null,null,null,null,null,null,"12965St. Lawrence","12965",12965,"Zone E - Mohawk Valley","National Grid","St. Lawrence","North Country","North Country","North Country","North Country",null,"Zone E - Mohawk Valley","North Country","North Country","Massena"]
[null,null,null,null,null,null,null,null,null,"12967St. Lawrence","12967",12967,"Zone E - Mohawk Valley","National Grid","St. Lawrence","North Country","North Country","North Country","North Country",null,"Zone E - Mohawk Valley","North Country","North Country","Massena"]
[null,null,null,null,null,null,null,null,null,"12973St. Lawrence","12973",12973,"Zone E - Mohawk Valley","National Grid","St. Lawrence","North Country","North Country","North Country","North Country",null,"Zone E - Mohawk Valley","North Country","North Country","Massena"]
[null,null,null,null,null,null,null,null,null,"13613St. Lawrence","13613",13613,"Zone E - Mohawk Valley","National Grid","St. Lawrence","North Country","North Country","North Country","North Country",null,"Zone E - Mohawk Valley","North Country","North Country","Massena"]
[null,null,null,null,null,null,null,null,null,"13614St. Lawrence","13614",13614,"Zone E - Mohawk Valley","National Grid","St. Lawrence","North Country","North Country","North Country","North Country",null,"Zone E - Mohawk Valley","North Country","North Country","Massena"]
[null,null,null,null,null,null,null,null,null,"13617St. Lawrence","13617",13617,"Zone E - Mohawk Valley","National Grid","St. Lawrence","North Country","North Country","North Country","North Country",null,"Zone E - Mohawk Valley","North Country","North Country","Massena"]
[null,null,null,null,null,null,null,null,null,"13621St. Lawrence","13621",13621,"Zone E - Mohawk Valley","National Grid","St. Lawrence","North Country","North Country","North Country","North Country",null,"Zone E - Mohawk Valley","North Country","North Country","Massena"]
[null,null,null,null,null,null,null,null,null,"13623St. Lawrence","13623",13623,"Zone E - Mohawk Valley","National Grid","St. Lawrence","North Country","North Country","North Country","North Country",null,"Zone E - Mohawk Valley","North Country","North Country","Massena"]
[null,null,null,null,null,null,null,null,null,"13625St. Lawrence","13625",13625,"Zone E - Mohawk Valley","National Grid","St. Lawrence","North Country","North Country","North Country","North Country",null,"Zone E - Mohawk Valley","North Country","North Country","Massena"]
[null,null,null,null,null,null,null,null,null,"13630St. Lawrence","13630",13630,"Zone E - Mohawk Valley","National Grid","St. Lawrence","North Country","North Country","North Country","North Country",null,"Zone E - Mohawk Valley","North Country","North Country","Massena"]
[null,null,null,null,null,null,null,null,null,"13633St. Lawrence","13633",13633,"Zone E - Mohawk Valley","National Grid","St. Lawrence","North Country","North Country","North Country","North Country",null,"Zone E - Mohawk Valley","North Country","North Country","Massena"]
[null,null,null,null,null,null,null,null,null,"13635St. Lawrence","13635",13635,"Zone E - Mohawk Valley","National Grid","St. Lawrence","North Country","North Country","North Country","North Country",null,"Zone E - Mohawk Valley","North Country","North Country","Massena"]
[null,null,null,null,null,null,null,null,null,"13639St. Lawrence","13639",13639,"Zone E - Mohawk Valley","National Grid","St. Lawrence","North Country","North Country","North Country","North Country",null,"Zone E - Mohawk Valley","North Country","North Country","Massena"]
[null,null,null,null,null,null,null,null,null,"13642St. Lawrence","13642",13642,"Zone E - Mohawk Valley","National Grid","St. Lawrence","North Country","North Country","North Country","North Country",null,"Zone E - Mohawk Valley","North Country","North Country","Massena"]
[null,null,null,null,null,null,null,null,null,"13645St. Lawrence","13645",13645,"Zone E - Mohawk Valley","National Grid","St. Lawrence","North Country","North Country","North Country","North Country",null,"Zone E - Mohawk Valley","North Country","North Country","Massena"]
[null,null,null,null,null,null,null,null,null,"13646St. Lawrence","13646",13646,"Zone E - Mohawk Valley","National Grid","St. Lawrence","North Country","North Country","North Country","North Country",null,"Zone E - Mohawk Valley","North Country","North Country","Massena"]
[null,null,null,null,null,null,null,null,null,"13647St. Lawrence","13647",13647,"Zone E - Mohawk Valley","National Grid","St. Lawrence","North Country","North Country","North Country","North Country",null,"Zone E - Mohawk Valley","North Country","North Country","Massena"]
[null,null,null,null,null,null,null,null,null,"13649St. Lawrence","13649",13649,"Zone E - Mohawk Valley","National Grid","St. Lawrence","North Country","North Country","North Country","North Country",null,"Zone E - Mohawk Valley","North Country","North Country","Massena"]
[null,null,null,null,null,null,null,null,null,"13652St. Lawrence","13652",13652,"Zone E - Mohawk Valley","National Grid","St. Lawrence","North Country","North Country","North Country","North Country",null,"Zone E - Mohawk Valley","North Country","North Country","Massena"]
[null,null,null,null,null,null,null,null,null,"13654St. Lawrence","13654",13654,"Zone E - Mohawk Valley","National Grid","St. Lawrence","North Country","North Country","North Country","North Country",null,"Zone E - Mohawk Valley","North Country","North Country","Massena"]
[null,null,null,null,null,null,null,null,null,"13658St. Lawrence","13658",13658,"Zone E - Mohawk Valley","National Grid","St. Lawrence","North Country","North Country","North Country","North Country",null,"Zone E - Mohawk Valley","North Country","North Country","Massena"]
[null,null,null,null,null,null,null,null,null,"13660St. Lawrence","13660",13660,"Zone E - Mohawk Valley","National Grid","St. Lawrence","North Country","North Country","North Country","North Country",null,"Zone E - Mohawk Valley","North Country","North Country","Massena"]
[null,null,null,null,null,null,null,null,null,"13664St. Lawrence","13664",13664,"Zone E - Mohawk Valley","National Grid","St. Lawrence","North Country","North Country","North Country","North Country",null,"Zone E - Mohawk Valley","North Country","North Country","Massena"]
[null,null,null,null,null,null,null,null,null,"13666St. Lawrence","13666",13666,"Zone E - Mohawk Valley","National Grid","St. Lawrence","North Country","North Country","North Country","North Country",null,"Zone E - Mohawk Valley","North Country","North Country","Massena"]
[null,null,null,null,null,null,null,null,null,"13667St. Lawrence","13667",13667,"Zone E - Mohawk Valley","National Grid","St. Lawrence","North Country","North Country","North Country","North Country",null,"Zone E - Mohawk Valley","North Country","North Country","Massena"]
[null,null,null,null,null,null,null,null,null,"13668St. Lawrence","13668",13668,"Zone E - Mohawk Valley","National Grid","St. Lawrence","North Country","North Country","North Country","North Country",null,"Zone E - Mohawk Valley","North Country","North Country","Massena"]
[null,null,null,null,null,null,null,null,null,"13669St. Lawrence","13669",13669,"Zone E - Mohawk Valley","National Grid","St. Lawrence","North Country","North Country","North Country","North Country",null,"Zone E - Mohawk Valley","North Country","North Country","Massena"]
[null,null,null,null,null,null,null,null,null,"13670St. Lawrence","13670",13670,"Zone E - Mohawk Valley","National Grid","St. Lawrence","North Country","North Country","North Country","North Country",null,"Zone E - Mohawk Valley","North Country","North Country","Massena"]
[null,null,null,null,null,null,null,null,null,"13672St. Lawrence","13672",13672,"Zone E - Mohawk Valley","National Grid","St. Lawrence","North Country","North Country","North Country","North Country",null,"Zone E - Mohawk Valley","North Country","North Country","Massena"]
[null,null,null,null,null,null,null,null,null,"13676St. Lawrence","13676",13676,"Zone E - Mohawk Valley","National Grid","St. Lawrence","North Country","North Country","North Country","North Country",null,"Zone E - Mohawk Valley","North Country","North Country","Massena"]
[null,null,null,null,null,null,null,null,null,"13677St. Lawrence","13677",13677,"Zone E - Mohawk Valley","National Grid","St. Lawrence","North Country","North Country","North Country","North Country",null,"Zone E - Mohawk Valley","North Country","North Country","Massena"]
[null,null,null,null,null,null,null,null,null,"13678St. Lawrence","13678",13678,"Zone E - Mohawk Valley","National Grid","St. Lawrence","North Country","North Country","North Country","North Country",null,"Zone E - Mohawk Valley","North Country","North Country","Massena"]
[null,null,null,null,null,null,null,null,null,"13680St. Lawrence","13680",13680,"Zone E - Mohawk Valley","National Grid","St. Lawrence","North Country","North Country","North Country","North Country",null,"Zone E - Mohawk Valley","North Country","North Country","Massena"]
[null,null,null,null,null,null,null,null,null,"13681St. Lawrence","13681",13681,"Zone E - Mohawk Valley","National Grid","St. Lawrence","North Country","North Country","North Country","North Country",null,"Zone E - Mohawk Valley","North Country","North Country","Massena"]
[null,null,null,null,null,null,null,null,null,"13684St. Lawrence","13684",13684,"Zone E - Mohawk Valley","National Grid","St. Lawrence","North Country","North Country","North Country","North Country",null,"Zone E - Mohawk Valley","North Country","North Country","Massena"]
[null,null,null,null,null,null,null,null,null,"13687St. Lawrence","13687",13687,"Zone E - Mohawk Valley","National Grid","St. Lawrence","North Country","North Country","North Country","North Country",null,"Zone E - Mohawk Valley","North Country","North Country","Massena"]
[null,null,null,null,null,null,null,null,null,"13690St. Lawrence","13690",13690,"Zone E - Mohawk Valley","National Grid","St. Lawrence","North Country","North Country","North Country","North Country",null,"Zone E - Mohawk Valley","North Country","North Country","Massena"]
[null,null,null,null,null,null,null,null,null,"13694St. Lawrence","13694",13694,"Zone E - Mohawk Valley","National Grid","St. Lawrence","North Country","North Country","North Country","North Country",null,"Zone E - Mohawk Valley","North Country","North Country","Massena"]
[null,null,null,null,null,null,null,null,null,"13695St. Lawrence","13695",13695,"Zone E - Mohawk Valley","National Grid","St. Lawrence","North Country","North Country","North Country","North Country",null,"Zone E - Mohawk Valley","North Country","North Country","Massena"]
[null,null,null,null,null,null,null,null,null,"13696St. Lawrence","13696",13696,"Zone E - Mohawk Valley","National Grid","St. Lawrence","North Country","North Country","North Country","North Country",null,"Zone E - Mohawk Valley","North Country","North Country","Massena"]
[null,null,null,null,null,null,null,null,null,"13697St. Lawrence","13697",13697,"Zone E - Mohawk Valley","National Grid","St. Lawrence","North Country","North Country","North Country","North Country",null,"Zone E - Mohawk Valley","North Country","North Country","Massena"]
[null,null,null,null,null,null,null,null,null,"13699St. Lawrence","13699",13699,"Zone E - Mohawk Valley","National Grid","St. Lawrence","North Country","North Country","North Country","North Country",null,"Zone E - Mohawk Valley","North Country","North Country","Massena"]
[null,null,null,null,null,null,null,null,null,"14529Steuben","14529",14529,"Zone C - Central","New York State Electric and Gas","Steuben","Southern Tier","Western","Western","Western",null,"Zone C - Central","Western","Western Region","Binghamton"]
[null,null,null,null,null,null,null,null,null,"14572Steuben","14572",14572,"Zone C - Central","New York State Electric and Gas","Steuben","Southern Tier","Western","Western","Western",null,"Zone C - Central","Western","Western Region","Binghamton"]
[null,null,null,null,null,null,null,null,null,"14807Steuben","14807",14807,"Zone C - Central","New York State Electric and Gas","Steuben","Southern Tier","Western","Western","Western",null,"Zone C - Central","Western","Western Region","Binghamton"]
[null,null,null,null,null,null,null,null,null,"14808Steuben","14808",14808,"Zone C - Central","New York State Electric and Gas","Steuben","Southern Tier","Western","Western","Western",null,"Zone C - Central","Western","Western Region","Binghamton"]
[null,null,null,null,null,null,null,null,null,"14809Steuben","14809",14809,"Zone C - Central","New York State Electric and Gas","Steuben","Southern Tier","Western","Western","Western",null,"Zone C - Central","Western","Western Region","Binghamton"]
[null,null,null,null,null,null,null,null,null,"14823Steuben","14823",14823,"Zone C - Central","New York State Electric and Gas","Steuben","Southern Tier","Western","Western","Western",null,"Zone C - Central","Western","Western Region","Buffalo"]
[null,null,null,null,null,null,null,null,null,"14826Steuben","14826",14826,"Zone C - Central","New York State Electric and Gas","Steuben","Southern Tier","Western","Western","Western",null,"Zone C - Central","Western","Western Region","Binghamton"]
[null,null,null,null,null,null,null,null,null,"14839Steuben","14839",14839,"Zone C - Central","New York State Electric and Gas","Steuben","Southern Tier","Western","Western","Western",null,"Zone C - Central","Western","Western Region","Binghamton"]
[null,null,null,null,null,null,null,null,null,"14843Steuben","14843",14843,"Zone C - Central","New York State Electric and Gas","Steuben","Southern Tier","Western","Western","Western",null,"Zone C - Central","Western","Western Region","Binghamton"]
[null,null,null,null,null,null,null,null,null,"14855Steuben","14855",14855,"Zone C - Central","New York State Electric and Gas","Steuben","Southern Tier","Western","Western","Western",null,"Zone C - Central","Western","Western Region","Binghamton"]
[null,null,null,null,null,null,null,null,null,"14877Steuben","14877",14877,"Zone C - Central","New York State Electric and Gas","Steuben","Southern Tier","Western","Western","Western",null,"Zone C - Central","Western","Western Region","Binghamton"]
[null,null,null,null,null,null,null,null,null,"14885Steuben","14885",14885,"Zone C - Central","New York State Electric and Gas","Steuben","Southern Tier","Western","Western","Western",null,"Zone C - Central","Western","Western Region","Binghamton"]
[null,null,null,null,null,null,null,null,null,"14810Steuben","14810",14810,"Zone C - Central","Municipal Utilities","Steuben","Southern Tier","Western","Western","Western",null,"Zone C - Central","Western","Western Region","Binghamton"]
[null,null,null,null,null,null,null,null,null,"14856Steuben","14856",14856,"Zone C - Central","Municipal Utilities","Steuben","Southern Tier","Western","Western","Western",null,"Zone C - Central","Western","Western Region","Binghamton"]
[null,null,null,null,null,null,null,null,null,"14801Steuben","14801",14801,"Zone C - Central","New York State Electric and Gas","Steuben","Southern Tier","Western","Western","Western",null,"Zone C - Central","Western","Western Region","Binghamton"]
[null,null,null,null,null,null,null,null,null,"14815Steuben","14815",14815,"Zone C - Central","New York State Electric and Gas","Steuben","Southern Tier","Western","Western","Western",null,"Zone C - Central","Western","Western Region","Binghamton"]
[null,null,null,null,null,null,null,null,null,"14819Steuben","14819",14819,"Zone C - Central","New York State Electric and Gas","Steuben","Southern Tier","Western","Western","Western",null,"Zone C - Central","Western","Western Region","Binghamton"]
[null,null,null,null,null,null,null,null,null,"14820Steuben","14820",14820,"Zone C - Central","New York State Electric and Gas","Steuben","Southern Tier","Western","Western","Western",null,"Zone C - Central","Western","Western Region","Binghamton"]
[null,null,null,null,null,null,null,null,null,"14821Steuben","14821",14821,"Zone C - Central","New York State Electric and Gas","Steuben","Southern Tier","Western","Western","Western",null,"Zone C - Central","Western","Western Region","Binghamton"]
[null,null,null,null,null,null,null,null,null,"14827Steuben","14827",14827,"Zone C - Central","New York State Electric and Gas","Steuben","Southern Tier","Western","Western","Western",null,"Zone C - Central","Western","Western Region","Binghamton"]
[null,null,null,null,null,null,null,null,null,"14830Steuben","14830",14830,"Zone C - Central","New York State Electric and Gas","Steuben","Southern Tier","Western","Western","Western",null,"Zone C - Central","Western","Western Region","Binghamton"]
[null,null,null,null,null,null,null,null,null,"14831Steuben","14831",14831,"Zone C - Central","New York State Electric and Gas","Steuben","Southern Tier","Western","Western","Western",null,"Zone C - Central","Western","Western Region","Binghamton"]
[null,null,null,null,null,null,null,null,null,"14840Steuben","14840",14840,"Zone C - Central","New York State Electric and Gas","Steuben","Southern Tier","Western","Western","Western",null,"Zone C - Central","Western","Western Region","Binghamton"]
[null,null,null,null,null,null,null,null,null,"14858Steuben","14858",14858,"Zone C - Central","New York State Electric and Gas","Steuben","Southern Tier","Western","Western","Western",null,"Zone C - Central","Western","Western Region","Binghamton"]
[null,null,null,null,null,null,null,null,null,"14870Steuben","14870",14870,"Zone C - Central","New York State Electric and Gas","Steuben","Southern Tier","Western","Western","Western",null,"Zone C - Central","Western","Western Region","Binghamton"]
[null,null,null,null,null,null,null,null,null,"14873Steuben","14873",14873,"Zone C - Central","New York State Electric and Gas","Steuben","Southern Tier","Western","Western","Western",null,"Zone C - Central","Western","Western Region","Binghamton"]
[null,null,null,null,null,null,null,null,null,"14874Steuben","14874",14874,"Zone C - Central","New York State Electric and Gas","Steuben","Southern Tier","Western","Western","Western",null,"Zone C - Central","Western","Western Region","Binghamton"]
[null,null,null,null,null,null,null,null,null,"14879Steuben","14879",14879,"Zone C - Central","New York State Electric and Gas","Steuben","Southern Tier","Western","Western","Western",null,"Zone C - Central","Western","Western Region","Binghamton"]
[null,null,null,null,null,null,null,null,null,"14898Steuben","14898",14898,"Zone C - Central","New York State Electric and Gas","Steuben","Southern Tier","Western","Western","Western",null,"Zone C - Central","Western","Western Region","Binghamton"]
[null,null,null,null,null,null,null,null,null,"11944Suffolk","11944",11944,"Zone K - Long Island","Municipal Utilities","Suffolk","Long Island","Long Island",{"$error":"#N/A"},{"$error":"#N/A"},null,"Zone K - Long Island","Long Island","Long Island","New York"]
[null,null,null,null,null,null,null,null,null,"00501Suffolk","00501","00501","Zone K - Long Island","PSEG Long Island","Suffolk","Long Island","Long Island",{"$error":"#N/A"},{"$error":"#N/A"},null,"Zone K - Long Island","Long Island","Long Island","New York"]
[null,null,null,null,null,null,null,null,null,"00544Suffolk","00544","00544","Zone K - Long Island","PSEG Long Island","Suffolk","Long Island","Long Island",{"$error":"#N/A"},{"$error":"#N/A"},null,"Zone K - Long Island","Long Island","Long Island","New York"]
[null,null,null,null,null,null,null,null,null,"11713Suffolk","11713",11713,"Zone K - Long Island","PSEG Long Island","Suffolk","Long Island","Long Island",{"$error":"#N/A"},{"$error":"#N/A"},null,"Zone K - Long Island","Long Island","Long Island","New York"]
[null,null,null,null,null,null,null,null,null,"11715Suffolk","11715",11715,"Zone K - Long Island","PSEG Long Island","Suffolk","Long Island","Long Island",{"$error":"#N/A"},{"$error":"#N/A"},null,"Zone K - Long Island","Long Island","Long Island","New York"]
[null,null,null,null,null,null,null,null,null,"11719Suffolk","11719",11719,"Zone K - Long Island","PSEG Long Island","Suffolk","Long Island","Long Island",{"$error":"#N/A"},{"$error":"#N/A"},null,"Zone K - Long Island","Long Island","Long Island","New York"]
[null,null,null,null,null,null,null,null,null,"11720Suffolk","11720",11720,"Zone K - Long Island","PSEG Long Island","Suffolk","Long Island","Long Island",{"$error":"#N/A"},{"$error":"#N/A"},null,"Zone K - Long Island","Long Island","Long Island","New York"]
[null,null,null,null,null,null,null,null,null,"11727Suffolk","11727",11727,"Zone K - Long Island","PSEG Long Island","Suffolk","Long Island","Long Island",{"$error":"#N/A"},{"$error":"#N/A"},null,"Zone K - Long Island","Long Island","Long Island","New York"]
[null,null,null,null,null,null,null,null,null,"11733Suffolk","11733",11733,"Zone K - Long Island","PSEG Long Island","Suffolk","Long Island","Long Island",{"$error":"#N/A"},{"$error":"#N/A"},null,"Zone K - Long Island","Long Island","Long Island","New York"]
[null,null,null,null,null,null,null,null,null,"11738Suffolk","11738",11738,"Zone K - Long Island","PSEG Long Island","Suffolk","Long Island","Long Island",{"$error":"#N/A"},{"$error":"#N/A"},null,"Zone K - Long Island","Long Island","Long Island","New York"]
[null,null,null,null,null,null,null,null,null,"11742Suffolk","11742",11742,"Zone K - Long Island","PSEG Long Island","Suffolk","Long Island","Long Island",{"$error":"#N/A"},{"$error":"#N/A"},null,"Zone K - Long Island","Long Island","Long Island","New York"]
[null,null,null,null,null,null,null,null,null,"11755Suffolk","11755",11755,"Zone K - Long Island","PSEG Long Island","Suffolk","Long Island","Long Island",{"$error":"#N/A"},{"$error":"#N/A"},null,"Zone K - Long Island","Long Island","Long Island","New York"]
[null,null,null,null,null,null,null,null,null,"11763Suffolk","11763",11763,"Zone K - Long Island","PSEG Long Island","Suffolk","Long Island","Long Island",{"$error":"#N/A"},{"$error":"#N/A"},null,"Zone K - Long Island","Long Island","Long Island","New York"]
[null,null,null,null,null,null,null,null,null,"11764Suffolk","11764",11764,"Zone K - Long Island","PSEG Long Island","Suffolk","Long Island","Long Island",{"$error":"#N/A"},{"$error":"#N/A"},null,"Zone K - Long Island","Long Island","Long Island","New York"]
[null,null,null,null,null,null,null,null,null,"11766Suffolk","11766",11766,"Zone K - Long Island","PSEG Long Island","Suffolk","Long Island","Long Island",{"$error":"#N/A"},{"$error":"#N/A"},null,"Zone K - Long Island","Long Island","Long Island","New York"]
[null,null,null,null,null,null,null,null,null,"11772Suffolk","11772",11772,"Zone K - Long Island","PSEG Long Island","Suffolk","Long Island","Long Island",{"$error":"#N/A"},{"$error":"#N/A"},null,"Zone K - Long Island","Long Island","Long Island","New York"]
[null,null,null,null,null,null,null,null,null,"11776Suffolk","11776",11776,"Zone K - Long Island","PSEG Long Island","Suffolk","Long Island","Long Island",{"$error":"#N/A"},{"$error":"#N/A"},null,"Zone K - Long Island","Long Island","Long Island","New York"]
[null,null,null,null,null,null,null,null,null,"11777Suffolk","11777",11777,"Zone K - Long Island","PSEG Long Island","Suffolk","Long Island","Long Island",{"$error":"#N/A"},{"$error":"#N/A"},null,"Zone K - Long Island","Long Island","Long Island","New York"]
[null,null,null,null,null,null,null,null,null,"11778Suffolk","11778",11778,"Zone K - Long Island","PSEG Long Island","Suffolk","Long Island","Long Island",{"$error":"#N/A"},{"$error":"#N/A"},null,"Zone K - Long Island","Long Island","Long Island","New York"]
[null,null,null,null,null,null,null,null,null,"11784Suffolk","11784",11784,"Zone K - Long Island","PSEG Long Island","Suffolk","Long Island","Long Island",{"$error":"#N/A"},{"$error":"#N/A"},null,"Zone K - Long Island","Long Island","Long Island","New York"]
[null,null,null,null,null,null,null,null,null,"11786Suffolk","11786",11786,"Zone K - Long Island","PSEG Long Island","Suffolk","Long Island","Long Island",{"$error":"#N/A"},{"$error":"#N/A"},null,"Zone K - Long Island","Long Island","Long Island","New York"]
[null,null,null,null,null,null,null,null,null,"11789Suffolk","11789",11789,"Zone K - Long Island","PSEG Long Island","Suffolk","Long Island","Long Island",{"$error":"#N/A"},{"$error":"#N/A"},null,"Zone K - Long Island","Long Island","Long Island","New York"]
[null,null,null,null,null,null,null,null,null,"11790Suffolk","11790",11790,"Zone K - Long Island","PSEG Long Island","Suffolk","Long Island","Long Island",{"$error":"#N/A"},{"$error":"#N/A"},null,"Zone K - Long Island","Long Island","Long Island","New York"]
[null,null,null,null,null,null,null,null,null,"11792Suffolk","11792",11792,"Zone K - Long Island","PSEG Long Island","Suffolk","Long Island","Long Island",{"$error":"#N/A"},{"$error":"#N/A"},null,"Zone K - Long Island","Long Island","Long Island","New York"]
[null,null,null,null,null,null,null,null,null,"11794Suffolk","11794",11794,"Zone K - Long Island","PSEG Long Island","Suffolk","Long Island","Long Island",{"$error":"#N/A"},{"$error":"#N/A"},null,"Zone K - Long Island","Long Island","Long Island","New York"]
[null,null,null,null,null,null,null,null,null,"11901Suffolk","11901",11901,"Zone K - Long Island","PSEG Long Island","Suffolk","Long Island","Long Island",{"$error":"#N/A"},{"$error":"#N/A"},null,"Zone K - Long Island","Long Island","Long Island","New York"]
[null,null,null,null,null,null,null,null,null,"11930Suffolk","11930",11930,"Zone K - Long Island","PSEG Long Island","Suffolk","Long Island","Long Island",{"$error":"#N/A"},{"$error":"#N/A"},null,"Zone K - Long Island","Long Island","Long Island","New York"]
[null,null,null,null,null,null,null,null,null,"11931Suffolk","11931",11931,"Zone K - Long Island","PSEG Long Island","Suffolk","Long Island","Long Island",{"$error":"#N/A"},{"$error":"#N/A"},null,"Zone K - Long Island","Long Island","Long Island","New York"]
[null,null,null,null,null,null,null,null,null,"11932Suffolk","11932",11932,"Zone K - Long Island","PSEG Long Island","Suffolk","Long Island","Long Island",{"$error":"#N/A"},{"$error":"#N/A"},null,"Zone K - Long Island","Long Island","Long Island","New York"]
[null,null,null,null,null,null,null,null,null,"11933Suffolk","11933",11933,"Zone K - Long Island","PSEG Long Island","Suffolk","Long Island","Long Island",{"$error":"#N/A"},{"$error":"#N/A"},null,"Zone K - Long Island","Long Island","Long Island","New York"]
[null,null,null,null,null,null,null,null,null,"11934Suffolk","11934",11934,"Zone K - Long Island","PSEG Long Island","Suffolk","Long Island","Long Island",{"$error":"#N/A"},{"$error":"#N/A"},null,"Zone K - Long Island","Long Island","Long Island","New York"]
[null,null,null,null,null,null,null,null,null,"11935Suffolk","11935",11935,"Zone K - Long Island","PSEG Long Island","Suffolk","Long Island","Long Island",{"$error":"#N/A"},{"$error":"#N/A"},null,"Zone K - Long Island","Long Island","Long Island","New York"]
[null,null,null,null,null,null,null,null,null,"11937Suffolk","11937",11937,"Zone K - Long Island","PSEG Long Island","Suffolk","Long Island","Long Island",{"$error":"#N/A"},{"$error":"#N/A"},null,"Zone K - Long Island","Long Island","Long Island","New York"]
[null,null,null,null,null,null,null,null,null,"11939Suffolk","11939",11939,"Zone K - Long Island","PSEG Long Island","Suffolk","Long Island","Long Island",{"$error":"#N/A"},{"$error":"#N/A"},null,"Zone K - Long Island","Long Island","Long Island","New York"]
[null,null,null,null,null,null,null,null,null,"11940Suffolk","11940",11940,"Zone K - Long Island","PSEG Long Island","Suffolk","Long Island","Long Island",{"$error":"#N/A"},{"$error":"#N/A"},null,"Zone K - Long Island","Long Island","Long Island","New York"]
[null,null,null,null,null,null,null,null,null,"11941Suffolk","11941",11941,"Zone K - Long Island","PSEG Long Island","Suffolk","Long Island","Long Island",{"$error":"#N/A"},{"$error":"#N/A"},null,"Zone K - Long Island","Long Island","Long Island","New York"]
[null,null,null,null,null,null,null,null,null,"11942Suffolk","11942",11942,"Zone K - Long Island","PSEG Long Island","Suffolk","Long Island","Long Island",{"$error":"#N/A"},{"$error":"#N/A"},null,"Zone K - Long Island","Long Island","Long Island","New York"]
[null,null,null,null,null,null,null,null,null,"11946Suffolk","11946",11946,"Zone K - Long Island","PSEG Long Island","Suffolk","Long Island","Long Island",{"$error":"#N/A"},{"$error":"#N/A"},null,"Zone K - Long Island","Long Island","Long Island","New York"]
[null,null,null,null,null,null,null,null,null,"11947Suffolk","11947",11947,"Zone K - Long Island","PSEG Long Island","Suffolk","Long Island","Long Island",{"$error":"#N/A"},{"$error":"#N/A"},null,"Zone K - Long Island","Long Island","Long Island","New York"]
[null,null,null,null,null,null,null,null,null,"11948Suffolk","11948",11948,"Zone K - Long Island","PSEG Long Island","Suffolk","Long Island","Long Island",{"$error":"#N/A"},{"$error":"#N/A"},null,"Zone K - Long Island","Long Island","Long Island","New York"]
[null,null,null,null,null,null,null,null,null,"11949Suffolk","11949",11949,"Zone K - Long Island","PSEG Long Island","Suffolk","Long Island","Long Island",{"$error":"#N/A"},{"$error":"#N/A"},null,"Zone K - Long Island","Long Island","Long Island","New York"]
[null,null,null,null,null,null,null,null,null,"11950Suffolk","11950",11950,"Zone K - Long Island","PSEG Long Island","Suffolk","Long Island","Long Island",{"$error":"#N/A"},{"$error":"#N/A"},null,"Zone K - Long Island","Long Island","Long Island","New York"]
[null,null,null,null,null,null,null,null,null,"11951Suffolk","11951",11951,"Zone K - Long Island","PSEG Long Island","Suffolk","Long Island","Long Island",{"$error":"#N/A"},{"$error":"#N/A"},null,"Zone K - Long Island","Long Island","Long Island","New York"]
[null,null,null,null,null,null,null,null,null,"11952Suffolk","11952",11952,"Zone K - Long Island","PSEG Long Island","Suffolk","Long Island","Long Island",{"$error":"#N/A"},{"$error":"#N/A"},null,"Zone K - Long Island","Long Island","Long Island","New York"]
[null,null,null,null,null,null,null,null,null,"11953Suffolk","11953",11953,"Zone K - Long Island","PSEG Long Island","Suffolk","Long Island","Long Island",{"$error":"#N/A"},{"$error":"#N/A"},null,"Zone K - Long Island","Long Island","Long Island","New York"]
[null,null,null,null,null,null,null,null,null,"11954Suffolk","11954",11954,"Zone K - Long Island","PSEG Long Island","Suffolk","Long Island","Long Island",{"$error":"#N/A"},{"$error":"#N/A"},null,"Zone K - Long Island","Long Island","Long Island","New York"]
[null,null,null,null,null,null,null,null,null,"11955Suffolk","11955",11955,"Zone K - Long Island","PSEG Long Island","Suffolk","Long Island","Long Island",{"$error":"#N/A"},{"$error":"#N/A"},null,"Zone K - Long Island","Long Island","Long Island","New York"]
[null,null,null,null,null,null,null,null,null,"11957Suffolk","11957",11957,"Zone K - Long Island","PSEG Long Island","Suffolk","Long Island","Long Island",{"$error":"#N/A"},{"$error":"#N/A"},null,"Zone K - Long Island","Long Island","Long Island","New York"]
[null,null,null,null,null,null,null,null,null,"11958Suffolk","11958",11958,"Zone K - Long Island","PSEG Long Island","Suffolk","Long Island","Long Island",{"$error":"#N/A"},{"$error":"#N/A"},null,"Zone K - Long Island","Long Island","Long Island","New York"]
[null,null,null,null,null,null,null,null,null,"11959Suffolk","11959",11959,"Zone K - Long Island","PSEG Long Island","Suffolk","Long Island","Long Island",{"$error":"#N/A"},{"$error":"#N/A"},null,"Zone K - Long Island","Long Island","Long Island","New York"]
[null,null,null,null,null,null,null,null,null,"11960Suffolk","11960",11960,"Zone K - Long Island","PSEG Long Island","Suffolk","Long Island","Long Island",{"$error":"#N/A"},{"$error":"#N/A"},null,"Zone K - Long Island","Long Island","Long Island","New York"]
[null,null,null,null,null,null,null,null,null,"11961Suffolk","11961",11961,"Zone K - Long Island","PSEG Long Island","Suffolk","Long Island","Long Island",{"$error":"#N/A"},{"$error":"#N/A"},null,"Zone K - Long Island","Long Island","Long Island","New York"]
[null,null,null,null,null,null,null,null,null,"11962Suffolk","11962",11962,"Zone K - Long Island","PSEG Long Island","Suffolk","Long Island","Long Island",{"$error":"#N/A"},{"$error":"#N/A"},null,"Zone K - Long Island","Long Island","Long Island","New York"]
[null,null,null,null,null,null,null,null,null,"11963Suffolk","11963",11963,"Zone K - Long Island","PSEG Long Island","Suffolk","Long Island","Long Island",{"$error":"#N/A"},{"$error":"#N/A"},null,"Zone K - Long Island","Long Island","Long Island","New York"]
[null,null,null,null,null,null,null,null,null,"11964Suffolk","11964",11964,"Zone K - Long Island","PSEG Long Island","Suffolk","Long Island","Long Island",{"$error":"#N/A"},{"$error":"#N/A"},null,"Zone K - Long Island","Long Island","Long Island","New York"]
[null,null,null,null,null,null,null,null,null,"11965Suffolk","11965",11965,"Zone K - Long Island","PSEG Long Island","Suffolk","Long Island","Long Island",{"$error":"#N/A"},{"$error":"#N/A"},null,"Zone K - Long Island","Long Island","Long Island","New York"]
[null,null,null,null,null,null,null,null,null,"11967Suffolk","11967",11967,"Zone K - Long Island","PSEG Long Island","Suffolk","Long Island","Long Island",{"$error":"#N/A"},{"$error":"#N/A"},null,"Zone K - Long Island","Long Island","Long Island","New York"]
[null,null,null,null,null,null,null,null,null,"11968Suffolk","11968",11968,"Zone K - Long Island","PSEG Long Island","Suffolk","Long Island","Long Island",{"$error":"#N/A"},{"$error":"#N/A"},null,"Zone K - Long Island","Long Island","Long Island","New York"]
[null,null,null,null,null,null,null,null,null,"11969Suffolk","11969",11969,"Zone K - Long Island","PSEG Long Island","Suffolk","Long Island","Long Island",{"$error":"#N/A"},{"$error":"#N/A"},null,"Zone K - Long Island","Long Island","Long Island","New York"]
[null,null,null,null,null,null,null,null,null,"11970Suffolk","11970",11970,"Zone K - Long Island","PSEG Long Island","Suffolk","Long Island","Long Island",{"$error":"#N/A"},{"$error":"#N/A"},null,"Zone K - Long Island","Long Island","Long Island","New York"]
[null,null,null,null,null,null,null,null,null,"11971Suffolk","11971",11971,"Zone K - Long Island","PSEG Long Island","Suffolk","Long Island","Long Island",{"$error":"#N/A"},{"$error":"#N/A"},null,"Zone K - Long Island","Long Island","Long Island","New York"]
[null,null,null,null,null,null,null,null,null,"11972Suffolk","11972",11972,"Zone K - Long Island","PSEG Long Island","Suffolk","Long Island","Long Island",{"$error":"#N/A"},{"$error":"#N/A"},null,"Zone K - Long Island","Long Island","Long Island","New York"]
[null,null,null,null,null,null,null,null,null,"11973Suffolk","11973",11973,"Zone K - Long Island","PSEG Long Island","Suffolk","Long Island","Long Island",{"$error":"#N/A"},{"$error":"#N/A"},null,"Zone K - Long Island","Long Island","Long Island","New York"]
[null,null,null,null,null,null,null,null,null,"11975Suffolk","11975",11975,"Zone K - Long Island","PSEG Long Island","Suffolk","Long Island","Long Island",{"$error":"#N/A"},{"$error":"#N/A"},null,"Zone K - Long Island","Long Island","Long Island","New York"]
[null,null,null,null,null,null,null,null,null,"11976Suffolk","11976",11976,"Zone K - Long Island","PSEG Long Island","Suffolk","Long Island","Long Island",{"$error":"#N/A"},{"$error":"#N/A"},null,"Zone K - Long Island","Long Island","Long Island","New York"]
[null,null,null,null,null,null,null,null,null,"11977Suffolk","11977",11977,"Zone K - Long Island","PSEG Long Island","Suffolk","Long Island","Long Island",{"$error":"#N/A"},{"$error":"#N/A"},null,"Zone K - Long Island","Long Island","Long Island","New York"]
[null,null,null,null,null,null,null,null,null,"11978Suffolk","11978",11978,"Zone K - Long Island","PSEG Long Island","Suffolk","Long Island","Long Island",{"$error":"#N/A"},{"$error":"#N/A"},null,"Zone K - Long Island","Long Island","Long Island","New York"]
[null,null,null,null,null,null,null,null,null,"11980Suffolk","11980",11980,"Zone K - Long Island","PSEG Long Island","Suffolk","Long Island","Long Island",{"$error":"#N/A"},{"$error":"#N/A"},null,"Zone K - Long Island","Long Island","Long Island","New York"]
[null,null,null,null,null,null,null,null,null,"11701Suffolk","11701",11701,"Zone K - Long Island","PSEG Long Island","Suffolk","Long Island","Long Island",{"$error":"#N/A"},{"$error":"#N/A"},null,"Zone K - Long Island","Long Island","Long Island","New York"]
[null,null,null,null,null,null,null,null,null,"11702Suffolk","11702",11702,"Zone K - Long Island","PSEG Long Island","Suffolk","Long Island","Long Island",{"$error":"#N/A"},{"$error":"#N/A"},null,"Zone K - Long Island","Long Island","Long Island","New York"]
[null,null,null,null,null,null,null,null,null,"11703Suffolk","11703",11703,"Zone K - Long Island","PSEG Long Island","Suffolk","Long Island","Long Island",{"$error":"#N/A"},{"$error":"#N/A"},null,"Zone K - Long Island","Long Island","Long Island","New York"]
[null,null,null,null,null,null,null,null,null,"11704Suffolk","11704",11704,"Zone K - Long Island","PSEG Long Island","Suffolk","Long Island","Long Island",{"$error":"#N/A"},{"$error":"#N/A"},null,"Zone K - Long Island","Long Island","Long Island","New York"]
[null,null,null,null,null,null,null,null,null,"11705Suffolk","11705",11705,"Zone K - Long Island","PSEG Long Island","Suffolk","Long Island","Long Island",{"$error":"#N/A"},{"$error":"#N/A"},null,"Zone K - Long Island","Long Island","Long Island","New York"]
[null,null,null,null,null,null,null,null,null,"11706Suffolk","11706",11706,"Zone K - Long Island","PSEG Long Island","Suffolk","Long Island","Long Island",{"$error":"#N/A"},{"$error":"#N/A"},null,"Zone K - Long Island","Long Island","Long Island","New York"]
[null,null,null,null,null,null,null,null,null,"11707Suffolk","11707",11707,"Zone K - Long Island","PSEG Long Island","Suffolk","Long Island","Long Island",{"$error":"#N/A"},{"$error":"#N/A"},null,"Zone K - Long Island","Long Island","Long Island","New York"]
[null,null,null,null,null,null,null,null,null,"11716Suffolk","11716",11716,"Zone K - Long Island","PSEG Long Island","Suffolk","Long Island","Long Island",{"$error":"#N/A"},{"$error":"#N/A"},null,"Zone K - Long Island","Long Island","Long Island","New York"]
[null,null,null,null,null,null,null,null,null,"11717Suffolk","11717",11717,"Zone K - Long Island","PSEG Long Island","Suffolk","Long Island","Long Island",{"$error":"#N/A"},{"$error":"#N/A"},null,"Zone K - Long Island","Long Island","Long Island","New York"]
[null,null,null,null,null,null,null,null,null,"11718Suffolk","11718",11718,"Zone K - Long Island","PSEG Long Island","Suffolk","Long Island","Long Island",{"$error":"#N/A"},{"$error":"#N/A"},null,"Zone K - Long Island","Long Island","Long Island","New York"]
[null,null,null,null,null,null,null,null,null,"11721Suffolk","11721",11721,"Zone K - Long Island","PSEG Long Island","Suffolk","Long Island","Long Island",{"$error":"#N/A"},{"$error":"#N/A"},null,"Zone K - Long Island","Long Island","Long Island","New York"]
[null,null,null,null,null,null,null,null,null,"11722Suffolk","11722",11722,"Zone K - Long Island","PSEG Long Island","Suffolk","Long Island","Long Island",{"$error":"#N/A"},{"$error":"#N/A"},null,"Zone K - Long Island","Long Island","Long Island","New York"]
[null,null,null,null,null,null,null,null,null,"11724Suffolk","11724",11724,"Zone K - Long Island","PSEG Long Island","Suffolk","Long Island","Long Island",{"$error":"#N/A"},{"$error":"#N/A"},null,"Zone K - Long Island","Long Island","Long Island","New York"]
[null,null,null,null,null,null,null,null,null,"11725Suffolk","11725",11725,"Zone K - Long Island","PSEG Long Island","Suffolk","Long Island","Long Island",{"$error":"#N/A"},{"$error":"#N/A"},null,"Zone K - Long Island","Long Island","Long Island","New York"]
[null,null,null,null,null,null,null,null,null,"11726Suffolk","11726",11726,"Zone K - Long Island","PSEG Long Island","Suffolk","Long Island","Long Island",{"$error":"#N/A"},{"$error":"#N/A"},null,"Zone K - Long Island","Long Island","Long Island","New York"]
[null,null,null,null,null,null,null,null,null,"11729Suffolk","11729",11729,"Zone K - Long Island","PSEG Long Island","Suffolk","Long Island","Long Island",{"$error":"#N/A"},{"$error":"#N/A"},null,"Zone K - Long Island","Long Island","Long Island","New York"]
[null,null,null,null,null,null,null,null,null,"11730Suffolk","11730",11730,"Zone K - Long Island","PSEG Long Island","Suffolk","Long Island","Long Island",{"$error":"#N/A"},{"$error":"#N/A"},null,"Zone K - Long Island","Long Island","Long Island","New York"]
[null,null,null,null,null,null,null,null,null,"11731Suffolk","11731",11731,"Zone K - Long Island","PSEG Long Island","Suffolk","Long Island","Long Island",{"$error":"#N/A"},{"$error":"#N/A"},null,"Zone K - Long Island","Long Island","Long Island","New York"]
[null,null,null,null,null,null,null,null,null,"11737Suffolk","11737",11737,"Zone K - Long Island","PSEG Long Island","Suffolk","Long Island","Long Island",{"$error":"#N/A"},{"$error":"#N/A"},null,"Zone K - Long Island","Long Island","Long Island","New York"]
[null,null,null,null,null,null,null,null,null,"11739Suffolk","11739",11739,"Zone K - Long Island","PSEG Long Island","Suffolk","Long Island","Long Island",{"$error":"#N/A"},{"$error":"#N/A"},null,"Zone K - Long Island","Long Island","Long Island","New York"]
[null,null,null,null,null,null,null,null,null,"11740Suffolk","11740",11740,"Zone K - Long Island","PSEG Long Island","Suffolk","Long Island","Long Island",{"$error":"#N/A"},{"$error":"#N/A"},null,"Zone K - Long Island","Long Island","Long Island","New York"]
[null,null,null,null,null,null,null,null,null,"11741Suffolk","11741",11741,"Zone K - Long Island","PSEG Long Island","Suffolk","Long Island","Long Island",{"$error":"#N/A"},{"$error":"#N/A"},null,"Zone K - Long Island","Long Island","Long Island","New York"]
[null,null,null,null,null,null,null,null,null,"11743Suffolk","11743",11743,"Zone K - Long Island","PSEG Long Island","Suffolk","Long Island","Long Island",{"$error":"#N/A"},{"$error":"#N/A"},null,"Zone K - Long Island","Long Island","Long Island","New York"]
[null,null,null,null,null,null,null,null,null,"11746Suffolk","11746",11746,"Zone K - Long Island","PSEG Long Island","Suffolk","Long Island","Long Island",{"$error":"#N/A"},{"$error":"#N/A"},null,"Zone K - Long Island","Long Island","Long Island","New York"]
[null,null,null,null,null,null,null,null,null,"11747Suffolk","11747",11747,"Zone K - Long Island","PSEG Long Island","Suffolk","Long Island","Long Island",{"$error":"#N/A"},{"$error":"#N/A"},null,"Zone K - Long Island","Long Island","Long Island","New York"]
[null,null,null,null,null,null,null,null,null,"11749Suffolk","11749",11749,"Zone K - Long Island","PSEG Long Island","Suffolk","Long Island","Long Island",{"$error":"#N/A"},{"$error":"#N/A"},null,"Zone K - Long Island","Long Island","Long Island","New York"]
[null,null,null,null,null,null,null,null,null,"11751Suffolk","11751",11751,"Zone K - Long Island","PSEG Long Island","Suffolk","Long Island","Long Island",{"$error":"#N/A"},{"$error":"#N/A"},null,"Zone K - Long Island","Long Island","Long Island","New York"]
[null,null,null,null,null,null,null,null,null,"11752Suffolk","11752",11752,"Zone K - Long Island","PSEG Long Island","Suffolk","Long Island","Long Island",{"$error":"#N/A"},{"$error":"#N/A"},null,"Zone K - Long Island","Long Island","Long Island","New York"]
[null,null,null,null,null,null,null,null,null,"11754Suffolk","11754",11754,"Zone K - Long Island","PSEG Long Island","Suffolk","Long Island","Long Island",{"$error":"#N/A"},{"$error":"#N/A"},null,"Zone K - Long Island","Long Island","Long Island","New York"]
[null,null,null,null,null,null,null,null,null,"11757Suffolk","11757",11757,"Zone K - Long Island","PSEG Long Island","Suffolk","Long Island","Long Island",{"$error":"#N/A"},{"$error":"#N/A"},null,"Zone K - Long Island","Long Island","Long Island","New York"]
[null,null,null,null,null,null,null,null,null,"11760Suffolk","11760",11760,"Zone K - Long Island","PSEG Long Island","Suffolk","Long Island","Long Island",{"$error":"#N/A"},{"$error":"#N/A"},null,"Zone K - Long Island","Long Island","Long Island","New York"]
[null,null,null,null,null,null,null,null,null,"11767Suffolk","11767",11767,"Zone K - Long Island","PSEG Long Island","Suffolk","Long Island","Long Island",{"$error":"#N/A"},{"$error":"#N/A"},null,"Zone K - Long Island","Long Island","Long Island","New York"]
[null,null,null,null,null,null,null,null,null,"11768Suffolk","11768",11768,"Zone K - Long Island","PSEG Long Island","Suffolk","Long Island","Long Island",{"$error":"#N/A"},{"$error":"#N/A"},null,"Zone K - Long Island","Long Island","Long Island","New York"]
[null,null,null,null,null,null,null,null,null,"11769Suffolk","11769",11769,"Zone K - Long Island","PSEG Long Island","Suffolk","Long Island","Long Island",{"$error":"#N/A"},{"$error":"#N/A"},null,"Zone K - Long Island","Long Island","Long Island","New York"]
[null,null,null,null,null,null,null,null,null,"11770Suffolk","11770",11770,"Zone K - Long Island","PSEG Long Island","Suffolk","Long Island","Long Island",{"$error":"#N/A"},{"$error":"#N/A"},null,"Zone K - Long Island","Long Island","Long Island","New York"]
[null,null,null,null,null,null,null,null,null,"11775Suffolk","11775",11775,"Zone K - Long Island","PSEG Long Island","Suffolk","Long Island","Long Island",{"$error":"#N/A"},{"$error":"#N/A"},null,"Zone K - Long Island","Long Island","Long Island","New York"]
[null,null,null,null,null,null,null,null,null,"11779Suffolk","11779",11779,"Zone K - Long Island","PSEG Long Island","Suffolk","Long Island","Long Island",{"$error":"#N/A"},{"$error":"#N/A"},null,"Zone K - Long Island","Long Island","Long Island","New York"]
[null,null,null,null,null,null,null,null,null,"11780Suffolk","11780",11780,"Zone K - Long Island","PSEG Long Island","Suffolk","Long Island","Long Island",{"$error":"#N/A"},{"$error":"#N/A"},null,"Zone K - Long Island","Long Island","Long Island","New York"]
[null,null,null,null,null,null,null,null,null,"11782Suffolk","11782",11782,"Zone K - Long Island","PSEG Long Island","Suffolk","Long Island","Long Island",{"$error":"#N/A"},{"$error":"#N/A"},null,"Zone K - Long Island","Long Island","Long Island","New York"]
[null,null,null,null,null,null,null,null,null,"11787Suffolk","11787",11787,"Zone K - Long Island","PSEG Long Island","Suffolk","Long Island","Long Island",{"$error":"#N/A"},{"$error":"#N/A"},null,"Zone K - Long Island","Long Island","Long Island","New York"]
[null,null,null,null,null,null,null,null,null,"11788Suffolk","11788",11788,"Zone K - Long Island","PSEG Long Island","Suffolk","Long Island","Long Island",{"$error":"#N/A"},{"$error":"#N/A"},null,"Zone K - Long Island","Long Island","Long Island","New York"]
[null,null,null,null,null,null,null,null,null,"11795Suffolk","11795",11795,"Zone K - Long Island","PSEG Long Island","Suffolk","Long Island","Long Island",{"$error":"#N/A"},{"$error":"#N/A"},null,"Zone K - Long Island","Long Island","Long Island","New York"]
[null,null,null,null,null,null,null,null,null,"11796Suffolk","11796",11796,"Zone K - Long Island","PSEG Long Island","Suffolk","Long Island","Long Island",{"$error":"#N/A"},{"$error":"#N/A"},null,"Zone K - Long Island","Long Island","Long Island","New York"]
[null,null,null,null,null,null,null,null,null,"11798Suffolk","11798",11798,"Zone K - Long Island","PSEG Long Island","Suffolk","Long Island","Long Island",{"$error":"#N/A"},{"$error":"#N/A"},null,"Zone K - Long Island","Long Island","Long Island","New York"]
[null,null,null,null,null,null,null,null,null,"06390Suffolk","06390","06390",null,"Municipal Utilities","Suffolk","Long Island","Long Island",{"$error":"#N/A"},{"$error":"#N/A"},null,"Zone K - Long Island","Long Island","Long Island","New York"]
[null,null,null,null,null,null,null,null,null,"11956Suffolk","11956",11956,null,null,"Suffolk","Long Island","Long Island",{"$error":"#N/A"},{"$error":"#N/A"},null,"","Long Island","Long Island","New York"]
[null,null,null,null,null,null,null,null,null,"12725Sullivan","12725",12725,"Zone E - Mohawk Valley","Central Hudson Gas and Electric","Sullivan","Mid-Hudson","Upper Hudson","Mid-Hudson","Mid-Hudson",null,"Zone E - Mohawk Valley","Upper Hudson","Hudson Valley","Binghamton"]
[null,null,null,null,null,null,null,null,null,"12740Sullivan","12740",12740,"Zone E - Mohawk Valley","Central Hudson Gas and Electric","Sullivan","Mid-Hudson","Upper Hudson","Mid-Hudson","Mid-Hudson",null,"Zone E - Mohawk Valley","Upper Hudson","Hudson Valley","Binghamton"]
[null,null,null,null,null,null,null,null,null,"12701Sullivan","12701",12701,"Zone E - Mohawk Valley","New York State Electric and Gas","Sullivan","Mid-Hudson","Upper Hudson","Mid-Hudson","Mid-Hudson",null,"Zone E - Mohawk Valley","Upper Hudson","Hudson Valley","Binghamton"]
[null,null,null,null,null,null,null,null,null,"12720Sullivan","12720",12720,"Zone E - Mohawk Valley","New York State Electric and Gas","Sullivan","Mid-Hudson","Upper Hudson","Mid-Hudson","Mid-Hudson",null,"Zone E - Mohawk Valley","Upper Hudson","Hudson Valley","Binghamton"]
[null,null,null,null,null,null,null,null,null,"12723Sullivan","12723",12723,"Zone E - Mohawk Valley","New York State Electric and Gas","Sullivan","Mid-Hudson","Upper Hudson","Mid-Hudson","Mid-Hudson",null,"Zone E - Mohawk Valley","Upper Hudson","Hudson Valley","Poughkeepsie"]
[null,null,null,null,null,null,null,null,null,"12724Sullivan","12724",12724,"Zone E - Mohawk Valley","New York State Electric and Gas","Sullivan","Mid-Hudson","Upper Hudson","Mid-Hudson","Mid-Hudson",null,"Zone E - Mohawk Valley","Upper Hudson","Hudson Valley","Binghamton"]
[null,null,null,null,null,null,null,null,null,"12726Sullivan","12726",12726,"Zone E - Mohawk Valley","New York State Electric and Gas","Sullivan","Mid-Hudson","Upper Hudson","Mid-Hudson","Mid-Hudson",null,"Zone E - Mohawk Valley","Upper Hudson","Hudson Valley","Binghamton"]
[null,null,null,null,null,null,null,null,null,"12727Sullivan","12727",12727,"Zone E - Mohawk Valley","New York State Electric and Gas","Sullivan","Mid-Hudson","Upper Hudson","Mid-Hudson","Mid-Hudson",null,"Zone E - Mohawk Valley","Upper Hudson","Hudson Valley","Binghamton"]
[null,null,null,null,null,null,null,null,null,"12733Sullivan","12733",12733,"Zone E - Mohawk Valley","New York State Electric and Gas","Sullivan","Mid-Hudson","Upper Hudson","Mid-Hudson","Mid-Hudson",null,"Zone E - Mohawk Valley","Upper Hudson","Hudson Valley","Binghamton"]
[null,null,null,null,null,null,null,null,null,"12734Sullivan","12734",12734,"Zone E - Mohawk Valley","New York State Electric and Gas","Sullivan","Mid-Hudson","Upper Hudson","Mid-Hudson","Mid-Hudson",null,"Zone E - Mohawk Valley","Upper Hudson","Hudson Valley","Binghamton"]
[null,null,null,null,null,null,null,null,null,"12736Sullivan","12736",12736,"Zone E - Mohawk Valley","New York State Electric and Gas","Sullivan","Mid-Hudson","Upper Hudson","Mid-Hudson","Mid-Hudson",null,"Zone E - Mohawk Valley","Upper Hudson","Hudson Valley","Binghamton"]
[null,null,null,null,null,null,null,null,null,"12738Sullivan","12738",12738,"Zone E - Mohawk Valley","New York State Electric and Gas","Sullivan","Mid-Hudson","Upper Hudson","Mid-Hudson","Mid-Hudson",null,"Zone E - Mohawk Valley","Upper Hudson","Hudson Valley","Binghamton"]
[null,null,null,null,null,null,null,null,null,"12741Sullivan","12741",12741,"Zone E - Mohawk Valley","New York State Electric and Gas","Sullivan","Mid-Hudson","Upper Hudson","Mid-Hudson","Mid-Hudson",null,"Zone E - Mohawk Valley","Upper Hudson","Hudson Valley","Binghamton"]
[null,null,null,null,null,null,null,null,null,"12742Sullivan","12742",12742,"Zone E - Mohawk Valley","New York State Electric and Gas","Sullivan","Mid-Hudson","Upper Hudson","Mid-Hudson","Mid-Hudson",null,"Zone E - Mohawk Valley","Upper Hudson","Hudson Valley","Binghamton"]
[null,null,null,null,null,null,null,null,null,"12745Sullivan","12745",12745,"Zone E - Mohawk Valley","New York State Electric and Gas","Sullivan","Mid-Hudson","Upper Hudson","Mid-Hudson","Mid-Hudson",null,"Zone E - Mohawk Valley","Upper Hudson","Hudson Valley","Binghamton"]
[null,null,null,null,null,null,null,null,null,"12747Sullivan","12747",12747,"Zone E - Mohawk Valley","New York State Electric and Gas","Sullivan","Mid-Hudson","Upper Hudson","Mid-Hudson","Mid-Hudson",null,"Zone E - Mohawk Valley","Upper Hudson","Hudson Valley","Binghamton"]
[null,null,null,null,null,null,null,null,null,"12748Sullivan","12748",12748,"Zone E - Mohawk Valley","New York State Electric and Gas","Sullivan","Mid-Hudson","Upper Hudson","Mid-Hudson","Mid-Hudson",null,"Zone E - Mohawk Valley","Upper Hudson","Hudson Valley","Binghamton"]
[null,null,null,null,null,null,null,null,null,"12749Sullivan","12749",12749,"Zone E - Mohawk Valley","New York State Electric and Gas","Sullivan","Mid-Hudson","Upper Hudson","Mid-Hudson","Mid-Hudson",null,"Zone E - Mohawk Valley","Upper Hudson","Hudson Valley","Binghamton"]
[null,null,null,null,null,null,null,null,null,"12750Sullivan","12750",12750,"Zone E - Mohawk Valley","New York State Electric and Gas","Sullivan","Mid-Hudson","Upper Hudson","Mid-Hudson","Mid-Hudson",null,"Zone E - Mohawk Valley","Upper Hudson","Hudson Valley","Binghamton"]
[null,null,null,null,null,null,null,null,null,"12751Sullivan","12751",12751,"Zone E - Mohawk Valley","New York State Electric and Gas","Sullivan","Mid-Hudson","Upper Hudson","Mid-Hudson","Mid-Hudson",null,"Zone E - Mohawk Valley","Upper Hudson","Hudson Valley","Binghamton"]
[null,null,null,null,null,null,null,null,null,"12752Sullivan","12752",12752,"Zone E - Mohawk Valley","New York State Electric and Gas","Sullivan","Mid-Hudson","Upper Hudson","Mid-Hudson","Mid-Hudson",null,"Zone E - Mohawk Valley","Upper Hudson","Hudson Valley","Binghamton"]
[null,null,null,null,null,null,null,null,null,"12754Sullivan","12754",12754,"Zone E - Mohawk Valley","New York State Electric and Gas","Sullivan","Mid-Hudson","Upper Hudson","Mid-Hudson","Mid-Hudson",null,"Zone E - Mohawk Valley","Upper Hudson","Hudson Valley","Binghamton"]
[null,null,null,null,null,null,null,null,null,"12758Sullivan","12758",12758,"Zone E - Mohawk Valley","New York State Electric and Gas","Sullivan","Mid-Hudson","Upper Hudson","Mid-Hudson","Mid-Hudson",null,"Zone E - Mohawk Valley","Upper Hudson","Hudson Valley","Binghamton"]
[null,null,null,null,null,null,null,null,null,"12759Sullivan","12759",12759,"Zone E - Mohawk Valley","New York State Electric and Gas","Sullivan","Mid-Hudson","Upper Hudson","Mid-Hudson","Mid-Hudson",null,"Zone E - Mohawk Valley","Upper Hudson","Hudson Valley","Binghamton"]
[null,null,null,null,null,null,null,null,null,"12760Sullivan","12760",12760,"Zone E - Mohawk Valley","New York State Electric and Gas","Sullivan","Mid-Hudson","Upper Hudson","Mid-Hudson","Mid-Hudson",null,"Zone E - Mohawk Valley","Upper Hudson","Hudson Valley","Binghamton"]
[null,null,null,null,null,null,null,null,null,"12762Sullivan","12762",12762,"Zone E - Mohawk Valley","New York State Electric and Gas","Sullivan","Mid-Hudson","Upper Hudson","Mid-Hudson","Mid-Hudson",null,"Zone E - Mohawk Valley","Upper Hudson","Hudson Valley","Binghamton"]
[null,null,null,null,null,null,null,null,null,"12763Sullivan","12763",12763,"Zone E - Mohawk Valley","New York State Electric and Gas","Sullivan","Mid-Hudson","Upper Hudson","Mid-Hudson","Mid-Hudson",null,"Zone E - Mohawk Valley","Upper Hudson","Hudson Valley","Binghamton"]
[null,null,null,null,null,null,null,null,null,"12764Sullivan","12764",12764,"Zone E - Mohawk Valley","New York State Electric and Gas","Sullivan","Mid-Hudson","Upper Hudson","Mid-Hudson","Mid-Hudson",null,"Zone E - Mohawk Valley","Upper Hudson","Hudson Valley","Binghamton"]
[null,null,null,null,null,null,null,null,null,"12765Sullivan","12765",12765,"Zone E - Mohawk Valley","New York State Electric and Gas","Sullivan","Mid-Hudson","Upper Hudson","Mid-Hudson","Mid-Hudson",null,"Zone E - Mohawk Valley","Upper Hudson","Hudson Valley","Binghamton"]
[null,null,null,null,null,null,null,null,null,"12766Sullivan","12766",12766,"Zone E - Mohawk Valley","New York State Electric and Gas","Sullivan","Mid-Hudson","Upper Hudson","Mid-Hudson","Mid-Hudson",null,"Zone E - Mohawk Valley","Upper Hudson","Hudson Valley","Binghamton"]
[null,null,null,null,null,null,null,null,null,"12767Sullivan","12767",12767,"Zone E - Mohawk Valley","New York State Electric and Gas","Sullivan","Mid-Hudson","Upper Hudson","Mid-Hudson","Mid-Hudson",null,"Zone E - Mohawk Valley","Upper Hudson","Hudson Valley","Binghamton"]
[null,null,null,null,null,null,null,null,null,"12768Sullivan","12768",12768,"Zone E - Mohawk Valley","New York State Electric and Gas","Sullivan","Mid-Hudson","Upper Hudson","Mid-Hudson","Mid-Hudson",null,"Zone E - Mohawk Valley","Upper Hudson","Hudson Valley","Binghamton"]
[null,null,null,null,null,null,null,null,null,"12775Sullivan","12775",12775,"Zone E - Mohawk Valley","New York State Electric and Gas","Sullivan","Mid-Hudson","Upper Hudson","Mid-Hudson","Mid-Hudson",null,"Zone E - Mohawk Valley","Upper Hudson","Hudson Valley","Binghamton"]
[null,null,null,null,null,null,null,null,null,"12778Sullivan","12778",12778,"Zone E - Mohawk Valley","New York State Electric and Gas","Sullivan","Mid-Hudson","Upper Hudson","Mid-Hudson","Mid-Hudson",null,"Zone E - Mohawk Valley","Upper Hudson","Hudson Valley","Binghamton"]
[null,null,null,null,null,null,null,null,null,"12779Sullivan","12779",12779,"Zone E - Mohawk Valley","New York State Electric and Gas","Sullivan","Mid-Hudson","Upper Hudson","Mid-Hudson","Mid-Hudson",null,"Zone E - Mohawk Valley","Upper Hudson","Hudson Valley","Binghamton"]
[null,null,null,null,null,null,null,null,null,"12783Sullivan","12783",12783,"Zone E - Mohawk Valley","New York State Electric and Gas","Sullivan","Mid-Hudson","Upper Hudson","Mid-Hudson","Mid-Hudson",null,"Zone E - Mohawk Valley","Upper Hudson","Hudson Valley","Binghamton"]
[null,null,null,null,null,null,null,null,null,"12784Sullivan","12784",12784,"Zone E - Mohawk Valley","New York State Electric and Gas","Sullivan","Mid-Hudson","Upper Hudson","Mid-Hudson","Mid-Hudson",null,"Zone E - Mohawk Valley","Upper Hudson","Hudson Valley","Binghamton"]
[null,null,null,null,null,null,null,null,null,"12786Sullivan","12786",12786,"Zone E - Mohawk Valley","New York State Electric and Gas","Sullivan","Mid-Hudson","Upper Hudson","Mid-Hudson","Mid-Hudson",null,"Zone E - Mohawk Valley","Upper Hudson","Hudson Valley","Binghamton"]
[null,null,null,null,null,null,null,null,null,"12787Sullivan","12787",12787,"Zone E - Mohawk Valley","New York State Electric and Gas","Sullivan","Mid-Hudson","Upper Hudson","Mid-Hudson","Mid-Hudson",null,"Zone E - Mohawk Valley","Upper Hudson","Hudson Valley","Binghamton"]
[null,null,null,null,null,null,null,null,null,"12788Sullivan","12788",12788,"Zone E - Mohawk Valley","New York State Electric and Gas","Sullivan","Mid-Hudson","Upper Hudson","Mid-Hudson","Mid-Hudson",null,"Zone E - Mohawk Valley","Upper Hudson","Hudson Valley","Binghamton"]
[null,null,null,null,null,null,null,null,null,"12789Sullivan","12789",12789,"Zone E - Mohawk Valley","New York State Electric and Gas","Sullivan","Mid-Hudson","Upper Hudson","Mid-Hudson","Mid-Hudson",null,"Zone E - Mohawk Valley","Upper Hudson","Hudson Valley","Binghamton"]
[null,null,null,null,null,null,null,null,null,"12791Sullivan","12791",12791,"Zone E - Mohawk Valley","New York State Electric and Gas","Sullivan","Mid-Hudson","Upper Hudson","Mid-Hudson","Mid-Hudson",null,"Zone E - Mohawk Valley","Upper Hudson","Hudson Valley","Binghamton"]
[null,null,null,null,null,null,null,null,null,"12777Sullivan","12777",12777,"Zone E - Mohawk Valley","Orange and Rockland","Sullivan","Mid-Hudson","Upper Hudson","Mid-Hudson","Mid-Hudson",null,"Zone E - Mohawk Valley","Upper Hudson","Hudson Valley","Binghamton"]
[null,null,null,null,null,null,null,null,null,"12790Sullivan","12790",12790,"Zone E - Mohawk Valley","Orange and Rockland","Sullivan","Mid-Hudson","Upper Hudson","Mid-Hudson","Mid-Hudson",null,"Zone E - Mohawk Valley","Upper Hudson","Hudson Valley","Binghamton"]
[null,null,null,null,null,null,null,null,null,"12719Sullivan","12719",12719,"Zone G - Hudson Valley","New York State Electric and Gas","Sullivan","Mid-Hudson","Upper Hudson","Mid-Hudson","Mid-Hudson",null,"Zone G - Hudson Valley","Upper Hudson","Hudson Valley","Poughkeepsie"]
[null,null,null,null,null,null,null,null,null,"12732Sullivan","12732",12732,"Zone G - Hudson Valley","New York State Electric and Gas","Sullivan","Mid-Hudson","Upper Hudson","Mid-Hudson","Mid-Hudson",null,"Zone G - Hudson Valley","Upper Hudson","Hudson Valley","Binghamton"]
[null,null,null,null,null,null,null,null,null,"12743Sullivan","12743",12743,"Zone G - Hudson Valley","New York State Electric and Gas","Sullivan","Mid-Hudson","Upper Hudson","Mid-Hudson","Mid-Hudson",null,"Zone G - Hudson Valley","Upper Hudson","Hudson Valley","Binghamton"]
[null,null,null,null,null,null,null,null,null,"12792Sullivan","12792",12792,"Zone G - Hudson Valley","New York State Electric and Gas","Sullivan","Mid-Hudson","Upper Hudson","Mid-Hudson","Mid-Hudson",null,"Zone G - Hudson Valley","Upper Hudson","Hudson Valley","Binghamton"]
[null,null,null,null,null,null,null,null,null,"12721Sullivan","12721",12721,"Zone G - Hudson Valley","Orange and Rockland","Sullivan","Mid-Hudson","Upper Hudson","Mid-Hudson","Mid-Hudson",null,"Zone G - Hudson Valley","Upper Hudson","Hudson Valley","Poughkeepsie"]
[null,null,null,null,null,null,null,null,null,"12722Sullivan","12722",12722,"Zone G - Hudson Valley","Orange and Rockland","Sullivan","Mid-Hudson","Upper Hudson","Mid-Hudson","Mid-Hudson",null,"Zone G - Hudson Valley","Upper Hudson","Hudson Valley","Poughkeepsie"]
[null,null,null,null,null,null,null,null,null,"12737Sullivan","12737",12737,"Zone G - Hudson Valley","Orange and Rockland","Sullivan","Mid-Hudson","Upper Hudson","Mid-Hudson","Mid-Hudson",null,"Zone G - Hudson Valley","Upper Hudson","Hudson Valley","Binghamton"]
[null,null,null,null,null,null,null,null,null,"12769Sullivan","12769",12769,"Zone G - Hudson Valley","Orange and Rockland","Sullivan","Mid-Hudson","Upper Hudson","Mid-Hudson","Mid-Hudson",null,"Zone G - Hudson Valley","Upper Hudson","Hudson Valley","Poughkeepsie"]
[null,null,null,null,null,null,null,null,null,"12770Sullivan","12770",12770,"Zone G - Hudson Valley","Orange and Rockland","Sullivan","Mid-Hudson","Upper Hudson","Mid-Hudson","Mid-Hudson",null,"Zone G - Hudson Valley","Upper Hudson","Hudson Valley","Poughkeepsie"]
[null,null,null,null,null,null,null,null,null,"12781Sullivan","12781",12781,"Zone G - Hudson Valley","Orange and Rockland","Sullivan","Mid-Hudson","Upper Hudson","Mid-Hudson","Mid-Hudson",null,"Zone G - Hudson Valley","Upper Hudson","Hudson Valley","Poughkeepsie"]
[null,null,null,null,null,null,null,null,null,"13743Tioga","13743",13743,"Zone C - Central","New York State Electric and Gas","Tioga","Southern Tier","Central","Central","Central",null,"Zone C - Central","Central","Central Region","Binghamton"]
[null,null,null,null,null,null,null,null,null,"13864Tioga","13864",13864,"Zone C - Central","New York State Electric and Gas","Tioga","Southern Tier","Central","Central","Central",null,"Zone C - Central","Central","Central Region","Binghamton"]
[null,null,null,null,null,null,null,null,null,"14859Tioga","14859",14859,"Zone C - Central","New York State Electric and Gas","Tioga","Southern Tier","Central","Central","Central",null,"Zone C - Central","Central","Central Region","Binghamton"]
[null,null,null,null,null,null,null,null,null,"14883Tioga","14883",14883,"Zone C - Central","New York State Electric and Gas","Tioga","Southern Tier","Central","Central","Central",null,"Zone C - Central","Central","Central Region","Binghamton"]
[null,null,null,null,null,null,null,null,null,"13732Tioga","13732",13732,"Zone C - Central","New York State Electric and Gas","Tioga","Southern Tier","Central","Central","Central",null,"Zone C - Central","Central","Central Region","Binghamton"]
[null,null,null,null,null,null,null,null,null,"13734Tioga","13734",13734,"Zone C - Central","New York State Electric and Gas","Tioga","Southern Tier","Central","Central","Central",null,"Zone C - Central","Central","Central Region","Binghamton"]
[null,null,null,null,null,null,null,null,null,"13736Tioga","13736",13736,"Zone C - Central","New York State Electric and Gas","Tioga","Southern Tier","Central","Central","Central",null,"Zone C - Central","Central","Central Region","Binghamton"]
[null,null,null,null,null,null,null,null,null,"13811Tioga","13811",13811,"Zone C - Central","New York State Electric and Gas","Tioga","Southern Tier","Central","Central","Central",null,"Zone C - Central","Central","Central Region","Binghamton"]
[null,null,null,null,null,null,null,null,null,"13812Tioga","13812",13812,"Zone C - Central","New York State Electric and Gas","Tioga","Southern Tier","Central","Central","Central",null,"Zone C - Central","Central","Central Region","Binghamton"]
[null,null,null,null,null,null,null,null,null,"13827Tioga","13827",13827,"Zone C - Central","New York State Electric and Gas","Tioga","Southern Tier","Central","Central","Central",null,"Zone C - Central","Central","Central Region","Binghamton"]
[null,null,null,null,null,null,null,null,null,"13835Tioga","13835",13835,"Zone C - Central","New York State Electric and Gas","Tioga","Southern Tier","Central","Central","Central",null,"Zone C - Central","Central","Central Region","Binghamton"]
[null,null,null,null,null,null,null,null,null,"13840Tioga","13840",13840,"Zone C - Central","New York State Electric and Gas","Tioga","Southern Tier","Central","Central","Central",null,"Zone C - Central","Central","Central Region","Binghamton"]
[null,null,null,null,null,null,null,null,null,"13845Tioga","13845",13845,"Zone C - Central","New York State Electric and Gas","Tioga","Southern Tier","Central","Central","Central",null,"Zone C - Central","Central","Central Region","Binghamton"]
[null,null,null,null,null,null,null,null,null,"14892Tioga","14892",14892,"Zone C - Central","Municipal Utilities","Tioga","Southern Tier","Central","Central","Central",null,"Zone C - Central","Central","Central Region","Binghamton"]
[null,null,null,null,null,null,null,null,null,"13073Tompkins","13073",13073,"Zone C - Central","Municipal Utilities","Tompkins","Southern Tier","Central","Central","Central",null,"Zone C - Central","Central","Central Region","Binghamton"]
[null,null,null,null,null,null,null,null,null,"13053Tompkins","13053",13053,"Zone C - Central","New York State Electric and Gas","Tompkins","Southern Tier","Central","Central","Central",null,"Zone C - Central","Central","Central Region","Binghamton"]
[null,null,null,null,null,null,null,null,null,"13062Tompkins","13062",13062,"Zone C - Central","New York State Electric and Gas","Tompkins","Southern Tier","Central","Central","Central",null,"Zone C - Central","Central","Central Region","Binghamton"]
[null,null,null,null,null,null,null,null,null,"13068Tompkins","13068",13068,"Zone C - Central","New York State Electric and Gas","Tompkins","Southern Tier","Central","Central","Central",null,"Zone C - Central","Central","Central Region","Binghamton"]
[null,null,null,null,null,null,null,null,null,"13102Tompkins","13102",13102,"Zone C - Central","New York State Electric and Gas","Tompkins","Southern Tier","Central","Central","Central",null,"Zone C - Central","Central","Central Region","Binghamton"]
[null,null,null,null,null,null,null,null,null,"14817Tompkins","14817",14817,"Zone C - Central","New York State Electric and Gas","Tompkins","Southern Tier","Central","Central","Central",null,"Zone C - Central","Central","Central Region","Binghamton"]
[null,null,null,null,null,null,null,null,null,"14850Tompkins","14850",14850,"Zone C - Central","New York State Electric and Gas","Tompkins","Southern Tier","Central","Central","Central",null,"Zone C - Central","Central","Central Region","Binghamton"]
[null,null,null,null,null,null,null,null,null,"14851Tompkins","14851",14851,"Zone C - Central","New York State Electric and Gas","Tompkins","Southern Tier","Central","Central","Central",null,"Zone C - Central","Central","Central Region","Binghamton"]
[null,null,null,null,null,null,null,null,null,"14852Tompkins","14852",14852,"Zone C - Central","New York State Electric and Gas","Tompkins","Southern Tier","Central","Central","Central",null,"Zone C - Central","Central","Central Region","Binghamton"]
[null,null,null,null,null,null,null,null,null,"14853Tompkins","14853",14853,"Zone C - Central","New York State Electric and Gas","Tompkins","Southern Tier","Central","Central","Central",null,"Zone C - Central","Central","Central Region","Binghamton"]
[null,null,null,null,null,null,null,null,null,"14854Tompkins","14854",14854,"Zone C - Central","New York State Electric and Gas","Tompkins","Southern Tier","Central","Central","Central",null,"Zone C - Central","Central","Central Region","Binghamton"]
[null,null,null,null,null,null,null,null,null,"14867Tompkins","14867",14867,"Zone C - Central","New York State Electric and Gas","Tompkins","Southern Tier","Central","Central","Central",null,"Zone C - Central","Central","Central Region","Binghamton"]
[null,null,null,null,null,null,null,null,null,"14881Tompkins","14881",14881,"Zone C - Central","New York State Electric and Gas","Tompkins","Southern Tier","Central","Central","Central",null,"Zone C - Central","Central","Central Region","Binghamton"]
[null,null,null,null,null,null,null,null,null,"14882Tompkins","14882",14882,"Zone C - Central","New York State Electric and Gas","Tompkins","Southern Tier","Central","Central","Central",null,"Zone C - Central","Central","Central Region","Binghamton"]
[null,null,null,null,null,null,null,null,null,"14886Tompkins","14886",14886,"Zone C - Central","New York State Electric and Gas","Tompkins","Southern Tier","Central","Central","Central",null,"Zone C - Central","Central","Central Region","Binghamton"]
[null,null,null,null,null,null,null,null,null,"12410Ulster","12410",12410,"Zone E - Mohawk Valley","New York State Electric and Gas","Ulster","Mid-Hudson","Upper Hudson","Mid-Hudson","Mid-Hudson",null,"Zone E - Mohawk Valley","Upper Hudson","Hudson Valley","Binghamton"]
[null,null,null,null,null,null,null,null,null,"12441Ulster","12441",12441,"Zone E - Mohawk Valley","New York State Electric and Gas","Ulster","Mid-Hudson","Upper Hudson","Mid-Hudson","Mid-Hudson",null,"Zone E - Mohawk Valley","Upper Hudson","Hudson Valley","Binghamton"]
[null,null,null,null,null,null,null,null,null,"12465Ulster","12465",12465,"Zone E - Mohawk Valley","New York State Electric and Gas","Ulster","Mid-Hudson","Upper Hudson","Mid-Hudson","Mid-Hudson",null,"Zone E - Mohawk Valley","Upper Hudson","Hudson Valley","Binghamton"]
[null,null,null,null,null,null,null,null,null,"12480Ulster","12480",12480,"Zone E - Mohawk Valley","New York State Electric and Gas","Ulster","Mid-Hudson","Upper Hudson","Mid-Hudson","Mid-Hudson",null,"Zone E - Mohawk Valley","Upper Hudson","Hudson Valley","Binghamton"]
[null,null,null,null,null,null,null,null,null,"12416Ulster","12416",12416,"Zone G - Hudson Valley","New York State Electric and Gas","Ulster","Mid-Hudson","Upper Hudson","Mid-Hudson","Mid-Hudson",null,"Zone G - Hudson Valley","Upper Hudson","Hudson Valley","Binghamton"]
[null,null,null,null,null,null,null,null,null,"12457Ulster","12457",12457,"Zone G - Hudson Valley","New York State Electric and Gas","Ulster","Mid-Hudson","Upper Hudson","Mid-Hudson","Mid-Hudson",null,"Zone G - Hudson Valley","Upper Hudson","Hudson Valley","Binghamton"]
[null,null,null,null,null,null,null,null,null,"12464Ulster","12464",12464,"Zone G - Hudson Valley","New York State Electric and Gas","Ulster","Mid-Hudson","Upper Hudson","Mid-Hudson","Mid-Hudson",null,"Zone G - Hudson Valley","Upper Hudson","Hudson Valley","Binghamton"]
[null,null,null,null,null,null,null,null,null,"12401Ulster","12401",12401,"Zone G - Hudson Valley","Central Hudson Gas and Electric","Ulster","Mid-Hudson","Upper Hudson","Mid-Hudson","Mid-Hudson",null,"Zone G - Hudson Valley","Upper Hudson","Hudson Valley","Poughkeepsie"]
[null,null,null,null,null,null,null,null,null,"12402Ulster","12402",12402,"Zone G - Hudson Valley","Central Hudson Gas and Electric","Ulster","Mid-Hudson","Upper Hudson","Mid-Hudson","Mid-Hudson",null,"Zone G - Hudson Valley","Upper Hudson","Hudson Valley","Poughkeepsie"]
[null,null,null,null,null,null,null,null,null,"12404Ulster","12404",12404,"Zone G - Hudson Valley","Central Hudson Gas and Electric","Ulster","Mid-Hudson","Upper Hudson","Mid-Hudson","Mid-Hudson",null,"Zone G - Hudson Valley","Upper Hudson","Hudson Valley","Poughkeepsie"]
[null,null,null,null,null,null,null,null,null,"12409Ulster","12409",12409,"Zone G - Hudson Valley","Central Hudson Gas and Electric","Ulster","Mid-Hudson","Upper Hudson","Mid-Hudson","Mid-Hudson",null,"Zone G - Hudson Valley","Upper Hudson","Hudson Valley","Albany"]
[null,null,null,null,null,null,null,null,null,"12411Ulster","12411",12411,"Zone G - Hudson Valley","Central Hudson Gas and Electric","Ulster","Mid-Hudson","Upper Hudson","Mid-Hudson","Mid-Hudson",null,"Zone G - Hudson Valley","Upper Hudson","Hudson Valley","Poughkeepsie"]
[null,null,null,null,null,null,null,null,null,"12412Ulster","12412",12412,"Zone G - Hudson Valley","Central Hudson Gas and Electric","Ulster","Mid-Hudson","Upper Hudson","Mid-Hudson","Mid-Hudson",null,"Zone G - Hudson Valley","Upper Hudson","Hudson Valley","Albany"]
[null,null,null,null,null,null,null,null,null,"12417Ulster","12417",12417,"Zone G - Hudson Valley","Central Hudson Gas and Electric","Ulster","Mid-Hudson","Upper Hudson","Mid-Hudson","Mid-Hudson",null,"Zone G - Hudson Valley","Upper Hudson","Hudson Valley","Poughkeepsie"]
[null,null,null,null,null,null,null,null,null,"12419Ulster","12419",12419,"Zone G - Hudson Valley","Central Hudson Gas and Electric","Ulster","Mid-Hudson","Upper Hudson","Mid-Hudson","Mid-Hudson",null,"Zone G - Hudson Valley","Upper Hudson","Hudson Valley","Poughkeepsie"]
[null,null,null,null,null,null,null,null,null,"12420Ulster","12420",12420,"Zone G - Hudson Valley","Central Hudson Gas and Electric","Ulster","Mid-Hudson","Upper Hudson","Mid-Hudson","Mid-Hudson",null,"Zone G - Hudson Valley","Upper Hudson","Hudson Valley","Poughkeepsie"]
[null,null,null,null,null,null,null,null,null,"12428Ulster","12428",12428,"Zone G - Hudson Valley","Central Hudson Gas and Electric","Ulster","Mid-Hudson","Upper Hudson","Mid-Hudson","Mid-Hudson",null,"Zone G - Hudson Valley","Upper Hudson","Hudson Valley","Binghamton"]
[null,null,null,null,null,null,null,null,null,"12429Ulster","12429",12429,"Zone G - Hudson Valley","Central Hudson Gas and Electric","Ulster","Mid-Hudson","Upper Hudson","Mid-Hudson","Mid-Hudson",null,"Zone G - Hudson Valley","Upper Hudson","Hudson Valley","Poughkeepsie"]
[null,null,null,null,null,null,null,null,null,"12432Ulster","12432",12432,"Zone G - Hudson Valley","Central Hudson Gas and Electric","Ulster","Mid-Hudson","Upper Hudson","Mid-Hudson","Mid-Hudson",null,"Zone G - Hudson Valley","Upper Hudson","Hudson Valley","Poughkeepsie"]
[null,null,null,null,null,null,null,null,null,"12433Ulster","12433",12433,"Zone G - Hudson Valley","Central Hudson Gas and Electric","Ulster","Mid-Hudson","Upper Hudson","Mid-Hudson","Mid-Hudson",null,"Zone G - Hudson Valley","Upper Hudson","Hudson Valley","Albany"]
[null,null,null,null,null,null,null,null,null,"12435Ulster","12435",12435,"Zone G - Hudson Valley","Central Hudson Gas and Electric","Ulster","Mid-Hudson","Upper Hudson","Mid-Hudson","Mid-Hudson",null,"Zone G - Hudson Valley","Upper Hudson","Hudson Valley","Binghamton"]
[null,null,null,null,null,null,null,null,null,"12440Ulster","12440",12440,"Zone G - Hudson Valley","Central Hudson Gas and Electric","Ulster","Mid-Hudson","Upper Hudson","Mid-Hudson","Mid-Hudson",null,"Zone G - Hudson Valley","Upper Hudson","Hudson Valley","Poughkeepsie"]
[null,null,null,null,null,null,null,null,null,"12443Ulster","12443",12443,"Zone G - Hudson Valley","Central Hudson Gas and Electric","Ulster","Mid-Hudson","Upper Hudson","Mid-Hudson","Mid-Hudson",null,"Zone G - Hudson Valley","Upper Hudson","Hudson Valley","Poughkeepsie"]
[null,null,null,null,null,null,null,null,null,"12446Ulster","12446",12446,"Zone G - Hudson Valley","Central Hudson Gas and Electric","Ulster","Mid-Hudson","Upper Hudson","Mid-Hudson","Mid-Hudson",null,"Zone G - Hudson Valley","Upper Hudson","Hudson Valley","Poughkeepsie"]
[null,null,null,null,null,null,null,null,null,"12448Ulster","12448",12448,"Zone G - Hudson Valley","Central Hudson Gas and Electric","Ulster","Mid-Hudson","Upper Hudson","Mid-Hudson","Mid-Hudson",null,"Zone G - Hudson Valley","Upper Hudson","Hudson Valley","Albany"]
[null,null,null,null,null,null,null,null,null,"12449Ulster","12449",12449,"Zone G - Hudson Valley","Central Hudson Gas and Electric","Ulster","Mid-Hudson","Upper Hudson","Mid-Hudson","Mid-Hudson",null,"Zone G - Hudson Valley","Upper Hudson","Hudson Valley","Poughkeepsie"]
[null,null,null,null,null,null,null,null,null,"12453Ulster","12453",12453,"Zone G - Hudson Valley","Central Hudson Gas and Electric","Ulster","Mid-Hudson","Upper Hudson","Mid-Hudson","Mid-Hudson",null,"Zone G - Hudson Valley","Upper Hudson","Hudson Valley","Albany"]
[null,null,null,null,null,null,null,null,null,"12456Ulster","12456",12456,"Zone G - Hudson Valley","Central Hudson Gas and Electric","Ulster","Mid-Hudson","Upper Hudson","Mid-Hudson","Mid-Hudson",null,"Zone G - Hudson Valley","Upper Hudson","Hudson Valley","Poughkeepsie"]
[null,null,null,null,null,null,null,null,null,"12458Ulster","12458",12458,"Zone G - Hudson Valley","Central Hudson Gas and Electric","Ulster","Mid-Hudson","Upper Hudson","Mid-Hudson","Mid-Hudson",null,"Zone G - Hudson Valley","Upper Hudson","Hudson Valley","Binghamton"]
[null,null,null,null,null,null,null,null,null,"12461Ulster","12461",12461,"Zone G - Hudson Valley","Central Hudson Gas and Electric","Ulster","Mid-Hudson","Upper Hudson","Mid-Hudson","Mid-Hudson",null,"Zone G - Hudson Valley","Upper Hudson","Hudson Valley","Albany"]
[null,null,null,null,null,null,null,null,null,"12466Ulster","12466",12466,"Zone G - Hudson Valley","Central Hudson Gas and Electric","Ulster","Mid-Hudson","Upper Hudson","Mid-Hudson","Mid-Hudson",null,"Zone G - Hudson Valley","Upper Hudson","Hudson Valley","Poughkeepsie"]
[null,null,null,null,null,null,null,null,null,"12471Ulster","12471",12471,"Zone G - Hudson Valley","Central Hudson Gas and Electric","Ulster","Mid-Hudson","Upper Hudson","Mid-Hudson","Mid-Hudson",null,"Zone G - Hudson Valley","Upper Hudson","Hudson Valley","Poughkeepsie"]
[null,null,null,null,null,null,null,null,null,"12472Ulster","12472",12472,"Zone G - Hudson Valley","Central Hudson Gas and Electric","Ulster","Mid-Hudson","Upper Hudson","Mid-Hudson","Mid-Hudson",null,"Zone G - Hudson Valley","Upper Hudson","Hudson Valley","Poughkeepsie"]
[null,null,null,null,null,null,null,null,null,"12475Ulster","12475",12475,"Zone G - Hudson Valley","Central Hudson Gas and Electric","Ulster","Mid-Hudson","Upper Hudson","Mid-Hudson","Mid-Hudson",null,"Zone G - Hudson Valley","Upper Hudson","Hudson Valley","Poughkeepsie"]
[null,null,null,null,null,null,null,null,null,"12477Ulster","12477",12477,"Zone G - Hudson Valley","Central Hudson Gas and Electric","Ulster","Mid-Hudson","Upper Hudson","Mid-Hudson","Mid-Hudson",null,"Zone G - Hudson Valley","Upper Hudson","Hudson Valley","Poughkeepsie"]
[null,null,null,null,null,null,null,null,null,"12481Ulster","12481",12481,"Zone G - Hudson Valley","Central Hudson Gas and Electric","Ulster","Mid-Hudson","Upper Hudson","Mid-Hudson","Mid-Hudson",null,"Zone G - Hudson Valley","Upper Hudson","Hudson Valley","Albany"]
[null,null,null,null,null,null,null,null,null,"12483Ulster","12483",12483,"Zone G - Hudson Valley","Central Hudson Gas and Electric","Ulster","Mid-Hudson","Upper Hudson","Mid-Hudson","Mid-Hudson",null,"Zone G - Hudson Valley","Upper Hudson","Hudson Valley","Poughkeepsie"]
[null,null,null,null,null,null,null,null,null,"12484Ulster","12484",12484,"Zone G - Hudson Valley","Central Hudson Gas and Electric","Ulster","Mid-Hudson","Upper Hudson","Mid-Hudson","Mid-Hudson",null,"Zone G - Hudson Valley","Upper Hudson","Hudson Valley","Albany"]
[null,null,null,null,null,null,null,null,null,"12486Ulster","12486",12486,"Zone G - Hudson Valley","Central Hudson Gas and Electric","Ulster","Mid-Hudson","Upper Hudson","Mid-Hudson","Mid-Hudson",null,"Zone G - Hudson Valley","Upper Hudson","Hudson Valley","Poughkeepsie"]
[null,null,null,null,null,null,null,null,null,"12487Ulster","12487",12487,"Zone G - Hudson Valley","Central Hudson Gas and Electric","Ulster","Mid-Hudson","Upper Hudson","Mid-Hudson","Mid-Hudson",null,"Zone G - Hudson Valley","Upper Hudson","Hudson Valley","Poughkeepsie"]
[null,null,null,null,null,null,null,null,null,"12489Ulster","12489",12489,"Zone G - Hudson Valley","Central Hudson Gas and Electric","Ulster","Mid-Hudson","Upper Hudson","Mid-Hudson","Mid-Hudson",null,"Zone G - Hudson Valley","Upper Hudson","Hudson Valley","Poughkeepsie"]
[null,null,null,null,null,null,null,null,null,"12490Ulster","12490",12490,"Zone G - Hudson Valley","Central Hudson Gas and Electric","Ulster","Mid-Hudson","Upper Hudson","Mid-Hudson","Mid-Hudson",null,"Zone G - Hudson Valley","Upper Hudson","Hudson Valley","Albany"]
[null,null,null,null,null,null,null,null,null,"12491Ulster","12491",12491,"Zone G - Hudson Valley","Central Hudson Gas and Electric","Ulster","Mid-Hudson","Upper Hudson","Mid-Hudson","Mid-Hudson",null,"Zone G - Hudson Valley","Upper Hudson","Hudson Valley","Albany"]
[null,null,null,null,null,null,null,null,null,"12493Ulster","12493",12493,"Zone G - Hudson Valley","Central Hudson Gas and Electric","Ulster","Mid-Hudson","Upper Hudson","Mid-Hudson","Mid-Hudson",null,"Zone G - Hudson Valley","Upper Hudson","Hudson Valley","Poughkeepsie"]
[null,null,null,null,null,null,null,null,null,"12494Ulster","12494",12494,"Zone G - Hudson Valley","Central Hudson Gas and Electric","Ulster","Mid-Hudson","Upper Hudson","Mid-Hudson","Mid-Hudson",null,"Zone G - Hudson Valley","Upper Hudson","Hudson Valley","Albany"]
[null,null,null,null,null,null,null,null,null,"12495Ulster","12495",12495,"Zone G - Hudson Valley","Central Hudson Gas and Electric","Ulster","Mid-Hudson","Upper Hudson","Mid-Hudson","Mid-Hudson",null,"Zone G - Hudson Valley","Upper Hudson","Hudson Valley","Albany"]
[null,null,null,null,null,null,null,null,null,"12498Ulster","12498",12498,"Zone G - Hudson Valley","Central Hudson Gas and Electric","Ulster","Mid-Hudson","Upper Hudson","Mid-Hudson","Mid-Hudson",null,"Zone G - Hudson Valley","Upper Hudson","Hudson Valley","Albany"]
[null,null,null,null,null,null,null,null,null,"12566Ulster","12566",12566,"Zone G - Hudson Valley","New York State Electric and Gas","Ulster","Mid-Hudson","Upper Hudson","Mid-Hudson","Mid-Hudson",null,"Zone G - Hudson Valley","Upper Hudson","Hudson Valley","Poughkeepsie"]
[null,null,null,null,null,null,null,null,null,"12588Ulster","12588",12588,"Zone G - Hudson Valley","New York State Electric and Gas","Ulster","Mid-Hudson","Upper Hudson","Mid-Hudson","Mid-Hudson",null,"Zone G - Hudson Valley","Upper Hudson","Hudson Valley","Poughkeepsie"]
[null,null,null,null,null,null,null,null,null,"12515Ulster","12515",12515,"Zone G - Hudson Valley","Central Hudson Gas and Electric","Ulster","Mid-Hudson","Upper Hudson","Mid-Hudson","Mid-Hudson",null,"Zone G - Hudson Valley","Upper Hudson","Hudson Valley","Poughkeepsie"]
[null,null,null,null,null,null,null,null,null,"12525Ulster","12525",12525,"Zone G - Hudson Valley","Central Hudson Gas and Electric","Ulster","Mid-Hudson","Upper Hudson","Mid-Hudson","Mid-Hudson",null,"Zone G - Hudson Valley","Upper Hudson","Hudson Valley","Poughkeepsie"]
[null,null,null,null,null,null,null,null,null,"12528Ulster","12528",12528,"Zone G - Hudson Valley","Central Hudson Gas and Electric","Ulster","Mid-Hudson","Upper Hudson","Mid-Hudson","Mid-Hudson",null,"Zone G - Hudson Valley","Upper Hudson","Hudson Valley","Poughkeepsie"]
[null,null,null,null,null,null,null,null,null,"12542Ulster","12542",12542,"Zone G - Hudson Valley","Central Hudson Gas and Electric","Ulster","Mid-Hudson","Upper Hudson","Mid-Hudson","Mid-Hudson",null,"Zone G - Hudson Valley","Upper Hudson","Hudson Valley","Poughkeepsie"]
[null,null,null,null,null,null,null,null,null,"12547Ulster","12547",12547,"Zone G - Hudson Valley","Central Hudson Gas and Electric","Ulster","Mid-Hudson","Upper Hudson","Mid-Hudson","Mid-Hudson",null,"Zone G - Hudson Valley","Upper Hudson","Hudson Valley","Poughkeepsie"]
[null,null,null,null,null,null,null,null,null,"12548Ulster","12548",12548,"Zone G - Hudson Valley","Central Hudson Gas and Electric","Ulster","Mid-Hudson","Upper Hudson","Mid-Hudson","Mid-Hudson",null,"Zone G - Hudson Valley","Upper Hudson","Hudson Valley","Poughkeepsie"]
[null,null,null,null,null,null,null,null,null,"12561Ulster","12561",12561,"Zone G - Hudson Valley","Central Hudson Gas and Electric","Ulster","Mid-Hudson","Upper Hudson","Mid-Hudson","Mid-Hudson",null,"Zone G - Hudson Valley","Upper Hudson","Hudson Valley","Poughkeepsie"]
[null,null,null,null,null,null,null,null,null,"12568Ulster","12568",12568,"Zone G - Hudson Valley","Central Hudson Gas and Electric","Ulster","Mid-Hudson","Upper Hudson","Mid-Hudson","Mid-Hudson",null,"Zone G - Hudson Valley","Upper Hudson","Hudson Valley","Poughkeepsie"]
[null,null,null,null,null,null,null,null,null,"12589Ulster","12589",12589,"Zone G - Hudson Valley","Central Hudson Gas and Electric","Ulster","Mid-Hudson","Upper Hudson","Mid-Hudson","Mid-Hudson",null,"Zone G - Hudson Valley","Upper Hudson","Hudson Valley","Poughkeepsie"]
[null,null,null,null,null,null,null,null,null,"12801Warren","12801",12801,"Zone F - Capital","National Grid","Warren","Capital Region","North Country","North Country","North Country",null,"Zone F - Capital","North Country","North Country","Albany"]
[null,null,null,null,null,null,null,null,null,"12804Warren","12804",12804,"Zone F - Capital","National Grid","Warren","Capital Region","North Country","North Country","North Country",null,"Zone F - Capital","North Country","North Country","Albany"]
[null,null,null,null,null,null,null,null,null,"12808Warren","12808",12808,"Zone F - Capital","National Grid","Warren","Capital Region","North Country","North Country","North Country",null,"Zone F - Capital","North Country","North Country","Albany"]
[null,null,null,null,null,null,null,null,null,"12810Warren","12810",12810,"Zone F - Capital","National Grid","Warren","Capital Region","North Country","North Country","North Country",null,"Zone F - Capital","North Country","North Country","Albany"]
[null,null,null,null,null,null,null,null,null,"12811Warren","12811",12811,"Zone F - Capital","National Grid","Warren","Capital Region","North Country","North Country","North Country",null,"Zone F - Capital","North Country","North Country","Albany"]
[null,null,null,null,null,null,null,null,null,"12814Warren","12814",12814,"Zone F - Capital","National Grid","Warren","Capital Region","North Country","North Country","North Country",null,"Zone F - Capital","North Country","North Country","Albany"]
[null,null,null,null,null,null,null,null,null,"12815Warren","12815",12815,"Zone F - Capital","National Grid","Warren","Capital Region","North Country","North Country","North Country",null,"Zone F - Capital","North Country","North Country","Albany"]
[null,null,null,null,null,null,null,null,null,"12817Warren","12817",12817,"Zone F - Capital","National Grid","Warren","Capital Region","North Country","North Country","North Country",null,"Zone F - Capital","North Country","North Country","Albany"]
[null,null,null,null,null,null,null,null,null,"12820Warren","12820",12820,"Zone F - Capital","National Grid","Warren","Capital Region","North Country","North Country","North Country",null,"Zone F - Capital","North Country","North Country","Albany"]
[null,null,null,null,null,null,null,null,null,"12824Warren","12824",12824,"Zone F - Capital","National Grid","Warren","Capital Region","North Country","North Country","North Country",null,"Zone F - Capital","North Country","North Country","Albany"]
[null,null,null,null,null,null,null,null,null,"12836Warren","12836",12836,"Zone F - Capital","National Grid","Warren","Capital Region","North Country","North Country","North Country",null,"Zone F - Capital","North Country","North Country","Albany"]
[null,null,null,null,null,null,null,null,null,"12843Warren","12843",12843,"Zone F - Capital","National Grid","Warren","Capital Region","North Country","North Country","North Country",null,"Zone F - Capital","North Country","North Country","Albany"]
[null,null,null,null,null,null,null,null,null,"12845Warren","12845",12845,"Zone F - Capital","National Grid","Warren","Capital Region","North Country","North Country","North Country",null,"Zone F - Capital","North Country","North Country","Albany"]
[null,null,null,null,null,null,null,null,null,"12846Warren","12846",12846,"Zone F - Capital","National Grid","Warren","Capital Region","North Country","North Country","North Country",null,"Zone F - Capital","North Country","North Country","Albany"]
[null,null,null,null,null,null,null,null,null,"12853Warren","12853",12853,"Zone F - Capital","National Grid","Warren","Capital Region","North Country","North Country","North Country",null,"Zone F - Capital","North Country","North Country","Albany"]
[null,null,null,null,null,null,null,null,null,"12856Warren","12856",12856,"Zone F - Capital","National Grid","Warren","Capital Region","North Country","North Country","North Country",null,"Zone F - Capital","North Country","North Country","Albany"]
[null,null,null,null,null,null,null,null,null,"12860Warren","12860",12860,"Zone F - Capital","National Grid","Warren","Capital Region","North Country","North Country","North Country",null,"Zone F - Capital","North Country","North Country","Albany"]
[null,null,null,null,null,null,null,null,null,"12862Warren","12862",12862,"Zone F - Capital","National Grid","Warren","Capital Region","North Country","North Country","North Country",null,"Zone F - Capital","North Country","North Country","Albany"]
[null,null,null,null,null,null,null,null,null,"12874Warren","12874",12874,"Zone F - Capital","National Grid","Warren","Capital Region","North Country","North Country","North Country",null,"Zone F - Capital","North Country","North Country","Albany"]
[null,null,null,null,null,null,null,null,null,"12878Warren","12878",12878,"Zone F - Capital","National Grid","Warren","Capital Region","North Country","North Country","North Country",null,"Zone F - Capital","North Country","North Country","Albany"]
[null,null,null,null,null,null,null,null,null,"12885Warren","12885",12885,"Zone F - Capital","National Grid","Warren","Capital Region","North Country","North Country","North Country",null,"Zone F - Capital","North Country","North Country","Albany"]
[null,null,null,null,null,null,null,null,null,"12886Warren","12886",12886,"Zone F - Capital","National Grid","Warren","Capital Region","North Country","North Country","North Country",null,"Zone F - Capital","North Country","North Country","Albany"]
[null,null,null,null,null,null,null,null,null,"12057Washington","12057",12057,"Zone F - Capital","National Grid","Washington","Capital Region","Capital District","Capital District","Capital District",null,"Zone F - Capital","Capital District","Capital District","Albany"]
[null,null,null,null,null,null,null,null,null,"12809Washington","12809",12809,"Zone F - Capital","National Grid","Washington","Capital Region","Capital District","Capital District","Capital District",null,"Zone F - Capital","Capital District","Capital District","Albany"]
[null,null,null,null,null,null,null,null,null,"12816Washington","12816",12816,"Zone F - Capital","National Grid","Washington","Capital Region","Capital District","Capital District","Capital District",null,"Zone F - Capital","Capital District","Capital District","Albany"]
[null,null,null,null,null,null,null,null,null,"12819Washington","12819",12819,"Zone F - Capital","National Grid","Washington","Capital Region","Capital District","Capital District","Capital District",null,"Zone F - Capital","Capital District","Capital District","Albany"]
[null,null,null,null,null,null,null,null,null,"12821Washington","12821",12821,"Zone F - Capital","National Grid","Washington","Capital Region","Capital District","Capital District","Capital District",null,"Zone F - Capital","Capital District","Capital District","Albany"]
[null,null,null,null,null,null,null,null,null,"12823Washington","12823",12823,"Zone F - Capital","National Grid","Washington","Capital Region","Capital District","Capital District","Capital District",null,"Zone F - Capital","Capital District","Capital District","Albany"]
[null,null,null,null,null,null,null,null,null,"12827Washington","12827",12827,"Zone F - Capital","National Grid","Washington","Capital Region","Capital District","Capital District","Capital District",null,"Zone F - Capital","Capital District","Capital District","Albany"]
[null,null,null,null,null,null,null,null,null,"12828Washington","12828",12828,"Zone F - Capital","National Grid","Washington","Capital Region","Capital District","Capital District","Capital District",null,"Zone F - Capital","Capital District","Capital District","Albany"]
[null,null,null,null,null,null,null,null,null,"12834Washington","12834",12834,"Zone F - Capital","National Grid","Washington","Capital Region","Capital District","Capital District","Capital District",null,"Zone F - Capital","Capital District","Capital District","Albany"]
[null,null,null,null,null,null,null,null,null,"12837Washington","12837",12837,"Zone F - Capital","National Grid","Washington","Capital Region","Capital District","Capital District","Capital District",null,"Zone F - Capital","Capital District","Capital District","Albany"]
[null,null,null,null,null,null,null,null,null,"12838Washington","12838",12838,"Zone F - Capital","National Grid","Washington","Capital Region","Capital District","Capital District","Capital District",null,"Zone F - Capital","Capital District","Capital District","Albany"]
[null,null,null,null,null,null,null,null,null,"12839Washington","12839",12839,"Zone F - Capital","National Grid","Washington","Capital Region","Capital District","Capital District","Capital District",null,"Zone F - Capital","Capital District","Capital District","Albany"]
[null,null,null,null,null,null,null,null,null,"12841Washington","12841",12841,"Zone F - Capital","National Grid","Washington","Capital Region","Capital District","Capital District","Capital District",null,"Zone F - Capital","Capital District","Capital District","Albany"]
[null,null,null,null,null,null,null,null,null,"12844Washington","12844",12844,"Zone F - Capital","National Grid","Washington","Capital Region","Capital District","Capital District","Capital District",null,"Zone F - Capital","Capital District","Capital District","Albany"]
[null,null,null,null,null,null,null,null,null,"12848Washington","12848",12848,"Zone F - Capital","National Grid","Washington","Capital Region","Capital District","Capital District","Capital District",null,"Zone F - Capital","Capital District","Capital District","Albany"]
[null,null,null,null,null,null,null,null,null,"12861Washington","12861",12861,"Zone F - Capital","National Grid","Washington","Capital Region","Capital District","Capital District","Capital District",null,"Zone F - Capital","Capital District","Capital District","Albany"]
[null,null,null,null,null,null,null,null,null,"12887Washington","12887",12887,"Zone F - Capital","National Grid","Washington","Capital Region","Capital District","Capital District","Capital District",null,"Zone F - Capital","Capital District","Capital District","Albany"]
[null,null,null,null,null,null,null,null,null,"12832Washington","12832",12832,"Zone F - Capital","New York State Electric and Gas","Washington","Capital Region","Capital District","Capital District","Capital District",null,"Zone F - Capital","Capital District","Capital District","Albany"]
[null,null,null,null,null,null,null,null,null,"12849Washington","12849",12849,"Zone F - Capital","New York State Electric and Gas","Washington","Capital Region","Capital District","Capital District","Capital District",null,"Zone F - Capital","Capital District","Capital District","Albany"]
[null,null,null,null,null,null,null,null,null,"12854Washington","12854",12854,"Zone F - Capital","New York State Electric and Gas","Washington","Capital Region","Capital District","Capital District","Capital District",null,"Zone F - Capital","Capital District","Capital District","Albany"]
[null,null,null,null,null,null,null,null,null,"12865Washington","12865",12865,"Zone F - Capital","New York State Electric and Gas","Washington","Capital Region","Capital District","Capital District","Capital District",null,"Zone F - Capital","Capital District","Capital District","Albany"]
[null,null,null,null,null,null,null,null,null,"12873Washington","12873",12873,"Zone F - Capital","New York State Electric and Gas","Washington","Capital Region","Capital District","Capital District","Capital District",null,"Zone F - Capital","Capital District","Capital District","Albany"]
[null,null,null,null,null,null,null,null,null,"13143Wayne","13143",13143,"Zone B - Genesee","Rochester Gas and Electric","Wayne","Finger Lakes","Western","Western","Western",null,"Zone B - Genesee","Western","Western Region","Syracuse"]
[null,null,null,null,null,null,null,null,null,"13146Wayne","13146",13146,"Zone B - Genesee","Rochester Gas and Electric","Wayne","Finger Lakes","Western","Western","Western",null,"Zone B - Genesee","Western","Western Region","Syracuse"]
[null,null,null,null,null,null,null,null,null,"13154Wayne","13154",13154,"Zone B - Genesee","Rochester Gas and Electric","Wayne","Finger Lakes","Western","Western","Western",null,"Zone B - Genesee","Western","Western Region","Syracuse"]
[null,null,null,null,null,null,null,null,null,"14413Wayne","14413",14413,"Zone B - Genesee","Rochester Gas and Electric","Wayne","Finger Lakes","Western","Western","Western",null,"Zone B - Genesee","Western","Western Region","Syracuse"]
[null,null,null,null,null,null,null,null,null,"14449Wayne","14449",14449,"Zone B - Genesee","Rochester Gas and Electric","Wayne","Finger Lakes","Western","Western","Western",null,"Zone B - Genesee","Western","Western Region","Syracuse"]
[null,null,null,null,null,null,null,null,null,"14505Wayne","14505",14505,"Zone B - Genesee","Rochester Gas and Electric","Wayne","Finger Lakes","Western","Western","Western",null,"Zone B - Genesee","Western","Western Region","Syracuse"]
[null,null,null,null,null,null,null,null,null,"14516Wayne","14516",14516,"Zone B - Genesee","Rochester Gas and Electric","Wayne","Finger Lakes","Western","Western","Western",null,"Zone B - Genesee","Western","Western Region","Syracuse"]
[null,null,null,null,null,null,null,null,null,"14519Wayne","14519",14519,"Zone B - Genesee","Rochester Gas and Electric","Wayne","Finger Lakes","Western","Western","Western",null,"Zone B - Genesee","Western","Western Region","Syracuse"]
[null,null,null,null,null,null,null,null,null,"14520Wayne","14520",14520,"Zone B - Genesee","Rochester Gas and Electric","Wayne","Finger Lakes","Western","Western","Western",null,"Zone B - Genesee","Western","Western Region","Syracuse"]
[null,null,null,null,null,null,null,null,null,"14538Wayne","14538",14538,"Zone B - Genesee","Rochester Gas and Electric","Wayne","Finger Lakes","Western","Western","Western",null,"Zone B - Genesee","Western","Western Region","Syracuse"]
[null,null,null,null,null,null,null,null,null,"14551Wayne","14551",14551,"Zone B - Genesee","Rochester Gas and Electric","Wayne","Finger Lakes","Western","Western","Western",null,"Zone B - Genesee","Western","Western Region","Syracuse"]
[null,null,null,null,null,null,null,null,null,"14555Wayne","14555",14555,"Zone B - Genesee","Rochester Gas and Electric","Wayne","Finger Lakes","Western","Western","Western",null,"Zone B - Genesee","Western","Western Region","Syracuse"]
[null,null,null,null,null,null,null,null,null,"14563Wayne","14563",14563,"Zone B - Genesee","Rochester Gas and Electric","Wayne","Finger Lakes","Western","Western","Western",null,"Zone B - Genesee","Western","Western Region","Syracuse"]
[null,null,null,null,null,null,null,null,null,"14589Wayne","14589",14589,"Zone B - Genesee","Rochester Gas and Electric","Wayne","Finger Lakes","Western","Western","Western",null,"Zone B - Genesee","Western","Western Region","Syracuse"]
[null,null,null,null,null,null,null,null,null,"14590Wayne","14590",14590,"Zone B - Genesee","Rochester Gas and Electric","Wayne","Finger Lakes","Western","Western","Western",null,"Zone B - Genesee","Western","Western Region","Syracuse"]
[null,null,null,null,null,null,null,null,null,"14502Wayne","14502",14502,"Zone B - Genesee","Rochester Gas and Electric","Wayne","Finger Lakes","Western","Western","Western",null,"Zone B - Genesee","Western","Western Region","Syracuse"]
[null,null,null,null,null,null,null,null,null,"14433Wayne","14433",14433,"Zone B - Genesee","New York State Electric and Gas","Wayne","Finger Lakes","Western","Western","Western",null,"Zone B - Genesee","Western","Western Region","Syracuse"]
[null,null,null,null,null,null,null,null,null,"14489Wayne","14489",14489,"Zone B - Genesee","New York State Electric and Gas","Wayne","Finger Lakes","Western","Western","Western",null,"Zone B - Genesee","Western","Western Region","Syracuse"]
[null,null,null,null,null,null,null,null,null,"14542Wayne","14542",14542,"Zone B - Genesee","New York State Electric and Gas","Wayne","Finger Lakes","Western","Western","Western",null,"Zone B - Genesee","Western","Western Region","Syracuse"]
[null,null,null,null,null,null,null,null,null,"14568Wayne","14568",14568,"Zone B - Genesee","New York State Electric and Gas","Wayne","Finger Lakes","Western","Western","Western",null,"Zone B - Genesee","Western","Western Region","Syracuse"]
[null,null,null,null,null,null,null,null,null,"14513Wayne","14513",14513,"Zone C - Central","New York State Electric and Gas","Wayne","Finger Lakes","Western","Western","Western",null,"Zone C - Central","Western","Western Region","Syracuse"]
[null,null,null,null,null,null,null,null,null,"14522Wayne","14522",14522,"Zone C - Central","New York State Electric and Gas","Wayne","Finger Lakes","Western","Western","Western",null,"Zone C - Central","Western","Western Region","Syracuse"]
[null,null,null,null,null,null,null,null,null,"10518Westchester","10518",10518,"Zone G - Hudson Valley","New York State Electric and Gas","Westchester","Mid-Hudson","Lower Hudson","Mid-Hudson","Mid-Hudson","ConEd Westchester","Zone G - Hudson Valley","Lower Hudson","Hudson Valley","Poughkeepsie"]
[null,null,null,null,null,null,null,null,null,"10519Westchester","10519",10519,"Zone G - Hudson Valley","New York State Electric and Gas","Westchester","Mid-Hudson","Lower Hudson","Mid-Hudson","Mid-Hudson","ConEd Westchester","Zone G - Hudson Valley","Lower Hudson","Hudson Valley","Poughkeepsie"]
[null,null,null,null,null,null,null,null,null,"10526Westchester","10526",10526,"Zone G - Hudson Valley","New York State Electric and Gas","Westchester","Mid-Hudson","Lower Hudson","Mid-Hudson","Mid-Hudson","ConEd Westchester","Zone G - Hudson Valley","Lower Hudson","Hudson Valley","Poughkeepsie"]
[null,null,null,null,null,null,null,null,null,"10560Westchester","10560",10560,"Zone G - Hudson Valley","New York State Electric and Gas","Westchester","Mid-Hudson","Lower Hudson","Mid-Hudson","Mid-Hudson","ConEd Westchester","Zone G - Hudson Valley","Lower Hudson","Hudson Valley","Poughkeepsie"]
[null,null,null,null,null,null,null,null,null,"10576Westchester","10576",10576,"Zone G - Hudson Valley","New York State Electric and Gas","Westchester","Mid-Hudson","Lower Hudson","Mid-Hudson","Mid-Hudson","ConEd Westchester","Zone G - Hudson Valley","Lower Hudson","Hudson Valley","Poughkeepsie"]
[null,null,null,null,null,null,null,null,null,"10590Westchester","10590",10590,"Zone G - Hudson Valley","New York State Electric and Gas","Westchester","Mid-Hudson","Lower Hudson","Mid-Hudson","Mid-Hudson","ConEd Westchester","Zone G - Hudson Valley","Lower Hudson","Hudson Valley","Poughkeepsie"]
[null,null,null,null,null,null,null,null,null,"10597Westchester","10597",10597,"Zone G - Hudson Valley","New York State Electric and Gas","Westchester","Mid-Hudson","Lower Hudson","Mid-Hudson","Mid-Hudson","ConEd Westchester","Zone G - Hudson Valley","Lower Hudson","Hudson Valley","Poughkeepsie"]
[null,null,null,null,null,null,null,null,null,"10501Westchester","10501",10501,"Zone H - Millwood","New York State Electric and Gas","Westchester","Mid-Hudson","Lower Hudson","Mid-Hudson","Mid-Hudson","ConEd Westchester","Zone H - Millwood","Lower Hudson","Hudson Valley","Poughkeepsie"]
[null,null,null,null,null,null,null,null,null,"10505Westchester","10505",10505,"Zone H - Millwood","New York State Electric and Gas","Westchester","Mid-Hudson","Lower Hudson","Mid-Hudson","Mid-Hudson","ConEd Westchester","Zone H - Millwood","Lower Hudson","Hudson Valley","Poughkeepsie"]
[null,null,null,null,null,null,null,null,null,"10506Westchester","10506",10506,"Zone H - Millwood","New York State Electric and Gas","Westchester","Mid-Hudson","Lower Hudson","Mid-Hudson","Mid-Hudson","ConEd Westchester","Zone H - Millwood","Lower Hudson","Hudson Valley","Poughkeepsie"]
[null,null,null,null,null,null,null,null,null,"10507Westchester","10507",10507,"Zone H - Millwood","New York State Electric and Gas","Westchester","Mid-Hudson","Lower Hudson","Mid-Hudson","Mid-Hudson","ConEd Westchester","Zone H - Millwood","Lower Hudson","Hudson Valley","Poughkeepsie"]
[null,null,null,null,null,null,null,null,null,"10527Westchester","10527",10527,"Zone H - Millwood","New York State Electric and Gas","Westchester","Mid-Hudson","Lower Hudson","Mid-Hudson","Mid-Hudson","ConEd Westchester","Zone H - Millwood","Lower Hudson","Hudson Valley","Poughkeepsie"]
[null,null,null,null,null,null,null,null,null,"10535Westchester","10535",10535,"Zone H - Millwood","New York State Electric and Gas","Westchester","Mid-Hudson","Lower Hudson","Mid-Hudson","Mid-Hudson","ConEd Westchester","Zone H - Millwood","Lower Hudson","Hudson Valley","Poughkeepsie"]
[null,null,null,null,null,null,null,null,null,"10536Westchester","10536",10536,"Zone H - Millwood","New York State Electric and Gas","Westchester","Mid-Hudson","Lower Hudson","Mid-Hudson","Mid-Hudson","ConEd Westchester","Zone H - Millwood","Lower Hudson","Hudson Valley","Poughkeepsie"]
[null,null,null,null,null,null,null,null,null,"10540Westchester","10540",10540,"Zone H - Millwood","New York State Electric and Gas","Westchester","Mid-Hudson","Lower Hudson","Mid-Hudson","Mid-Hudson","ConEd Westchester","Zone H - Millwood","Lower Hudson","Hudson Valley","Poughkeepsie"]
[null,null,null,null,null,null,null,null,null,"10587Westchester","10587",10587,"Zone H - Millwood","New York State Electric and Gas","Westchester","Mid-Hudson","Lower Hudson","Mid-Hudson","Mid-Hudson","ConEd Westchester","Zone H - Millwood","Lower Hudson","Hudson Valley","Poughkeepsie"]
[null,null,null,null,null,null,null,null,null,"10589Westchester","10589",10589,"Zone H - Millwood","New York State Electric and Gas","Westchester","Mid-Hudson","Lower Hudson","Mid-Hudson","Mid-Hudson","ConEd Westchester","Zone H - Millwood","Lower Hudson","Hudson Valley","Poughkeepsie"]
[null,null,null,null,null,null,null,null,null,"10598Westchester","10598",10598,"Zone H - Millwood","New York State Electric and Gas","Westchester","Mid-Hudson","Lower Hudson","Mid-Hudson","Mid-Hudson","ConEd Westchester","Zone H - Millwood","Lower Hudson","Hudson Valley","Poughkeepsie"]
[null,null,null,null,null,null,null,null,null,"10510Westchester","10510",10510,"Zone H - Millwood","Consolidated Edison","Westchester","Mid-Hudson","Lower Hudson","Mid-Hudson","Mid-Hudson","ConEd Westchester","Zone H - Millwood","Lower Hudson","Hudson Valley","New York"]
[null,null,null,null,null,null,null,null,null,"10511Westchester","10511",10511,"Zone H - Millwood","Consolidated Edison","Westchester","Mid-Hudson","Lower Hudson","Mid-Hudson","Mid-Hudson","ConEd Westchester","Zone H - Millwood","Lower Hudson","Hudson Valley","New York"]
[null,null,null,null,null,null,null,null,null,"10514Westchester","10514",10514,"Zone H - Millwood","Consolidated Edison","Westchester","Mid-Hudson","Lower Hudson","Mid-Hudson","Mid-Hudson","ConEd Westchester","Zone H - Millwood","Lower Hudson","Hudson Valley","Poughkeepsie"]
[null,null,null,null,null,null,null,null,null,"10517Westchester","10517",10517,"Zone H - Millwood","Consolidated Edison","Westchester","Mid-Hudson","Lower Hudson","Mid-Hudson","Mid-Hudson","ConEd Westchester","Zone H - Millwood","Lower Hudson","Hudson Valley","Poughkeepsie"]
[null,null,null,null,null,null,null,null,null,"10520Westchester","10520",10520,"Zone H - Millwood","Consolidated Edison","Westchester","Mid-Hudson","Lower Hudson","Mid-Hudson","Mid-Hudson","ConEd Westchester","Zone H - Millwood","Lower Hudson","Hudson Valley","New York"]
[null,null,null,null,null,null,null,null,null,"10521Westchester","10521",10521,"Zone H - Millwood","Consolidated Edison","Westchester","Mid-Hudson","Lower Hudson","Mid-Hudson","Mid-Hudson","ConEd Westchester","Zone H - Millwood","Lower Hudson","Hudson Valley","New York"]
[null,null,null,null,null,null,null,null,null,"10545Westchester","10545",10545,"Zone H - Millwood","Consolidated Edison","Westchester","Mid-Hudson","Lower Hudson","Mid-Hudson","Mid-Hudson","ConEd Westchester","Zone H - Millwood","Lower Hudson","Hudson Valley","New York"]
[null,null,null,null,null,null,null,null,null,"10546Westchester","10546",10546,"Zone H - Millwood","Consolidated Edison","Westchester","Mid-Hudson","Lower Hudson","Mid-Hudson","Mid-Hudson","ConEd Westchester","Zone H - Millwood","Lower Hudson","Hudson Valley","Poughkeepsie"]
[null,null,null,null,null,null,null,null,null,"10547Westchester","10547",10547,"Zone H - Millwood","Consolidated Edison","Westchester","Mid-Hudson","Lower Hudson","Mid-Hudson","Mid-Hudson","ConEd Westchester","Zone H - Millwood","Lower Hudson","Hudson Valley","Poughkeepsie"]
[null,null,null,null,null,null,null,null,null,"10548Westchester","10548",10548,"Zone H - Millwood","Consolidated Edison","Westchester","Mid-Hudson","Lower Hudson","Mid-Hudson","Mid-Hudson","ConEd Westchester","Zone H - Millwood","Lower Hudson","Hudson Valley","New York"]
[null,null,null,null,null,null,null,null,null,"10549Westchester","10549",10549,"Zone H - Millwood","Consolidated Edison","Westchester","Mid-Hudson","Lower Hudson","Mid-Hudson","Mid-Hudson","ConEd Westchester","Zone H - Millwood","Lower Hudson","Hudson Valley","Poughkeepsie"]
[null,null,null,null,null,null,null,null,null,"10562Westchester","10562",10562,"Zone H - Millwood","Consolidated Edison","Westchester","Mid-Hudson","Lower Hudson","Mid-Hudson","Mid-Hudson","ConEd Westchester","Zone H - Millwood","Lower Hudson","Hudson Valley","Poughkeepsie"]
[null,null,null,null,null,null,null,null,null,"10566Westchester","10566",10566,"Zone H - Millwood","Consolidated Edison","Westchester","Mid-Hudson","Lower Hudson","Mid-Hudson","Mid-Hudson","ConEd Westchester","Zone H - Millwood","Lower Hudson","Hudson Valley","New York"]
[null,null,null,null,null,null,null,null,null,"10567Westchester","10567",10567,"Zone H - Millwood","Consolidated Edison","Westchester","Mid-Hudson","Lower Hudson","Mid-Hudson","Mid-Hudson","ConEd Westchester","Zone H - Millwood","Lower Hudson","Hudson Valley","Poughkeepsie"]
[null,null,null,null,null,null,null,null,null,"10588Westchester","10588",10588,"Zone H - Millwood","Consolidated Edison","Westchester","Mid-Hudson","Lower Hudson","Mid-Hudson","Mid-Hudson","ConEd Westchester","Zone H - Millwood","Lower Hudson","Hudson Valley","Poughkeepsie"]
[null,null,null,null,null,null,null,null,null,"10596Westchester","10596",10596,"Zone H - Millwood","Consolidated Edison","Westchester","Mid-Hudson","Lower Hudson","Mid-Hudson","Mid-Hudson","ConEd Westchester","Zone H - Millwood","Lower Hudson","Hudson Valley","New York"]
[null,null,null,null,null,null,null,null,null,"10502Westchester","10502",10502,"Zone I - Dunwoodie","Consolidated Edison","Westchester","Mid-Hudson","Lower Hudson","Mid-Hudson","Mid-Hudson","ConEd Westchester","Zone I - Dunwoodie","Lower Hudson","Hudson Valley","New York"]
[null,null,null,null,null,null,null,null,null,"10503Westchester","10503",10503,"Zone I - Dunwoodie","Consolidated Edison","Westchester","Mid-Hudson","Lower Hudson","Mid-Hudson","Mid-Hudson","ConEd Westchester","Zone I - Dunwoodie","Lower Hudson","Hudson Valley","New York"]
[null,null,null,null,null,null,null,null,null,"10504Westchester","10504",10504,"Zone I - Dunwoodie","Consolidated Edison","Westchester","Mid-Hudson","Lower Hudson","Mid-Hudson","Mid-Hudson","ConEd Westchester","Zone I - Dunwoodie","Lower Hudson","Hudson Valley","Poughkeepsie"]
[null,null,null,null,null,null,null,null,null,"10522Westchester","10522",10522,"Zone I - Dunwoodie","Consolidated Edison","Westchester","Mid-Hudson","Lower Hudson","Mid-Hudson","Mid-Hudson","ConEd Westchester","Zone I - Dunwoodie","Lower Hudson","Hudson Valley","New York"]
[null,null,null,null,null,null,null,null,null,"10523Westchester","10523",10523,"Zone I - Dunwoodie","Consolidated Edison","Westchester","Mid-Hudson","Lower Hudson","Mid-Hudson","Mid-Hudson","ConEd Westchester","Zone I - Dunwoodie","Lower Hudson","Hudson Valley","New York"]
[null,null,null,null,null,null,null,null,null,"10528Westchester","10528",10528,"Zone I - Dunwoodie","Consolidated Edison","Westchester","Mid-Hudson","Lower Hudson","Mid-Hudson","Mid-Hudson","ConEd Westchester","Zone I - Dunwoodie","Lower Hudson","Hudson Valley","New York"]
[null,null,null,null,null,null,null,null,null,"10530Westchester","10530",10530,"Zone I - Dunwoodie","Consolidated Edison","Westchester","Mid-Hudson","Lower Hudson","Mid-Hudson","Mid-Hudson","ConEd Westchester","Zone I - Dunwoodie","Lower Hudson","Hudson Valley","New York"]
[null,null,null,null,null,null,null,null,null,"10532Westchester","10532",10532,"Zone I - Dunwoodie","Consolidated Edison","Westchester","Mid-Hudson","Lower Hudson","Mid-Hudson","Mid-Hudson","ConEd Westchester","Zone I - Dunwoodie","Lower Hudson","Hudson Valley","New York"]
[null,null,null,null,null,null,null,null,null,"10533Westchester","10533",10533,"Zone I - Dunwoodie","Consolidated Edison","Westchester","Mid-Hudson","Lower Hudson","Mid-Hudson","Mid-Hudson","ConEd Westchester","Zone I - Dunwoodie","Lower Hudson","Hudson Valley","New York"]
[null,null,null,null,null,null,null,null,null,"10538Westchester","10538",10538,"Zone I - Dunwoodie","Consolidated Edison","Westchester","Mid-Hudson","Lower Hudson","Mid-Hudson","Mid-Hudson","ConEd Westchester","Zone I - Dunwoodie","Lower Hudson","Hudson Valley","New York"]
[null,null,null,null,null,null,null,null,null,"10543Westchester","10543",10543,"Zone I - Dunwoodie","Consolidated Edison","Westchester","Mid-Hudson","Lower Hudson","Mid-Hudson","Mid-Hudson","ConEd Westchester","Zone I - Dunwoodie","Lower Hudson","Hudson Valley","New York"]
[null,null,null,null,null,null,null,null,null,"10550Westchester","10550",10550,"Zone I - Dunwoodie","Consolidated Edison","Westchester","Mid-Hudson","Lower Hudson","Mid-Hudson","Mid-Hudson","ConEd Westchester","Zone I - Dunwoodie","Lower Hudson","Hudson Valley","New York"]
[null,null,null,null,null,null,null,null,null,"10551Westchester","10551",10551,"Zone I - Dunwoodie","Consolidated Edison","Westchester","Mid-Hudson","Lower Hudson","Mid-Hudson","Mid-Hudson","ConEd Westchester","Zone I - Dunwoodie","Lower Hudson","Hudson Valley","New York"]
[null,null,null,null,null,null,null,null,null,"10552Westchester","10552",10552,"Zone I - Dunwoodie","Consolidated Edison","Westchester","Mid-Hudson","Lower Hudson","Mid-Hudson","Mid-Hudson","ConEd Westchester","Zone I - Dunwoodie","Lower Hudson","Hudson Valley","New York"]
[null,null,null,null,null,null,null,null,null,"10553Westchester","10553",10553,"Zone I - Dunwoodie","Consolidated Edison","Westchester","Mid-Hudson","Lower Hudson","Mid-Hudson","Mid-Hudson","ConEd Westchester","Zone I - Dunwoodie","Lower Hudson","Hudson Valley","New York"]
[null,null,null,null,null,null,null,null,null,"10570Westchester","10570",10570,"Zone I - Dunwoodie","Consolidated Edison","Westchester","Mid-Hudson","Lower Hudson","Mid-Hudson","Mid-Hudson","ConEd Westchester","Zone I - Dunwoodie","Lower Hudson","Hudson Valley","New York"]
[null,null,null,null,null,null,null,null,null,"10573Westchester","10573",10573,"Zone I - Dunwoodie","Consolidated Edison","Westchester","Mid-Hudson","Lower Hudson","Mid-Hudson","Mid-Hudson","ConEd Westchester","Zone I - Dunwoodie","Lower Hudson","Hudson Valley","New York"]
[null,null,null,null,null,null,null,null,null,"10577Westchester","10577",10577,"Zone I - Dunwoodie","Consolidated Edison","Westchester","Mid-Hudson","Lower Hudson","Mid-Hudson","Mid-Hudson","ConEd Westchester","Zone I - Dunwoodie","Lower Hudson","Hudson Valley","New York"]
[null,null,null,null,null,null,null,null,null,"10580Westchester","10580",10580,"Zone I - Dunwoodie","Consolidated Edison","Westchester","Mid-Hudson","Lower Hudson","Mid-Hudson","Mid-Hudson","ConEd Westchester","Zone I - Dunwoodie","Lower Hudson","Hudson Valley","New York"]
[null,null,null,null,null,null,null,null,null,"10583Westchester","10583",10583,"Zone I - Dunwoodie","Consolidated Edison","Westchester","Mid-Hudson","Lower Hudson","Mid-Hudson","Mid-Hudson","ConEd Westchester","Zone I - Dunwoodie","Lower Hudson","Hudson Valley","New York"]
[null,null,null,null,null,null,null,null,null,"10591Westchester","10591",10591,"Zone I - Dunwoodie","Consolidated Edison","Westchester","Mid-Hudson","Lower Hudson","Mid-Hudson","Mid-Hudson","ConEd Westchester","Zone I - Dunwoodie","Lower Hudson","Hudson Valley","New York"]
[null,null,null,null,null,null,null,null,null,"10594Westchester","10594",10594,"Zone I - Dunwoodie","Consolidated Edison","Westchester","Mid-Hudson","Lower Hudson","Mid-Hudson","Mid-Hudson","ConEd Westchester","Zone I - Dunwoodie","Lower Hudson","Hudson Valley","New York"]
[null,null,null,null,null,null,null,null,null,"10595Westchester","10595",10595,"Zone I - Dunwoodie","Consolidated Edison","Westchester","Mid-Hudson","Lower Hudson","Mid-Hudson","Mid-Hudson","ConEd Westchester","Zone I - Dunwoodie","Lower Hudson","Hudson Valley","New York"]
[null,null,null,null,null,null,null,null,null,"10601Westchester","10601",10601,"Zone I - Dunwoodie","Consolidated Edison","Westchester","Mid-Hudson","Lower Hudson","Mid-Hudson","Mid-Hudson","ConEd Westchester","Zone I - Dunwoodie","Lower Hudson","Hudson Valley","New York"]
[null,null,null,null,null,null,null,null,null,"10602Westchester","10602",10602,"Zone I - Dunwoodie","Consolidated Edison","Westchester","Mid-Hudson","Lower Hudson","Mid-Hudson","Mid-Hudson","ConEd Westchester","Zone I - Dunwoodie","Lower Hudson","Hudson Valley","New York"]
[null,null,null,null,null,null,null,null,null,"10603Westchester","10603",10603,"Zone I - Dunwoodie","Consolidated Edison","Westchester","Mid-Hudson","Lower Hudson","Mid-Hudson","Mid-Hudson","ConEd Westchester","Zone I - Dunwoodie","Lower Hudson","Hudson Valley","New York"]
[null,null,null,null,null,null,null,null,null,"10604Westchester","10604",10604,"Zone I - Dunwoodie","Consolidated Edison","Westchester","Mid-Hudson","Lower Hudson","Mid-Hudson","Mid-Hudson","ConEd Westchester","Zone I - Dunwoodie","Lower Hudson","Hudson Valley","New York"]
[null,null,null,null,null,null,null,null,null,"10605Westchester","10605",10605,"Zone I - Dunwoodie","Consolidated Edison","Westchester","Mid-Hudson","Lower Hudson","Mid-Hudson","Mid-Hudson","ConEd Westchester","Zone I - Dunwoodie","Lower Hudson","Hudson Valley","New York"]
[null,null,null,null,null,null,null,null,null,"10606Westchester","10606",10606,"Zone I - Dunwoodie","Consolidated Edison","Westchester","Mid-Hudson","Lower Hudson","Mid-Hudson","Mid-Hudson","ConEd Westchester","Zone I - Dunwoodie","Lower Hudson","Hudson Valley","New York"]
[null,null,null,null,null,null,null,null,null,"10607Westchester","10607",10607,"Zone I - Dunwoodie","Consolidated Edison","Westchester","Mid-Hudson","Lower Hudson","Mid-Hudson","Mid-Hudson","ConEd Westchester","Zone I - Dunwoodie","Lower Hudson","Hudson Valley","New York"]
[null,null,null,null,null,null,null,null,null,"10610Westchester","10610",10610,"Zone I - Dunwoodie","Consolidated Edison","Westchester","Mid-Hudson","Lower Hudson","Mid-Hudson","Mid-Hudson","ConEd Westchester","Zone I - Dunwoodie","Lower Hudson","Hudson Valley","New York"]
[null,null,null,null,null,null,null,null,null,"10701Westchester","10701",10701,"Zone I - Dunwoodie","Consolidated Edison","Westchester","Mid-Hudson","Lower Hudson","Mid-Hudson","Mid-Hudson","ConEd Westchester","Zone I - Dunwoodie","Lower Hudson","Hudson Valley","New York"]
[null,null,null,null,null,null,null,null,null,"10702Westchester","10702",10702,"Zone I - Dunwoodie","Consolidated Edison","Westchester","Mid-Hudson","Lower Hudson","Mid-Hudson","Mid-Hudson","ConEd Westchester","Zone I - Dunwoodie","Lower Hudson","Hudson Valley","New York"]
[null,null,null,null,null,null,null,null,null,"10703Westchester","10703",10703,"Zone I - Dunwoodie","Consolidated Edison","Westchester","Mid-Hudson","Lower Hudson","Mid-Hudson","Mid-Hudson","ConEd Westchester","Zone I - Dunwoodie","Lower Hudson","Hudson Valley","New York"]
[null,null,null,null,null,null,null,null,null,"10704Westchester","10704",10704,"Zone I - Dunwoodie","Consolidated Edison","Westchester","Mid-Hudson","Lower Hudson","Mid-Hudson","Mid-Hudson","ConEd Westchester","Zone I - Dunwoodie","Lower Hudson","Hudson Valley","New York"]
[null,null,null,null,null,null,null,null,null,"10705Westchester","10705",10705,"Zone I - Dunwoodie","Consolidated Edison","Westchester","Mid-Hudson","Lower Hudson","Mid-Hudson","Mid-Hudson","ConEd Westchester","Zone I - Dunwoodie","Lower Hudson","Hudson Valley","New York"]
[null,null,null,null,null,null,null,null,null,"10706Westchester","10706",10706,"Zone I - Dunwoodie","Consolidated Edison","Westchester","Mid-Hudson","Lower Hudson","Mid-Hudson","Mid-Hudson","ConEd Westchester","Zone I - Dunwoodie","Lower Hudson","Hudson Valley","New York"]
[null,null,null,null,null,null,null,null,null,"10707Westchester","10707",10707,"Zone I - Dunwoodie","Consolidated Edison","Westchester","Mid-Hudson","Lower Hudson","Mid-Hudson","Mid-Hudson","ConEd Westchester","Zone I - Dunwoodie","Lower Hudson","Hudson Valley","New York"]
[null,null,null,null,null,null,null,null,null,"10708Westchester","10708",10708,"Zone I - Dunwoodie","Consolidated Edison","Westchester","Mid-Hudson","Lower Hudson","Mid-Hudson","Mid-Hudson","ConEd Westchester","Zone I - Dunwoodie","Lower Hudson","Hudson Valley","New York"]
[null,null,null,null,null,null,null,null,null,"10709Westchester","10709",10709,"Zone I - Dunwoodie","Consolidated Edison","Westchester","Mid-Hudson","Lower Hudson","Mid-Hudson","Mid-Hudson","ConEd Westchester","Zone I - Dunwoodie","Lower Hudson","Hudson Valley","New York"]
[null,null,null,null,null,null,null,null,null,"10710Westchester","10710",10710,"Zone I - Dunwoodie","Consolidated Edison","Westchester","Mid-Hudson","Lower Hudson","Mid-Hudson","Mid-Hudson","ConEd Westchester","Zone I - Dunwoodie","Lower Hudson","Hudson Valley","New York"]
[null,null,null,null,null,null,null,null,null,"10801Westchester","10801",10801,"Zone I - Dunwoodie","Consolidated Edison","Westchester","Mid-Hudson","Lower Hudson","Mid-Hudson","Mid-Hudson","ConEd Westchester","Zone I - Dunwoodie","Lower Hudson","Hudson Valley","New York"]
[null,null,null,null,null,null,null,null,null,"10802Westchester","10802",10802,"Zone I - Dunwoodie","Consolidated Edison","Westchester","Mid-Hudson","Lower Hudson","Mid-Hudson","Mid-Hudson","ConEd Westchester","Zone I - Dunwoodie","Lower Hudson","Hudson Valley","New York"]
[null,null,null,null,null,null,null,null,null,"10803Westchester","10803",10803,"Zone I - Dunwoodie","Consolidated Edison","Westchester","Mid-Hudson","Lower Hudson","Mid-Hudson","Mid-Hudson","ConEd Westchester","Zone I - Dunwoodie","Lower Hudson","Hudson Valley","New York"]
[null,null,null,null,null,null,null,null,null,"10804Westchester","10804",10804,"Zone I - Dunwoodie","Consolidated Edison","Westchester","Mid-Hudson","Lower Hudson","Mid-Hudson","Mid-Hudson","ConEd Westchester","Zone I - Dunwoodie","Lower Hudson","Hudson Valley","New York"]
[null,null,null,null,null,null,null,null,null,"10805Westchester","10805",10805,"Zone I - Dunwoodie","Consolidated Edison","Westchester","Mid-Hudson","Lower Hudson","Mid-Hudson","Mid-Hudson","ConEd Westchester","Zone I - Dunwoodie","Lower Hudson","Hudson Valley","New York"]
[null,null,null,null,null,null,null,null,null,"10578Westchester","10578",10578,"Zone G - Hudson Valley","New York State Electric and Gas","Westchester","Mid-Hudson","Lower Hudson","Mid-Hudson","Mid-Hudson","ConEd Westchester","Zone G - Hudson Valley","Lower Hudson","Hudson Valley","Poughkeepsie"]
[null,null,null,null,null,null,null,null,null,"14011Wyoming","14011",14011,"Zone A - West","National Grid","Wyoming","Finger Lakes","Western","Western","Western",null,"Zone A - West","Western","Western Region","Buffalo"]
[null,null,null,null,null,null,null,null,null,"14167Wyoming","14167",14167,"Zone A - West","National Grid","Wyoming","Finger Lakes","Western","Western","Western",null,"Zone A - West","Western","Western Region","Buffalo"]
[null,null,null,null,null,null,null,null,null,"14037Wyoming","14037",14037,"Zone A - West","New York State Electric and Gas","Wyoming","Finger Lakes","Western","Western","Western",null,"Zone A - West","Western","Western Region","Buffalo"]
[null,null,null,null,null,null,null,null,null,"14082Wyoming","14082",14082,"Zone A - West","New York State Electric and Gas","Wyoming","Finger Lakes","Western","Western","Western",null,"Zone A - West","Western","Western Region","Buffalo"]
[null,null,null,null,null,null,null,null,null,"14083Wyoming","14083",14083,"Zone A - West","New York State Electric and Gas","Wyoming","Finger Lakes","Western","Western","Western",null,"Zone A - West","Western","Western Region","Buffalo"]
[null,null,null,null,null,null,null,null,null,"14113Wyoming","14113",14113,"Zone A - West","New York State Electric and Gas","Wyoming","Finger Lakes","Western","Western","Western",null,"Zone A - West","Western","Western Region","Buffalo"]
[null,null,null,null,null,null,null,null,null,"14145Wyoming","14145",14145,"Zone A - West","New York State Electric and Gas","Wyoming","Finger Lakes","Western","Western","Western",null,"Zone A - West","Western","Western Region","Buffalo"]
[null,null,null,null,null,null,null,null,null,"14549Wyoming","14549",14549,"Zone A - West","Municipal Utilities","Wyoming","Finger Lakes","Western","Western","Western",null,"Zone A - West","Western","Western Region","Buffalo"]
[null,null,null,null,null,null,null,null,null,"14550Wyoming","14550",14550,"Zone A - West","Municipal Utilities","Wyoming","Finger Lakes","Western","Western","Western",null,"Zone A - West","Western","Western Region","Buffalo"]
[null,null,null,null,null,null,null,null,null,"14427Wyoming","14427",14427,"Zone A - West","Municipal Utilities","Wyoming","Finger Lakes","Western","Western","Western",null,"Zone A - West","Western","Western Region","Buffalo"]
[null,null,null,null,null,null,null,null,null,"14039Wyoming","14039",14039,"Zone A - West","New York State Electric and Gas","Wyoming","Finger Lakes","Western","Western","Western",null,"Zone A - West","Western","Western Region","Buffalo"]
[null,null,null,null,null,null,null,null,null,"14530Wyoming","14530",14530,"Zone A - West","New York State Electric and Gas","Wyoming","Finger Lakes","Western","Western","Western",null,"Zone A - West","Western","Western Region","Buffalo"]
[null,null,null,null,null,null,null,null,null,"14569Wyoming","14569",14569,"Zone A - West","New York State Electric and Gas","Wyoming","Finger Lakes","Western","Western","Western",null,"Zone A - West","Western","Western Region","Buffalo"]
[null,null,null,null,null,null,null,null,null,"14591Wyoming","14591",14591,"Zone A - West","New York State Electric and Gas","Wyoming","Finger Lakes","Western","Western","Western",null,"Zone A - West","Western","Western Region","Buffalo"]
[null,null,null,null,null,null,null,null,null,"14009Wyoming","14009",14009,"Zone A - West","Municipal Utilities","Wyoming","Finger Lakes","Western","Western","Western",null,"Zone A - West","Western","Western Region","Buffalo"]
[null,null,null,null,null,null,null,null,null,"14024Wyoming","14024",14024,"Zone B - Genesee","Rochester Gas and Electric","Wyoming","Finger Lakes","Western","Western","Western",null,"Zone B - Genesee","Western","Western Region","Buffalo"]
[null,null,null,null,null,null,null,null,null,"14130Wyoming","14130",14130,"Zone B - Genesee","Rochester Gas and Electric","Wyoming","Finger Lakes","Western","Western","Western",null,"Zone B - Genesee","Western","Western Region","Buffalo"]
[null,null,null,null,null,null,null,null,null,"14536Wyoming","14536",14536,"Zone B - Genesee","Rochester Gas and Electric","Wyoming","Finger Lakes","Western","Western","Western",null,"Zone B - Genesee","Western","Western Region","Buffalo"]
[null,null,null,null,null,null,null,null,null,"14066Wyoming","14066",14066,"Zone B - Genesee","New York State Electric and Gas","Wyoming","Finger Lakes","Western","Western","Western",null,"Zone B - Genesee","Western","Western Region","Buffalo"]
[null,null,null,null,null,null,null,null,null,"14415Yates","14415",14415,"Zone C - Central","New York State Electric and Gas","Yates","Finger Lakes","Western","Western","Western",null,"Zone C - Central","Western","Western Region","Binghamton"]
[null,null,null,null,null,null,null,null,null,"14418Yates","14418",14418,"Zone C - Central","New York State Electric and Gas","Yates","Finger Lakes","Western","Western","Western",null,"Zone C - Central","Western","Western Region","Binghamton"]
[null,null,null,null,null,null,null,null,null,"14441Yates","14441",14441,"Zone C - Central","New York State Electric and Gas","Yates","Finger Lakes","Western","Western","Western",null,"Zone C - Central","Western","Western Region","Binghamton"]
[null,null,null,null,null,null,null,null,null,"14478Yates","14478",14478,"Zone C - Central","New York State Electric and Gas","Yates","Finger Lakes","Western","Western","Western",null,"Zone C - Central","Western","Western Region","Binghamton"]
[null,null,null,null,null,null,null,null,null,"14507Yates","14507",14507,"Zone C - Central","New York State Electric and Gas","Yates","Finger Lakes","Western","Western","Western",null,"Zone C - Central","Western","Western Region","Binghamton"]
[null,null,null,null,null,null,null,null,null,"14544Yates","14544",14544,"Zone C - Central","New York State Electric and Gas","Yates","Finger Lakes","Western","Western","Western",null,"Zone C - Central","Western","Western Region","Binghamton"]
[null,null,null,null,null,null,null,null,null,"14837Yates","14837",14837,"Zone C - Central","New York State Electric and Gas","Yates","Finger Lakes","Western","Western","Western",null,"Zone C - Central","Western","Western Region","Binghamton"]
[null,null,null,null,null,null,null,null,null,"14842Yates","14842",14842,"Zone C - Central","New York State Electric and Gas","Yates","Finger Lakes","Western","Western","Western",null,"Zone C - Central","Western","Western Region","Binghamton"]
[null,null,null,null,null,null,null,null,null,"14857Yates","14857",14857,"Zone C - Central","New York State Electric and Gas","Yates","Finger Lakes","Western","Western","Western",null,"Zone C - Central","Western","Western Region","Binghamton"]
[null,null,null,null,null,null,null,null,null,"14878Yates","14878",14878,"Zone C - Central","New York State Electric and Gas","Yates","Finger Lakes","Western","Western","Western",null,"Zone C - Central","Western","Western Region","Binghamton"]
[null,null,null,null,null,null,null,null,null,"14527Yates","14527",14527,"Zone C - Central","Municipal Utilities","Yates","Finger Lakes","Western","Western","Western",null,"Zone C - Central","Western","Western Region","Binghamton"]

{"sheet":"Drop-Down Lists","index":5,"n_rows":2158,"n_cols":10,"rows_kept":2158,"cut":false,"hidden":true,"merged":[]}
[]
["Electric Utility Name Lookup",null," ","Natural Gas List"," ","ZIP Code List"," ","County List"," ","Whole House?"]
["Central Hudson Gas and Electric","Central Hudson Gas and Electric",null,"Central Hudson Gas and Electric",null,"00501",null,"Albany",null,"Yes"]
["Consolidated Edison","Consolidated Edison",null,"Consolidated Edison",null,"00544",null,"Allegany",null,"No"]
["National Grid","National Grid",null,"National Fuel Gas Distribution",null,"06390",null,"Bronx"]
["New York State Electric and Gas","New York State Electric and Gas",null,"National Grid - Upstate",null,10001,null,"Broome"]
["Orange and Rockland","Orange and Rockland",null,"National Grid - Long Island",null,10002,null,"Cattaraugus"]
["Rochester Gas and Electric","Rochester Gas and Electric",null,"National Grid - NYC",null,10003,null,"Cayuga"]
["PSEG Long Island","PSEG Long Island",null,"New York State Electric and Gas",null,10004,null,"Chautauqua"]
["PSEG Long Island","PSEG Long Island",null,"Orange and Rockland",null,10005,null,"Chemung"]
["Other","Other",null,"Rochester Gas and Electric",null,10006,null,"Chenango"]
[null,null,null,"Corning Natural Gas",null,10007,null,"Clinton"]
[null,null,null,"St. Lawrence",null,10008,null,"Columbia"]
[null,null,null,null,null,10009,null,"Cortland"]
[null,null,null,null,null,10010,null,"Delaware"]
[null,null,null,null,null,10011,null,"Dutchess"]
[null,null,null,null,null,10012,null,"Erie"]
[null,null,null,null,null,10013,null,"Essex"]
[null,null,null,null,null,10014,null,"Franklin"]
[null,null,null,null,null,10016,null,"Fulton"]
[null,null,null,null,null,10017,null,"Genesee"]
[null,null,null,null,null,10018,null,"Greene"]
[null,null,null,null,null,10019,null,"Hamilton"]
[null,null,null,null,null,10020,null,"Herkimer"]
[null,null,null,null,null,10021,null,"Jefferson"]
[null,null,null,null,null,10022,null,"Kings"]
[null,null,null,null,null,10023,null,"Lewis"]
[null,null,null,null,null,10024,null,"Livingston"]
[null,null,null,null,null,10025,null,"Madison"]
[null,null,null,null,null,10026,null,"Monroe"]
[null,null,null,null,null,10027,null,"Montgomery"]
[null,null,null,null,null,10028,null,"Nassau"]
[null,null,null,null,null,10029,null,"New York"]
[null,null,null,null,null,10030,null,"Niagara"]
[null,null,null,null,null,10031,null,"Oneida"]
[null,null,null,null,null,10032,null,"Onondaga"]
[null,null,null,null,null,10033,null,"Ontario"]
[null,null,null,null,null,10034,null,"Orange"]
[null,null,null,null,null,10035,null,"Orleans"]
[null,null,null,null,null,10036,null,"Oswego"]
[null,null,null,null,null,10037,null,"Otsego"]
[null,null,null,null,null,10038,null,"Putnam"]
[null,null,null,null,null,10039,null,"Queens"]
[null,null,null,null,null,10040,null,"Rensselaer"]
[null,null,null,null,null,10041,null,"Richmond"]
[null,null,null,null,null,10043,null,"Rockland"]
[null,null,null,null,null,10044,null,"Saratoga"]
[null,null,null,null,null,10045,null,"Schenectady"]
[null,null,null,null,null,10055,null,"Schoharie"]
[null,null,null,null,null,10060,null,"Schuyler"]
[null,null,null,null,null,10065,null,"Seneca"]
[null,null,null,null,null,10069,null,"St. Lawrence"]
[null,null,null,null,null,10075,null,"Steuben"]
[null,null,null,null,null,10080,null,"Suffolk"]
[null,null,null,null,null,10081,null,"Sullivan"]
[null,null,null,null,null,10087,null,"Tioga"]
[null,null,null,null,null,10090,null,"Tompkins"]
[null,null,null,null,null,10101,null,"Ulster"]
[null,null,null,null,null,10102,null,"Warren"]
[null,null,null,null,null,10103,null,"Washington"]
[null,null,null,null,null,10104,null,"Wayne"]
[null,null,null,null,null,10105,null,"Westchester"]
[null,null,null,null,null,10106,null,"Wyoming"]
[null,null,null,null,null,10107,null,"Yates"]
[null,null,null,null,null,10108]
[null,null,null,null,null,10109]
[null,null,null,null,null,10110]
[null,null,null,null,null,10111]
[null,null,null,null,null,10112]
[null,null,null,null,null,10113]
[null,null,null,null,null,10114]
[null,null,null,null,null,10115]
[null,null,null,null,null,10116]
[null,null,null,null,null,10117]
[null,null,null,null,null,10118]
[null,null,null,null,null,10119]
[null,null,null,null,null,10120]
[null,null,null,null,null,10121]
[null,null,null,null,null,10122]
[null,null,null,null,null,10123]
[null,null,null,null,null,10124]
[null,null,null,null,null,10125]
[null,null,null,null,null,10126]
[null,null,null,null,null,10128]
[null,null,null,null,null,10129]
[null,null,null,null,null,10130]
[null,null,null,null,null,10131]
[null,null,null,null,null,10132]
[null,null,null,null,null,10133]
[null,null,null,null,null,10138]
[null,null,null,null,null,10150]
[null,null,null,null,null,10151]
[null,null,null,null,null,10152]
[null,null,null,null,null,10153]
[null,null,null,null,null,10154]
[null,null,null,null,null,10155]
[null,null,null,null,null,10156]
[null,null,null,null,null,10157]
[null,null,null,null,null,10158]
[null,null,null,null,null,10159]
[null,null,null,null,null,10160]
[null,null,null,null,null,10161]
[null,null,null,null,null,10162]
[null,null,null,null,null,10163]
[null,null,null,null,null,10164]
[null,null,null,null,null,10165]
[null,null,null,null,null,10166]
[null,null,null,null,null,10167]
[null,null,null,null,null,10168]
[null,null,null,null,null,10169]
[null,null,null,null,null,10170]
[null,null,null,null,null,10171]
[null,null,null,null,null,10172]
[null,null,null,null,null,10173]
[null,null,null,null,null,10174]
[null,null,null,null,null,10175]
[null,null,null,null,null,10176]
[null,null,null,null,null,10177]
[null,null,null,null,null,10178]
[null,null,null,null,null,10179]
[null,null,null,null,null,10185]
[null,null,null,null,null,10199]
[null,null,null,null,null,10203]
[null,null,null,null,null,10211]
[null,null,null,null,null,10212]
[null,null,null,null,null,10213]
[null,null,null,null,null,10242]
[null,null,null,null,null,10249]
[null,null,null,null,null,10256]
[null,null,null,null,null,10257]
[null,null,null,null,null,10258]
[null,null,null,null,null,10259]
[null,null,null,null,null,10260]
[null,null,null,null,null,10261]
[null,null,null,null,null,10265]
[null,null,null,null,null,10268]
[null,null,null,null,null,10269]
[null,null,null,null,null,10270]
[null,null,null,null,null,10271]
[null,null,null,null,null,10272]
[null,null,null,null,null,10273]
[null,null,null,null,null,10274]
[null,null,null,null,null,10275]
[null,null,null,null,null,10276]
[null,null,null,null,null,10277]
[null,null,null,null,null,10278]
[null,null,null,null,null,10279]
[null,null,null,null,null,10280]
[null,null,null,null,null,10281]
[null,null,null,null,null,10282]
[null,null,null,null,null,10285]
[null,null,null,null,null,10286]
[null,null,null,null,null,10292]
[null,null,null,null,null,10301]
[null,null,null,null,null,10302]
[null,null,null,null,null,10303]
[null,null,null,null,null,10304]
[null,null,null,null,null,10305]
[null,null,null,null,null,10306]
[null,null,null,null,null,10307]
[null,null,null,null,null,10308]
[null,null,null,null,null,10309]
[null,null,null,null,null,10310]
[null,null,null,null,null,10311]
[null,null,null,null,null,10312]
[null,null,null,null,null,10313]
[null,null,null,null,null,10314]
[null,null,null,null,null,10451]
[null,null,null,null,null,10452]
[null,null,null,null,null,10453]
[null,null,null,null,null,10454]
[null,null,null,null,null,10455]
[null,null,null,null,null,10456]
[null,null,null,null,null,10457]
[null,null,null,null,null,10458]
[null,null,null,null,null,10459]
[null,null,null,null,null,10460]
[null,null,null,null,null,10461]
[null,null,null,null,null,10462]
[null,null,null,null,null,10463]
[null,null,null,null,null,10464]
[null,null,null,null,null,10465]
[null,null,null,null,null,10466]
[null,null,null,null,null,10467]
[null,null,null,null,null,10468]
[null,null,null,null,null,10469]
[null,null,null,null,null,10470]
[null,null,null,null,null,10471]
[null,null,null,null,null,10472]
[null,null,null,null,null,10473]
[null,null,null,null,null,10474]
[null,null,null,null,null,10475]
[null,null,null,null,null,10501]
[null,null,null,null,null,10502]
[null,null,null,null,null,10503]
[null,null,null,null,null,10504]
[null,null,null,null,null,10505]
[null,null,null,null,null,10506]
[null,null,null,null,null,10507]
[null,null,null,null,null,10509]
[null,null,null,null,null,10510]
[null,null,null,null,null,10511]
[null,null,null,null,null,10512]
[null,null,null,null,null,10514]
[null,null,null,null,null,10516]
[null,null,null,null,null,10517]
[null,null,null,null,null,10518]
[null,null,null,null,null,10519]
[null,null,null,null,null,10520]
[null,null,null,null,null,10521]
[null,null,null,null,null,10522]
[null,null,null,null,null,10523]
[null,null,null,null,null,10524]
[null,null,null,null,null,10526]
[null,null,null,null,null,10527]
[null,null,null,null,null,10528]
[null,null,null,null,null,10530]
[null,null,null,null,null,10532]
[null,null,null,null,null,10533]
[null,null,null,null,null,10535]
[null,null,null,null,null,10536]
[null,null,null,null,null,10537]
[null,null,null,null,null,10538]
[null,null,null,null,null,10540]
[null,null,null,null,null,10541]
[null,null,null,null,null,10542]
[null,null,null,null,null,10543]
[null,null,null,null,null,10545]
[null,null,null,null,null,10546]
[null,null,null,null,null,10547]
[null,null,null,null,null,10548]
[null,null,null,null,null,10549]
[null,null,null,null,null,10550]
[null,null,null,null,null,10551]
[null,null,null,null,null,10552]
[null,null,null,null,null,10553]
[null,null,null,null,null,10560]
[null,null,null,null,null,10562]
[null,null,null,null,null,10566]
[null,null,null,null,null,10567]
[null,null,null,null,null,10570]
[null,null,null,null,null,10573]
[null,null,null,null,null,10576]
[null,null,null,null,null,10577]
[null,null,null,null,null,10578]
[null,null,null,null,null,10579]
[null,null,null,null,null,10580]
[null,null,null,null,null,10583]
[null,null,null,null,null,10587]
[null,null,null,null,null,10588]
[null,null,null,null,null,10589]
[null,null,null,null,null,10590]
[null,null,null,null,null,10591]
[null,null,null,null,null,10594]
[null,null,null,null,null,10595]
[null,null,null,null,null,10596]
[null,null,null,null,null,10597]
[null,null,null,null,null,10598]
[null,null,null,null,null,10601]
[null,null,null,null,null,10602]
[null,null,null,null,null,10603]
[null,null,null,null,null,10604]
[null,null,null,null,null,10605]
[null,null,null,null,null,10606]
[null,null,null,null,null,10607]
[null,null,null,null,null,10610]
[null,null,null,null,null,10701]
[null,null,null,null,null,10702]
[null,null,null,null,null,10703]
[null,null,null,null,null,10704]
[null,null,null,null,null,10705]
[null,null,null,null,null,10706]
[null,null,null,null,null,10707]
[null,null,null,null,null,10708]
[null,null,null,null,null,10709]
[null,null,null,null,null,10710]
[null,null,null,null,null,10801]
[null,null,null,null,null,10802]
[null,null,null,null,null,10803]
[null,null,null,null,null,10804]
[null,null,null,null,null,10805]
[null,null,null,null,null,10901]
[null,null,null,null,null,10910]
[null,null,null,null,null,10911]
[null,null,null,null,null,10912]
[null,null,null,null,null,10913]
[null,null,null,null,null,10914]
[null,null,null,null,null,10915]
[null,null,null,null,null,10916]
[null,null,null,null,null,10917]
[null,null,null,null,null,10918]
[null,null,null,null,null,10919]
[null,null,null,null,null,10920]
[null,null,null,null,null,10921]
[null,null,null,null,null,10922]
[null,null,null,null,null,10923]
[null,null,null,null,null,10924]
[null,null,null,null,null,10925]
[null,null,null,null,null,10926]
[null,null,null,null,null,10927]
[null,null,null,null,null,10928]
[null,null,null,null,null,10930]
[null,null,null,null,null,10931]
[null,null,null,null,null,10932]
[null,null,null,null,null,10933]
[null,null,null,null,null,10940]
[null,null,null,null,null,10941]
[null,null,null,null,null,10949]
[null,null,null,null,null,10950]
[null,null,null,null,null,10952]
[null,null,null,null,null,10953]
[null,null,null,null,null,10954]
[null,null,null,null,null,10956]
[null,null,null,null,null,10958]
[null,null,null,null,null,10959]
[null,null,null,null,null,10960]
[null,null,null,null,null,10962]
[null,null,null,null,null,10963]
[null,null,null,null,null,10964]
[null,null,null,null,null,10965]
[null,null,null,null,null,10968]
[null,null,null,null,null,10969]
[null,null,null,null,null,10970]
[null,null,null,null,null,10973]
[null,null,null,null,null,10974]
[null,null,null,null,null,10975]
[null,null,null,null,null,10976]
[null,null,null,null,null,10977]
[null,null,null,null,null,10979]
[null,null,null,null,null,10980]
[null,null,null,null,null,10981]
[null,null,null,null,null,10982]
[null,null,null,null,null,10983]
[null,null,null,null,null,10984]
[null,null,null,null,null,10985]
[null,null,null,null,null,10986]
[null,null,null,null,null,10987]
[null,null,null,null,null,10988]
[null,null,null,null,null,10989]
[null,null,null,null,null,10990]
[null,null,null,null,null,10992]
[null,null,null,null,null,10993]
[null,null,null,null,null,10994]
[null,null,null,null,null,10996]
[null,null,null,null,null,10997]
[null,null,null,null,null,10998]
[null,null,null,null,null,11001]
[null,null,null,null,null,11002]
[null,null,null,null,null,11003]
[null,null,null,null,null,11004]
[null,null,null,null,null,11005]
[null,null,null,null,null,11010]
[null,null,null,null,null,11020]
[null,null,null,null,null,11021]
[null,null,null,null,null,11022]
[null,null,null,null,null,11023]
[null,null,null,null,null,11024]
[null,null,null,null,null,11026]
[null,null,null,null,null,11027]
[null,null,null,null,null,11030]
[null,null,null,null,null,11040]
[null,null,null,null,null,11042]
[null,null,null,null,null,11050]
[null,null,null,null,null,11051]
[null,null,null,null,null,11052]
[null,null,null,null,null,11053]
[null,null,null,null,null,11054]
[null,null,null,null,null,11055]
[null,null,null,null,null,11096]
[null,null,null,null,null,11101]
[null,null,null,null,null,11102]
[null,null,null,null,null,11103]
[null,null,null,null,null,11104]
[null,null,null,null,null,11105]
[null,null,null,null,null,11106]
[null,null,null,null,null,11109]
[null,null,null,null,null,11120]
[null,null,null,null,null,11201]
[null,null,null,null,null,11202]
[null,null,null,null,null,11203]
[null,null,null,null,null,11204]
[null,null,null,null,null,11205]
[null,null,null,null,null,11206]
[null,null,null,null,null,11207]
[null,null,null,null,null,11208]
[null,null,null,null,null,11209]
[null,null,null,null,null,11210]
[null,null,null,null,null,11211]
[null,null,null,null,null,11212]
[null,null,null,null,null,11213]
[null,null,null,null,null,11214]
[null,null,null,null,null,11215]
[null,null,null,null,null,11216]
[null,null,null,null,null,11217]
[null,null,null,null,null,11218]
[null,null,null,null,null,11219]
[null,null,null,null,null,11220]
[null,null,null,null,null,11221]
[null,null,null,null,null,11222]
[null,null,null,null,null,11223]
[null,null,null,null,null,11224]
[null,null,null,null,null,11225]
[null,null,null,null,null,11226]
[null,null,null,null,null,11228]
[null,null,null,null,null,11229]
[null,null,null,null,null,11230]
[null,null,null,null,null,11231]
[null,null,null,null,null,11232]
[null,null,null,null,null,11233]
[null,null,null,null,null,11234]
[null,null,null,null,null,11235]
[null,null,null,null,null,11236]
[null,null,null,null,null,11237]
[null,null,null,null,null,11238]
[null,null,null,null,null,11239]
[null,null,null,null,null,11241]
[null,null,null,null,null,11242]
[null,null,null,null,null,11243]
[null,null,null,null,null,11245]
[null,null,null,null,null,11247]
[null,null,null,null,null,11249]
[null,null,null,null,null,11251]
[null,null,null,null,null,11252]
[null,null,null,null,null,11256]
[null,null,null,null,null,11351]
[null,null,null,null,null,11352]
[null,null,null,null,null,11354]
[null,null,null,null,null,11355]
[null,null,null,null,null,11356]
[null,null,null,null,null,11357]
[null,null,null,null,null,11358]
[null,null,null,null,null,11359]
[null,null,null,null,null,11360]
[null,null,null,null,null,11361]
[null,null,null,null,null,11362]
[null,null,null,null,null,11363]
[null,null,null,null,null,11364]
[null,null,null,null,null,11365]
[null,null,null,null,null,11366]
[null,null,null,null,null,11367]
[null,null,null,null,null,11368]
[null,null,null,null,null,11369]
[null,null,null,null,null,11370]
[null,null,null,null,null,11371]
[null,null,null,null,null,11372]
[null,null,null,null,null,11373]
[null,null,null,null,null,11374]
[null,null,null,null,null,11375]
[null,null,null,null,null,11377]
[null,null,null,null,null,11378]
[null,null,null,null,null,11379]
[null,null,null,null,null,11380]
[null,null,null,null,null,11381]
[null,null,null,null,null,11385]
[null,null,null,null,null,11386]
[null,null,null,null,null,11405]
[null,null,null,null,null,11411]
[null,null,null,null,null,11412]
[null,null,null,null,null,11413]
[null,null,null,null,null,11414]
[null,null,null,null,null,11415]
[null,null,null,null,null,11416]
[null,null,null,null,null,11417]
[null,null,null,null,null,11418]
[null,null,null,null,null,11419]
[null,null,null,null,null,11420]
[null,null,null,null,null,11421]
[null,null,null,null,null,11422]
[null,null,null,null,null,11423]
[null,null,null,null,null,11424]
[null,null,null,null,null,11425]
[null,null,null,null,null,11426]
[null,null,null,null,null,11427]
[null,null,null,null,null,11428]
[null,null,null,null,null,11429]
[null,null,null,null,null,11430]
[null,null,null,null,null,11431]
[null,null,null,null,null,11432]
[null,null,null,null,null,11433]
[null,null,null,null,null,11434]
[null,null,null,null,null,11435]
[null,null,null,null,null,11436]
[null,null,null,null,null,11439]
[null,null,null,null,null,11451]
[null,null,null,null,null,11499]
[null,null,null,null,null,11501]
[null,null,null,null,null,11507]
[null,null,null,null,null,11509]
[null,null,null,null,null,11510]
[null,null,null,null,null,11514]
[null,null,null,null,null,11516]
[null,null,null,null,null,11518]
[null,null,null,null,null,11520]
[null,null,null,null,null,11530]
[null,null,null,null,null,11531]
[null,null,null,null,null,11542]
[null,null,null,null,null,11545]
[null,null,null,null,null,11547]
[null,null,null,null,null,11548]
[null,null,null,null,null,11549]
[null,null,null,null,null,11550]
[null,null,null,null,null,11551]
[null,null,null,null,null,11552]
[null,null,null,null,null,11553]
[null,null,null,null,null,11554]
[null,null,null,null,null,11555]
[null,null,null,null,null,11556]
[null,null,null,null,null,11557]
[null,null,null,null,null,11558]
[null,null,null,null,null,11559]
[null,null,null,null,null,11560]
[null,null,null,null,null,11561]
[null,null,null,null,null,11563]
[null,null,null,null,null,11565]
[null,null,null,null,null,11566]
[null,null,null,null,null,11568]
[null,null,null,null,null,11569]
[null,null,null,null,null,11570]
[null,null,null,null,null,11571]
[null,null,null,null,null,11572]
[null,null,null,null,null,11575]
[null,null,null,null,null,11576]
[null,null,null,null,null,11577]
[null,null,null,null,null,11579]
[null,null,null,null,null,11580]
[null,null,null,null,null,11581]
[null,null,null,null,null,11582]
[null,null,null,null,null,11590]
[null,null,null,null,null,11596]
[null,null,null,null,null,11598]
[null,null,null,null,null,11599]
[null,null,null,null,null,11690]
[null,null,null,null,null,11691]
[null,null,null,null,null,11692]
[null,null,null,null,null,11693]
[null,null,null,null,null,11694]
[null,null,null,null,null,11695]
[null,null,null,null,null,11697]
[null,null,null,null,null,11701]
[null,null,null,null,null,11702]
[null,null,null,null,null,11703]
[null,null,null,null,null,11704]
[null,null,null,null,null,11705]
[null,null,null,null,null,11706]
[null,null,null,null,null,11707]
[null,null,null,null,null,11709]
[null,null,null,null,null,11710]
[null,null,null,null,null,11713]
[null,null,null,null,null,11714]
[null,null,null,null,null,11715]
[null,null,null,null,null,11716]
[null,null,null,null,null,11717]
[null,null,null,null,null,11718]
[null,null,null,null,null,11719]
[null,null,null,null,null,11720]
[null,null,null,null,null,11721]
[null,null,null,null,null,11722]
[null,null,null,null,null,11724]
[null,null,null,null,null,11725]
[null,null,null,null,null,11726]
[null,null,null,null,null,11727]
[null,null,null,null,null,11729]
[null,null,null,null,null,11730]
[null,null,null,null,null,11731]
[null,null,null,null,null,11732]
[null,null,null,null,null,11733]
[null,null,null,null,null,11735]
[null,null,null,null,null,11737]
[null,null,null,null,null,11738]
[null,null,null,null,null,11739]
[null,null,null,null,null,11740]
[null,null,null,null,null,11741]
[null,null,null,null,null,11742]
[null,null,null,null,null,11743]
[null,null,null,null,null,11746]
[null,null,null,null,null,11747]
[null,null,null,null,null,11749]
[null,null,null,null,null,11751]
[null,null,null,null,null,11752]
[null,null,null,null,null,11753]
[null,null,null,null,null,11754]
[null,null,null,null,null,11755]
[null,null,null,null,null,11756]
[null,null,null,null,null,11757]
[null,null,null,null,null,11758]
[null,null,null,null,null,11760]
[null,null,null,null,null,11762]
[null,null,null,null,null,11763]
[null,null,null,null,null,11764]
[null,null,null,null,null,11765]
[null,null,null,null,null,11766]
[null,null,null,null,null,11767]
[null,null,null,null,null,11768]
[null,null,null,null,null,11769]
[null,null,null,null,null,11770]
[null,null,null,null,null,11771]
[null,null,null,null,null,11772]
[null,null,null,null,null,11773]
[null,null,null,null,null,11775]
[null,null,null,null,null,11776]
[null,null,null,null,null,11777]
[null,null,null,null,null,11778]
[null,null,null,null,null,11779]
[null,null,null,null,null,11780]
[null,null,null,null,null,11782]
[null,null,null,null,null,11783]
[null,null,null,null,null,11784]
[null,null,null,null,null,11786]
[null,null,null,null,null,11787]
[null,null,null,null,null,11788]
[null,null,null,null,null,11789]
[null,null,null,null,null,11790]
[null,null,null,null,null,11791]
[null,null,null,null,null,11792]
[null,null,null,null,null,11793]
[null,null,null,null,null,11794]
[null,null,null,null,null,11795]
[null,null,null,null,null,11796]
[null,null,null,null,null,11797]
[null,null,null,null,null,11798]
[null,null,null,null,null,11801]
[null,null,null,null,null,11802]
[null,null,null,null,null,11803]
[null,null,null,null,null,11804]
[null,null,null,null,null,11815]
[null,null,null,null,null,11819]
[null,null,null,null,null,11853]
[null,null,null,null,null,11854]
[null,null,null,null,null,11901]
[null,null,null,null,null,11930]
[null,null,null,null,null,11931]
[null,null,null,null,null,11932]
[null,null,null,null,null,11933]
[null,null,null,null,null,11934]
[null,null,null,null,null,11935]
[null,null,null,null,null,11937]
[null,null,null,null,null,11939]
[null,null,null,null,null,11940]
[null,null,null,null,null,11941]
[null,null,null,null,null,11942]
[null,null,null,null,null,11944]
[null,null,null,null,null,11946]
[null,null,null,null,null,11947]
[null,null,null,null,null,11948]
[null,null,null,null,null,11949]
[null,null,null,null,null,11950]
[null,null,null,null,null,11951]
[null,null,null,null,null,11952]
[null,null,null,null,null,11953]
[null,null,null,null,null,11954]
[null,null,null,null,null,11955]
[null,null,null,null,null,11956]
[null,null,null,null,null,11957]
[null,null,null,null,null,11958]
[null,null,null,null,null,11959]
[null,null,null,null,null,11960]
[null,null,null,null,null,11961]
[null,null,null,null,null,11962]
[null,null,null,null,null,11963]
[null,null,null,null,null,11964]
[null,null,null,null,null,11965]
[null,null,null,null,null,11967]
[null,null,null,null,null,11968]
[null,null,null,null,null,11969]
[null,null,null,null,null,11970]
[null,null,null,null,null,11971]
[null,null,null,null,null,11972]
[null,null,null,null,null,11973]
[null,null,null,null,null,11975]
[null,null,null,null,null,11976]
[null,null,null,null,null,11977]
[null,null,null,null,null,11978]
[null,null,null,null,null,11980]
[null,null,null,null,null,12007]
[null,null,null,null,null,12008]
[null,null,null,null,null,12009]
[null,null,null,null,null,12010]
[null,null,null,null,null,12015]
[null,null,null,null,null,12016]
[null,null,null,null,null,12017]
[null,null,null,null,null,12018]
[null,null,null,null,null,12019]
[null,null,null,null,null,12020]
[null,null,null,null,null,12022]
[null,null,null,null,null,12023]
[null,null,null,null,null,12024]
[null,null,null,null,null,12025]
[null,null,null,null,null,12027]
[null,null,null,null,null,12028]
[null,null,null,null,null,12029]
[null,null,null,null,null,12031]
[null,null,null,null,null,12032]
[null,null,null,null,null,12033]
[null,null,null,null,null,12035]
[null,null,null,null,null,12036]
[null,null,null,null,null,12037]
[null,null,null,null,null,12040]
[null,null,null,null,null,12041]
[null,null,null,null,null,12042]
[null,null,null,null,null,12043]
[null,null,null,null,null,12045]
[null,null,null,null,null,12046]
[null,null,null,null,null,12047]
[null,null,null,null,null,12050]
[null,null,null,null,null,12051]
[null,null,null,null,null,12052]
[null,null,null,null,null,12053]
[null,null,null,null,null,12054]
[null,null,null,null,null,12055]
[null,null,null,null,null,12056]
[null,null,null,null,null,12057]
[null,null,null,null,null,12058]
[null,null,null,null,null,12059]
[null,null,null,null,null,12060]
[null,null,null,null,null,12061]
[null,null,null,null,null,12062]
[null,null,null,null,null,12063]
[null,null,null,null,null,12064]
[null,null,null,null,null,12065]
[null,null,null,null,null,12066]
[null,null,null,null,null,12067]
[null,null,null,null,null,12068]
[null,null,null,null,null,12069]
[null,null,null,null,null,12070]
[null,null,null,null,null,12071]
[null,null,null,null,null,12072]
[null,null,null,null,null,12073]
[null,null,null,null,null,12074]
[null,null,null,null,null,12075]
[null,null,null,null,null,12076]
[null,null,null,null,null,12077]
[null,null,null,null,null,12078]
[null,null,null,null,null,12082]
[null,null,null,null,null,12083]
[null,null,null,null,null,12084]
[null,null,null,null,null,12085]
[null,null,null,null,null,12086]
[null,null,null,null,null,12087]
[null,null,null,null,null,12089]
[null,null,null,null,null,12090]
[null,null,null,null,null,12092]
[null,null,null,null,null,12093]
[null,null,null,null,null,12094]
[null,null,null,null,null,12095]
[null,null,null,null,null,12106]
[null,null,null,null,null,12107]
[null,null,null,null,null,12108]
[null,null,null,null,null,12110]
[null,null,null,null,null,12115]
[null,null,null,null,null,12116]
[null,null,null,null,null,12117]
[null,null,null,null,null,12118]
[null,null,null,null,null,12120]
[null,null,null,null,null,12121]
[null,null,null,null,null,12122]
[null,null,null,null,null,12123]
[null,null,null,null,null,12124]
[null,null,null,null,null,12125]
[null,null,null,null,null,12128]
[null,null,null,null,null,12130]
[null,null,null,null,null,12131]
[null,null,null,null,null,12132]
[null,null,null,null,null,12133]
[null,null,null,null,null,12134]
[null,null,null,null,null,12136]
[null,null,null,null,null,12137]
[null,null,null,null,null,12138]
[null,null,null,null,null,12139]
[null,null,null,null,null,12140]
[null,null,null,null,null,12141]
[null,null,null,null,null,12143]
[null,null,null,null,null,12144]
[null,null,null,null,null,12147]
[null,null,null,null,null,12148]
[null,null,null,null,null,12149]
[null,null,null,null,null,12150]
[null,null,null,null,null,12151]
[null,null,null,null,null,12153]
[null,null,null,null,null,12154]
[null,null,null,null,null,12155]
[null,null,null,null,null,12156]
[null,null,null,null,null,12157]
[null,null,null,null,null,12158]
[null,null,null,null,null,12159]
[null,null,null,null,null,12160]
[null,null,null,null,null,12161]
[null,null,null,null,null,12164]
[null,null,null,null,null,12165]
[null,null,null,null,null,12166]
[null,null,null,null,null,12167]
[null,null,null,null,null,12168]
[null,null,null,null,null,12169]
[null,null,null,null,null,12170]
[null,null,null,null,null,12172]
[null,null,null,null,null,12173]
[null,null,null,null,null,12174]
[null,null,null,null,null,12175]
[null,null,null,null,null,12176]
[null,null,null,null,null,12177]
[null,null,null,null,null,12180]
[null,null,null,null,null,12181]
[null,null,null,null,null,12182]
[null,null,null,null,null,12183]
[null,null,null,null,null,12184]
[null,null,null,null,null,12185]
[null,null,null,null,null,12186]
[null,null,null,null,null,12187]
[null,null,null,null,null,12188]
[null,null,null,null,null,12189]
[null,null,null,null,null,12190]
[null,null,null,null,null,12192]
[null,null,null,null,null,12193]
[null,null,null,null,null,12194]
[null,null,null,null,null,12195]
[null,null,null,null,null,12196]
[null,null,null,null,null,12197]
[null,null,null,null,null,12198]
[null,null,null,null,null,12201]
[null,null,null,null,null,12202]
[null,null,null,null,null,12203]
[null,null,null,null,null,12204]
[null,null,null,null,null,12205]
[null,null,null,null,null,12206]
[null,null,null,null,null,12207]
[null,null,null,null,null,12208]
[null,null,null,null,null,12209]
[null,null,null,null,null,12210]
[null,null,null,null,null,12211]
[null,null,null,null,null,12212]
[null,null,null,null,null,12214]
[null,null,null,null,null,12220]
[null,null,null,null,null,12222]
[null,null,null,null,null,12223]
[null,null,null,null,null,12224]
[null,null,null,null,null,12225]
[null,null,null,null,null,12226]
[null,null,null,null,null,12227]
[null,null,null,null,null,12228]
[null,null,null,null,null,12229]
[null,null,null,null,null,12230]
[null,null,null,null,null,12231]
[null,null,null,null,null,12232]
[null,null,null,null,null,12233]
[null,null,null,null,null,12234]
[null,null,null,null,null,12235]
[null,null,null,null,null,12236]
[null,null,null,null,null,12237]
[null,null,null,null,null,12238]
[null,null,null,null,null,12239]
[null,null,null,null,null,12240]
[null,null,null,null,null,12241]
[null,null,null,null,null,12242]
[null,null,null,null,null,12243]
[null,null,null,null,null,12244]
[null,null,null,null,null,12245]
[null,null,null,null,null,12246]
[null,null,null,null,null,12247]
[null,null,null,null,null,12248]
[null,null,null,null,null,12249]
[null,null,null,null,null,12250]
[null,null,null,null,null,12252]
[null,null,null,null,null,12255]
[null,null,null,null,null,12256]
[null,null,null,null,null,12257]
[null,null,null,null,null,12260]
[null,null,null,null,null,12261]
[null,null,null,null,null,12288]
[null,null,null,null,null,12301]
[null,null,null,null,null,12302]
[null,null,null,null,null,12303]
[null,null,null,null,null,12304]
[null,null,null,null,null,12305]
[null,null,null,null,null,12306]
[null,null,null,null,null,12307]
[null,null,null,null,null,12308]
[null,null,null,null,null,12309]
[null,null,null,null,null,12325]
[null,null,null,null,null,12345]
[null,null,null,null,null,12401]
[null,null,null,null,null,12402]
[null,null,null,null,null,12404]
[null,null,null,null,null,12405]
[null,null,null,null,null,12406]
[null,null,null,null,null,12407]
[null,null,null,null,null,12409]
[null,null,null,null,null,12410]
[null,null,null,null,null,12411]
[null,null,null,null,null,12412]
[null,null,null,null,null,12413]
[null,null,null,null,null,12414]
[null,null,null,null,null,12416]
[null,null,null,null,null,12417]
[null,null,null,null,null,12418]
[null,null,null,null,null,12419]
[null,null,null,null,null,12420]
[null,null,null,null,null,12421]
[null,null,null,null,null,12422]
[null,null,null,null,null,12423]
[null,null,null,null,null,12424]
[null,null,null,null,null,12427]
[null,null,null,null,null,12428]
[null,null,null,null,null,12429]
[null,null,null,null,null,12430]
[null,null,null,null,null,12431]
[null,null,null,null,null,12432]
[null,null,null,null,null,12433]
[null,null,null,null,null,12434]
[null,null,null,null,null,12435]
[null,null,null,null,null,12436]
[null,null,null,null,null,12438]
[null,null,null,null,null,12439]
[null,null,null,null,null,12440]
[null,null,null,null,null,12441]
[null,null,null,null,null,12442]
[null,null,null,null,null,12443]
[null,null,null,null,null,12444]
[null,null,null,null,null,12446]
[null,null,null,null,null,12448]
[null,null,null,null,null,12449]
[null,null,null,null,null,12450]
[null,null,null,null,null,12451]
[null,null,null,null,null,12452]
[null,null,null,null,null,12453]
[null,null,null,null,null,12454]
[null,null,null,null,null,12455]
[null,null,null,null,null,12456]
[null,null,null,null,null,12457]
[null,null,null,null,null,12458]
[null,null,null,null,null,12459]
[null,null,null,null,null,12460]
[null,null,null,null,null,12461]
[null,null,null,null,null,12463]
[null,null,null,null,null,12464]
[null,null,null,null,null,12465]
[null,null,null,null,null,12466]
[null,null,null,null,null,12468]
[null,null,null,null,null,12469]
[null,null,null,null,null,12470]
[null,null,null,null,null,12471]
[null,null,null,null,null,12472]
[null,null,null,null,null,12473]
[null,null,null,null,null,12474]
[null,null,null,null,null,12475]
[null,null,null,null,null,12477]
[null,null,null,null,null,12480]
[null,null,null,null,null,12481]
[null,null,null,null,null,12482]
[null,null,null,null,null,12483]
[null,null,null,null,null,12484]
[null,null,null,null,null,12485]
[null,null,null,null,null,12486]
[null,null,null,null,null,12487]
[null,null,null,null,null,12489]
[null,null,null,null,null,12490]
[null,null,null,null,null,12491]
[null,null,null,null,null,12492]
[null,null,null,null,null,12493]
[null,null,null,null,null,12494]
[null,null,null,null,null,12495]
[null,null,null,null,null,12496]
[null,null,null,null,null,12498]
[null,null,null,null,null,12501]
[null,null,null,null,null,12502]
[null,null,null,null,null,12503]
[null,null,null,null,null,12504]
[null,null,null,null,null,12506]
[null,null,null,null,null,12507]
[null,null,null,null,null,12508]
[null,null,null,null,null,12510]
[null,null,null,null,null,12511]
[null,null,null,null,null,12512]
[null,null,null,null,null,12513]
[null,null,null,null,null,12514]
[null,null,null,null,null,12515]
[null,null,null,null,null,12516]
[null,null,null,null,null,12517]
[null,null,null,null,null,12518]
[null,null,null,null,null,12520]
[null,null,null,null,null,12521]
[null,null,null,null,null,12522]
[null,null,null,null,null,12523]
[null,null,null,null,null,12524]
[null,null,null,null,null,12525]
[null,null,null,null,null,12526]
[null,null,null,null,null,12527]
[null,null,null,null,null,12528]
[null,null,null,null,null,12529]
[null,null,null,null,null,12530]
[null,null,null,null,null,12531]
[null,null,null,null,null,12533]
[null,null,null,null,null,12534]
[null,null,null,null,null,12537]
[null,null,null,null,null,12538]
[null,null,null,null,null,12540]
[null,null,null,null,null,12541]
[null,null,null,null,null,12542]
[null,null,null,null,null,12543]
[null,null,null,null,null,12544]
[null,null,null,null,null,12545]
[null,null,null,null,null,12546]
[null,null,null,null,null,12547]
[null,null,null,null,null,12548]
[null,null,null,null,null,12549]
[null,null,null,null,null,12550]
[null,null,null,null,null,12551]
[null,null,null,null,null,12552]
[null,null,null,null,null,12553]
[null,null,null,null,null,12555]
[null,null,null,null,null,12561]
[null,null,null,null,null,12563]
[null,null,null,null,null,12564]
[null,null,null,null,null,12565]
[null,null,null,null,null,12566]
[null,null,null,null,null,12567]
[null,null,null,null,null,12568]
[null,null,null,null,null,12569]
[null,null,null,null,null,12570]
[null,null,null,null,null,12571]
[null,null,null,null,null,12572]
[null,null,null,null,null,12574]
[null,null,null,null,null,12575]
[null,null,null,null,null,12577]
[null,null,null,null,null,12578]
[null,null,null,null,null,12580]
[null,null,null,null,null,12581]
[null,null,null,null,null,12582]
[null,null,null,null,null,12583]
[null,null,null,null,null,12584]
[null,null,null,null,null,12585]
[null,null,null,null,null,12586]
[null,null,null,null,null,12588]
[null,null,null,null,null,12589]
[null,null,null,null,null,12590]
[null,null,null,null,null,12592]
[null,null,null,null,null,12594]
[null,null,null,null,null,12601]
[null,null,null,null,null,12602]
[null,null,null,null,null,12603]
[null,null,null,null,null,12604]
[null,null,null,null,null,12701]
[null,null,null,null,null,12719]
[null,null,null,null,null,12720]
[null,null,null,null,null,12721]
[null,null,null,null,null,12722]
[null,null,null,null,null,12723]
[null,null,null,null,null,12724]
[null,null,null,null,null,12725]
[null,null,null,null,null,12726]
[null,null,null,null,null,12727]
[null,null,null,null,null,12729]
[null,null,null,null,null,12732]
[null,null,null,null,null,12733]
[null,null,null,null,null,12734]
[null,null,null,null,null,12736]
[null,null,null,null,null,12737]
[null,null,null,null,null,12738]
[null,null,null,null,null,12740]
[null,null,null,null,null,12741]
[null,null,null,null,null,12742]
[null,null,null,null,null,12743]
[null,null,null,null,null,12745]
[null,null,null,null,null,12746]
[null,null,null,null,null,12747]
[null,null,null,null,null,12748]
[null,null,null,null,null,12749]
[null,null,null,null,null,12750]
[null,null,null,null,null,12751]
[null,null,null,null,null,12752]
[null,null,null,null,null,12754]
[null,null,null,null,null,12758]
[null,null,null,null,null,12759]
[null,null,null,null,null,12760]
[null,null,null,null,null,12762]
[null,null,null,null,null,12763]
[null,null,null,null,null,12764]
[null,null,null,null,null,12765]
[null,null,null,null,null,12766]
[null,null,null,null,null,12767]
[null,null,null,null,null,12768]
[null,null,null,null,null,12769]
[null,null,null,null,null,12770]
[null,null,null,null,null,12771]
[null,null,null,null,null,12775]
[null,null,null,null,null,12776]
[null,null,null,null,null,12777]
[null,null,null,null,null,12778]
[null,null,null,null,null,12779]
[null,null,null,null,null,12780]
[null,null,null,null,null,12781]
[null,null,null,null,null,12783]
[null,null,null,null,null,12784]
[null,null,null,null,null,12785]
[null,null,null,null,null,12786]
[null,null,null,null,null,12787]
[null,null,null,null,null,12788]
[null,null,null,null,null,12789]
[null,null,null,null,null,12790]
[null,null,null,null,null,12791]
[null,null,null,null,null,12792]
[null,null,null,null,null,12801]
[null,null,null,null,null,12803]
[null,null,null,null,null,12804]
[null,null,null,null,null,12808]
[null,null,null,null,null,12809]
[null,null,null,null,null,12810]
[null,null,null,null,null,12811]
[null,null,null,null,null,12812]
[null,null,null,null,null,12814]
[null,null,null,null,null,12815]
[null,null,null,null,null,12816]
[null,null,null,null,null,12817]
[null,null,null,null,null,12819]
[null,null,null,null,null,12820]
[null,null,null,null,null,12821]
[null,null,null,null,null,12822]
[null,null,null,null,null,12823]
[null,null,null,null,null,12824]
[null,null,null,null,null,12827]
[null,null,null,null,null,12828]
[null,null,null,null,null,12831]
[null,null,null,null,null,12832]
[null,null,null,null,null,12833]
[null,null,null,null,null,12834]
[null,null,null,null,null,12835]
[null,null,null,null,null,12836]
[null,null,null,null,null,12837]
[null,null,null,null,null,12838]
[null,null,null,null,null,12839]
[null,null,null,null,null,12841]
[null,null,null,null,null,12842]
[null,null,null,null,null,12843]
[null,null,null,null,null,12844]
[null,null,null,null,null,12845]
[null,null,null,null,null,12846]
[null,null,null,null,null,12847]
[null,null,null,null,null,12848]
[null,null,null,null,null,12849]
[null,null,null,null,null,12850]
[null,null,null,null,null,12851]
[null,null,null,null,null,12852]
[null,null,null,null,null,12853]
[null,null,null,null,null,12854]
[null,null,null,null,null,12855]
[null,null,null,null,null,12856]
[null,null,null,null,null,12857]
[null,null,null,null,null,12858]
[null,null,null,null,null,12859]
[null,null,null,null,null,12860]
[null,null,null,null,null,12861]
[null,null,null,null,null,12862]
[null,null,null,null,null,12863]
[null,null,null,null,null,12864]
[null,null,null,null,null,12865]
[null,null,null,null,null,12866]
[null,null,null,null,null,12870]
[null,null,null,null,null,12871]
[null,null,null,null,null,12872]
[null,null,null,null,null,12873]
[null,null,null,null,null,12874]
[null,null,null,null,null,12878]
[null,null,null,null,null,12879]
[null,null,null,null,null,12883]
[null,null,null,null,null,12884]
[null,null,null,null,null,12885]
[null,null,null,null,null,12886]
[null,null,null,null,null,12887]
[null,null,null,null,null,12901]
[null,null,null,null,null,12903]
[null,null,null,null,null,12910]
[null,null,null,null,null,12911]
[null,null,null,null,null,12912]
[null,null,null,null,null,12913]
[null,null,null,null,null,12914]
[null,null,null,null,null,12915]
[null,null,null,null,null,12916]
[null,null,null,null,null,12917]
[null,null,null,null,null,12918]
[null,null,null,null,null,12919]
[null,null,null,null,null,12920]
[null,null,null,null,null,12921]
[null,null,null,null,null,12922]
[null,null,null,null,null,12923]
[null,null,null,null,null,12924]
[null,null,null,null,null,12926]
[null,null,null,null,null,12927]
[null,null,null,null,null,12928]
[null,null,null,null,null,12929]
[null,null,null,null,null,12930]
[null,null,null,null,null,12932]
[null,null,null,null,null,12933]
[null,null,null,null,null,12934]
[null,null,null,null,null,12935]
[null,null,null,null,null,12936]
[null,null,null,null,null,12937]
[null,null,null,null,null,12939]
[null,null,null,null,null,12941]
[null,null,null,null,null,12942]
[null,null,null,null,null,12943]
[null,null,null,null,null,12944]
[null,null,null,null,null,12945]
[null,null,null,null,null,12946]
[null,null,null,null,null,12949]
[null,null,null,null,null,12950]
[null,null,null,null,null,12952]
[null,null,null,null,null,12953]
[null,null,null,null,null,12955]
[null,null,null,null,null,12956]
[null,null,null,null,null,12957]
[null,null,null,null,null,12958]
[null,null,null,null,null,12959]
[null,null,null,null,null,12960]
[null,null,null,null,null,12961]
[null,null,null,null,null,12962]
[null,null,null,null,null,12964]
[null,null,null,null,null,12965]
[null,null,null,null,null,12966]
[null,null,null,null,null,12967]
[null,null,null,null,null,12969]
[null,null,null,null,null,12970]
[null,null,null,null,null,12972]
[null,null,null,null,null,12973]
[null,null,null,null,null,12974]
[null,null,null,null,null,12975]
[null,null,null,null,null,12976]
[null,null,null,null,null,12977]
[null,null,null,null,null,12978]
[null,null,null,null,null,12979]
[null,null,null,null,null,12980]
[null,null,null,null,null,12981]
[null,null,null,null,null,12983]
[null,null,null,null,null,12985]
[null,null,null,null,null,12986]
[null,null,null,null,null,12987]
[null,null,null,null,null,12989]
[null,null,null,null,null,12992]
[null,null,null,null,null,12993]
[null,null,null,null,null,12995]
[null,null,null,null,null,12996]
[null,null,null,null,null,12997]
[null,null,null,null,null,12998]
[null,null,null,null,null,13020]
[null,null,null,null,null,13021]
[null,null,null,null,null,13022]
[null,null,null,null,null,13024]
[null,null,null,null,null,13026]
[null,null,null,null,null,13027]
[null,null,null,null,null,13028]
[null,null,null,null,null,13029]
[null,null,null,null,null,13030]
[null,null,null,null,null,13031]
[null,null,null,null,null,13032]
[null,null,null,null,null,13033]
[null,null,null,null,null,13034]
[null,null,null,null,null,13035]
[null,null,null,null,null,13036]
[null,null,null,null,null,13037]
[null,null,null,null,null,13039]
[null,null,null,null,null,13040]
[null,null,null,null,null,13041]
[null,null,null,null,null,13042]
[null,null,null,null,null,13043]
[null,null,null,null,null,13044]
[null,null,null,null,null,13045]
[null,null,null,null,null,13051]
[null,null,null,null,null,13052]
[null,null,null,null,null,13053]
[null,null,null,null,null,13054]
[null,null,null,null,null,13056]
[null,null,null,null,null,13057]
[null,null,null,null,null,13060]
[null,null,null,null,null,13061]
[null,null,null,null,null,13062]
[null,null,null,null,null,13063]
[null,null,null,null,null,13064]
[null,null,null,null,null,13065]
[null,null,null,null,null,13066]
[null,null,null,null,null,13068]
[null,null,null,null,null,13069]
[null,null,null,null,null,13071]
[null,null,null,null,null,13072]
[null,null,null,null,null,13073]
[null,null,null,null,null,13074]
[null,null,null,null,null,13076]
[null,null,null,null,null,13077]
[null,null,null,null,null,13078]
[null,null,null,null,null,13080]
[null,null,null,null,null,13081]
[null,null,null,null,null,13082]
[null,null,null,null,null,13083]
[null,null,null,null,null,13084]
[null,null,null,null,null,13087]
[null,null,null,null,null,13088]
[null,null,null,null,null,13089]
[null,null,null,null,null,13090]
[null,null,null,null,null,13092]
[null,null,null,null,null,13093]
[null,null,null,null,null,13101]
[null,null,null,null,null,13102]
[null,null,null,null,null,13103]
[null,null,null,null,null,13104]
[null,null,null,null,null,13107]
[null,null,null,null,null,13108]
[null,null,null,null,null,13110]
[null,null,null,null,null,13111]
[null,null,null,null,null,13112]
[null,null,null,null,null,13113]
[null,null,null,null,null,13114]
[null,null,null,null,null,13115]
[null,null,null,null,null,13116]
[null,null,null,null,null,13117]
[null,null,null,null,null,13118]
[null,null,null,null,null,13119]
[null,null,null,null,null,13120]
[null,null,null,null,null,13121]
[null,null,null,null,null,13122]
[null,null,null,null,null,13123]
[null,null,null,null,null,13124]
[null,null,null,null,null,13126]
[null,null,null,null,null,13131]
[null,null,null,null,null,13132]
[null,null,null,null,null,13134]
[null,null,null,null,null,13135]
[null,null,null,null,null,13136]
[null,null,null,null,null,13137]
[null,null,null,null,null,13138]
[null,null,null,null,null,13139]
[null,null,null,null,null,13140]
[null,null,null,null,null,13141]
[null,null,null,null,null,13142]
[null,null,null,null,null,13143]
[null,null,null,null,null,13144]
[null,null,null,null,null,13145]
[null,null,null,null,null,13146]
[null,null,null,null,null,13147]
[null,null,null,null,null,13148]
[null,null,null,null,null,13152]
[null,null,null,null,null,13153]
[null,null,null,null,null,13154]
[null,null,null,null,null,13155]
[null,null,null,null,null,13156]
[null,null,null,null,null,13157]
[null,null,null,null,null,13158]
[null,null,null,null,null,13159]
[null,null,null,null,null,13160]
[null,null,null,null,null,13162]
[null,null,null,null,null,13163]
[null,null,null,null,null,13164]
[null,null,null,null,null,13165]
[null,null,null,null,null,13166]
[null,null,null,null,null,13167]
[null,null,null,null,null,13201]
[null,null,null,null,null,13202]
[null,null,null,null,null,13203]
[null,null,null,null,null,13204]
[null,null,null,null,null,13205]
[null,null,null,null,null,13206]
[null,null,null,null,null,13207]
[null,null,null,null,null,13208]
[null,null,null,null,null,13209]
[null,null,null,null,null,13210]
[null,null,null,null,null,13211]
[null,null,null,null,null,13212]
[null,null,null,null,null,13214]
[null,null,null,null,null,13215]
[null,null,null,null,null,13217]
[null,null,null,null,null,13218]
[null,null,null,null,null,13219]
[null,null,null,null,null,13220]
[null,null,null,null,null,13221]
[null,null,null,null,null,13224]
[null,null,null,null,null,13225]
[null,null,null,null,null,13235]
[null,null,null,null,null,13244]
[null,null,null,null,null,13250]
[null,null,null,null,null,13251]
[null,null,null,null,null,13252]
[null,null,null,null,null,13261]
[null,null,null,null,null,13290]
[null,null,null,null,null,13301]
[null,null,null,null,null,13302]
[null,null,null,null,null,13303]
[null,null,null,null,null,13304]
[null,null,null,null,null,13305]
[null,null,null,null,null,13308]
[null,null,null,null,null,13309]
[null,null,null,null,null,13310]
[null,null,null,null,null,13312]
[null,null,null,null,null,13313]
[null,null,null,null,null,13314]
[null,null,null,null,null,13315]
[null,null,null,null,null,13316]
[null,null,null,null,null,13317]
[null,null,null,null,null,13318]
[null,null,null,null,null,13319]
[null,null,null,null,null,13320]
[null,null,null,null,null,13321]
[null,null,null,null,null,13322]
[null,null,null,null,null,13323]
[null,null,null,null,null,13324]
[null,null,null,null,null,13325]
[null,null,null,null,null,13326]
[null,null,null,null,null,13327]
[null,null,null,null,null,13328]
[null,null,null,null,null,13329]
[null,null,null,null,null,13331]
[null,null,null,null,null,13332]
[null,null,null,null,null,13333]
[null,null,null,null,null,13334]
[null,null,null,null,null,13335]
[null,null,null,null,null,13337]
[null,null,null,null,null,13338]
[null,null,null,null,null,13339]
[null,null,null,null,null,13340]
[null,null,null,null,null,13341]
[null,null,null,null,null,13342]
[null,null,null,null,null,13343]
[null,null,null,null,null,13345]
[null,null,null,null,null,13346]
[null,null,null,null,null,13348]
[null,null,null,null,null,13350]
[null,null,null,null,null,13352]
[null,null,null,null,null,13353]
[null,null,null,null,null,13354]
[null,null,null,null,null,13355]
[null,null,null,null,null,13357]
[null,null,null,null,null,13360]
[null,null,null,null,null,13361]
[null,null,null,null,null,13362]
[null,null,null,null,null,13363]
[null,null,null,null,null,13364]
[null,null,null,null,null,13365]
[null,null,null,null,null,13367]
[null,null,null,null,null,13368]
[null,null,null,null,null,13401]
[null,null,null,null,null,13402]
[null,null,null,null,null,13403]
[null,null,null,null,null,13404]
[null,null,null,null,null,13406]
[null,null,null,null,null,13407]
[null,null,null,null,null,13408]
[null,null,null,null,null,13409]
[null,null,null,null,null,13410]
[null,null,null,null,null,13411]
[null,null,null,null,null,13413]
[null,null,null,null,null,13415]
[null,null,null,null,null,13416]
[null,null,null,null,null,13417]
[null,null,null,null,null,13418]
[null,null,null,null,null,13420]
[null,null,null,null,null,13421]
[null,null,null,null,null,13424]
[null,null,null,null,null,13425]
[null,null,null,null,null,13426]
[null,null,null,null,null,13428]
[null,null,null,null,null,13431]
[null,null,null,null,null,13433]
[null,null,null,null,null,13435]
[null,null,null,null,null,13436]
[null,null,null,null,null,13437]
[null,null,null,null,null,13438]
[null,null,null,null,null,13439]
[null,null,null,null,null,13440]
[null,null,null,null,null,13441]
[null,null,null,null,null,13442]
[null,null,null,null,null,13449]
[null,null,null,null,null,13450]
[null,null,null,null,null,13452]
[null,null,null,null,null,13454]
[null,null,null,null,null,13455]
[null,null,null,null,null,13456]
[null,null,null,null,null,13457]
[null,null,null,null,null,13459]
[null,null,null,null,null,13460]
[null,null,null,null,null,13461]
[null,null,null,null,null,13464]
[null,null,null,null,null,13465]
[null,null,null,null,null,13468]
[null,null,null,null,null,13469]
[null,null,null,null,null,13470]
[null,null,null,null,null,13471]
[null,null,null,null,null,13472]
[null,null,null,null,null,13473]
[null,null,null,null,null,13475]
[null,null,null,null,null,13476]
[null,null,null,null,null,13477]
[null,null,null,null,null,13478]
[null,null,null,null,null,13479]
[null,null,null,null,null,13480]
[null,null,null,null,null,13482]
[null,null,null,null,null,13483]
[null,null,null,null,null,13484]
[null,null,null,null,null,13485]
[null,null,null,null,null,13486]
[null,null,null,null,null,13488]
[null,null,null,null,null,13489]
[null,null,null,null,null,13490]
[null,null,null,null,null,13491]
[null,null,null,null,null,13492]
[null,null,null,null,null,13493]
[null,null,null,null,null,13494]
[null,null,null,null,null,13495]
[null,null,null,null,null,13501]
[null,null,null,null,null,13502]
[null,null,null,null,null,13503]
[null,null,null,null,null,13504]
[null,null,null,null,null,13505]
[null,null,null,null,null,13599]
[null,null,null,null,null,13601]
[null,null,null,null,null,13602]
[null,null,null,null,null,13603]
[null,null,null,null,null,13605]
[null,null,null,null,null,13606]
[null,null,null,null,null,13607]
[null,null,null,null,null,13608]
[null,null,null,null,null,13611]
[null,null,null,null,null,13612]
[null,null,null,null,null,13613]
[null,null,null,null,null,13614]
[null,null,null,null,null,13615]
[null,null,null,null,null,13616]
[null,null,null,null,null,13617]
[null,null,null,null,null,13618]
[null,null,null,null,null,13619]
[null,null,null,null,null,13620]
[null,null,null,null,null,13621]
[null,null,null,null,null,13622]
[null,null,null,null,null,13623]
[null,null,null,null,null,13624]
[null,null,null,null,null,13625]
[null,null,null,null,null,13626]
[null,null,null,null,null,13627]
[null,null,null,null,null,13628]
[null,null,null,null,null,13630]
[null,null,null,null,null,13631]
[null,null,null,null,null,13632]
[null,null,null,null,null,13633]
[null,null,null,null,null,13634]
[null,null,null,null,null,13635]
[null,null,null,null,null,13636]
[null,null,null,null,null,13637]
[null,null,null,null,null,13638]
[null,null,null,null,null,13639]
[null,null,null,null,null,13640]
[null,null,null,null,null,13641]
[null,null,null,null,null,13642]
[null,null,null,null,null,13643]
[null,null,null,null,null,13645]
[null,null,null,null,null,13646]
[null,null,null,null,null,13647]
[null,null,null,null,null,13648]
[null,null,null,null,null,13649]
[null,null,null,null,null,13650]
[null,null,null,null,null,13651]
[null,null,null,null,null,13652]
[null,null,null,null,null,13654]
[null,null,null,null,null,13655]
[null,null,null,null,null,13656]
[null,null,null,null,null,13657]
[null,null,null,null,null,13658]
[null,null,null,null,null,13659]
[null,null,null,null,null,13660]
[null,null,null,null,null,13661]
[null,null,null,null,null,13662]
[null,null,null,null,null,13664]
[null,null,null,null,null,13665]
[null,null,null,null,null,13666]
[null,null,null,null,null,13667]
[null,null,null,null,null,13668]
[null,null,null,null,null,13669]
[null,null,null,null,null,13670]
[null,null,null,null,null,13671]
[null,null,null,null,null,13672]
[null,null,null,null,null,13673]
[null,null,null,null,null,13674]
[null,null,null,null,null,13675]
[null,null,null,null,null,13676]
[null,null,null,null,null,13677]
[null,null,null,null,null,13678]
[null,null,null,null,null,13679]
[null,null,null,null,null,13680]
[null,null,null,null,null,13681]
[null,null,null,null,null,13682]
[null,null,null,null,null,13683]
[null,null,null,null,null,13684]
[null,null,null,null,null,13685]
[null,null,null,null,null,13687]
[null,null,null,null,null,13690]
[null,null,null,null,null,13691]
[null,null,null,null,null,13692]
[null,null,null,null,null,13693]
[null,null,null,null,null,13694]
[null,null,null,null,null,13695]
[null,null,null,null,null,13696]
[null,null,null,null,null,13697]
[null,null,null,null,null,13699]
[null,null,null,null,null,13730]
[null,null,null,null,null,13731]
[null,null,null,null,null,13732]
[null,null,null,null,null,13733]
[null,null,null,null,null,13734]
[null,null,null,null,null,13736]
[null,null,null,null,null,13737]
[null,null,null,null,null,13738]
[null,null,null,null,null,13739]
[null,null,null,null,null,13740]
[null,null,null,null,null,13743]
[null,null,null,null,null,13744]
[null,null,null,null,null,13745]
[null,null,null,null,null,13746]
[null,null,null,null,null,13747]
[null,null,null,null,null,13748]
[null,null,null,null,null,13749]
[null,null,null,null,null,13750]
[null,null,null,null,null,13751]
[null,null,null,null,null,13752]
[null,null,null,null,null,13753]
[null,null,null,null,null,13754]
[null,null,null,null,null,13755]
[null,null,null,null,null,13756]
[null,null,null,null,null,13757]
[null,null,null,null,null,13758]
[null,null,null,null,null,13760]
[null,null,null,null,null,13761]
[null,null,null,null,null,13762]
[null,null,null,null,null,13763]
[null,null,null,null,null,13774]
[null,null,null,null,null,13775]
[null,null,null,null,null,13776]
[null,null,null,null,null,13777]
[null,null,null,null,null,13778]
[null,null,null,null,null,13780]
[null,null,null,null,null,13782]
[null,null,null,null,null,13783]
[null,null,null,null,null,13784]
[null,null,null,null,null,13786]
[null,null,null,null,null,13787]
[null,null,null,null,null,13788]
[null,null,null,null,null,13790]
[null,null,null,null,null,13794]
[null,null,null,null,null,13795]
[null,null,null,null,null,13796]
[null,null,null,null,null,13797]
[null,null,null,null,null,13801]
[null,null,null,null,null,13802]
[null,null,null,null,null,13803]
[null,null,null,null,null,13804]
[null,null,null,null,null,13806]
[null,null,null,null,null,13807]
[null,null,null,null,null,13808]
[null,null,null,null,null,13809]
[null,null,null,null,null,13810]
[null,null,null,null,null,13811]
[null,null,null,null,null,13812]
[null,null,null,null,null,13813]
[null,null,null,null,null,13814]
[null,null,null,null,null,13815]
[null,null,null,null,null,13820]
[null,null,null,null,null,13825]
[null,null,null,null,null,13826]
[null,null,null,null,null,13827]
[null,null,null,null,null,13830]
[null,null,null,null,null,13832]
[null,null,null,null,null,13833]
[null,null,null,null,null,13834]
[null,null,null,null,null,13835]
[null,null,null,null,null,13838]
[null,null,null,null,null,13839]
[null,null,null,null,null,13840]
[null,null,null,null,null,13841]
[null,null,null,null,null,13842]
[null,null,null,null,null,13843]
[null,null,null,null,null,13844]
[null,null,null,null,null,13845]
[null,null,null,null,null,13846]
[null,null,null,null,null,13847]
[null,null,null,null,null,13848]
[null,null,null,null,null,13849]
[null,null,null,null,null,13850]
[null,null,null,null,null,13851]
[null,null,null,null,null,13856]
[null,null,null,null,null,13859]
[null,null,null,null,null,13860]
[null,null,null,null,null,13861]
[null,null,null,null,null,13862]
[null,null,null,null,null,13863]
[null,null,null,null,null,13864]
[null,null,null,null,null,13865]
[null,null,null,null,null,13901]
[null,null,null,null,null,13902]
[null,null,null,null,null,13903]
[null,null,null,null,null,13904]
[null,null,null,null,null,13905]
[null,null,null,null,null,14001]
[null,null,null,null,null,14004]
[null,null,null,null,null,14005]
[null,null,null,null,null,14006]
[null,null,null,null,null,14008]
[null,null,null,null,null,14009]
[null,null,null,null,null,14010]
[null,null,null,null,null,14011]
[null,null,null,null,null,14012]
[null,null,null,null,null,14013]
[null,null,null,null,null,14020]
[null,null,null,null,null,14021]
[null,null,null,null,null,14024]
[null,null,null,null,null,14025]
[null,null,null,null,null,14026]
[null,null,null,null,null,14027]
[null,null,null,null,null,14028]
[null,null,null,null,null,14029]
[null,null,null,null,null,14030]
[null,null,null,null,null,14031]
[null,null,null,null,null,14032]
[null,null,null,null,null,14033]
[null,null,null,null,null,14034]
[null,null,null,null,null,14035]
[null,null,null,null,null,14036]
[null,null,null,null,null,14037]
[null,null,null,null,null,14038]
[null,null,null,null,null,14039]
[null,null,null,null,null,14040]
[null,null,null,null,null,14041]
[null,null,null,null,null,14042]
[null,null,null,null,null,14043]
[null,null,null,null,null,14047]
[null,null,null,null,null,14048]
[null,null,null,null,null,14051]
[null,null,null,null,null,14052]
[null,null,null,null,null,14054]
[null,null,null,null,null,14055]
[null,null,null,null,null,14056]
[null,null,null,null,null,14057]
[null,null,null,null,null,14058]
[null,null,null,null,null,14059]
[null,null,null,null,null,14060]
[null,null,null,null,null,14061]
[null,null,null,null,null,14062]
[null,null,null,null,null,14063]
[null,null,null,null,null,14065]
[null,null,null,null,null,14066]
[null,null,null,null,null,14067]
[null,null,null,null,null,14068]
[null,null,null,null,null,14069]
[null,null,null,null,null,14070]
[null,null,null,null,null,14072]
[null,null,null,null,null,14075]
[null,null,null,null,null,14080]
[null,null,null,null,null,14081]
[null,null,null,null,null,14082]
[null,null,null,null,null,14083]
[null,null,null,null,null,14085]
[null,null,null,null,null,14086]
[null,null,null,null,null,14091]
[null,null,null,null,null,14092]
[null,null,null,null,null,14094]
[null,null,null,null,null,14095]
[null,null,null,null,null,14098]
[null,null,null,null,null,14101]
[null,null,null,null,null,14102]
[null,null,null,null,null,14103]
[null,null,null,null,null,14105]
[null,null,null,null,null,14107]
[null,null,null,null,null,14108]
[null,null,null,null,null,14109]
[null,null,null,null,null,14110]
[null,null,null,null,null,14111]
[null,null,null,null,null,14112]
[null,null,null,null,null,14113]
[null,null,null,null,null,14120]
[null,null,null,null,null,14125]
[null,null,null,null,null,14126]
[null,null,null,null,null,14127]
[null,null,null,null,null,14129]
[null,null,null,null,null,14130]
[null,null,null,null,null,14131]
[null,null,null,null,null,14132]
[null,null,null,null,null,14133]
[null,null,null,null,null,14134]
[null,null,null,null,null,14135]
[null,null,null,null,null,14136]
[null,null,null,null,null,14138]
[null,null,null,null,null,14139]
[null,null,null,null,null,14140]
[null,null,null,null,null,14141]
[null,null,null,null,null,14143]
[null,null,null,null,null,14144]
[null,null,null,null,null,14145]
[null,null,null,null,null,14150]
[null,null,null,null,null,14151]
[null,null,null,null,null,14166]
[null,null,null,null,null,14167]
[null,null,null,null,null,14168]
[null,null,null,null,null,14169]
[null,null,null,null,null,14170]
[null,null,null,null,null,14171]
[null,null,null,null,null,14172]
[null,null,null,null,null,14173]
[null,null,null,null,null,14174]
[null,null,null,null,null,14201]
[null,null,null,null,null,14202]
[null,null,null,null,null,14203]
[null,null,null,null,null,14204]
[null,null,null,null,null,14205]
[null,null,null,null,null,14206]
[null,null,null,null,null,14207]
[null,null,null,null,null,14208]
[null,null,null,null,null,14209]
[null,null,null,null,null,14210]
[null,null,null,null,null,14211]
[null,null,null,null,null,14212]
[null,null,null,null,null,14213]
[null,null,null,null,null,14214]
[null,null,null,null,null,14215]
[null,null,null,null,null,14216]
[null,null,null,null,null,14217]
[null,null,null,null,null,14218]
[null,null,null,null,null,14219]
[null,null,null,null,null,14220]
[null,null,null,null,null,14221]
[null,null,null,null,null,14222]
[null,null,null,null,null,14223]
[null,null,null,null,null,14224]
[null,null,null,null,null,14225]
[null,null,null,null,null,14226]
[null,null,null,null,null,14227]
[null,null,null,null,null,14228]
[null,null,null,null,null,14231]
[null,null,null,null,null,14233]
[null,null,null,null,null,14240]
[null,null,null,null,null,14241]
[null,null,null,null,null,14260]
[null,null,null,null,null,14261]
[null,null,null,null,null,14263]
[null,null,null,null,null,14264]
[null,null,null,null,null,14265]
[null,null,null,null,null,14267]
[null,null,null,null,null,14269]
[null,null,null,null,null,14270]
[null,null,null,null,null,14272]
[null,null,null,null,null,14273]
[null,null,null,null,null,14276]
[null,null,null,null,null,14280]
[null,null,null,null,null,14301]
[null,null,null,null,null,14302]
[null,null,null,null,null,14303]
[null,null,null,null,null,14304]
[null,null,null,null,null,14305]
[null,null,null,null,null,14410]
[null,null,null,null,null,14411]
[null,null,null,null,null,14413]
[null,null,null,null,null,14414]
[null,null,null,null,null,14415]
[null,null,null,null,null,14416]
[null,null,null,null,null,14418]
[null,null,null,null,null,14420]
[null,null,null,null,null,14422]
[null,null,null,null,null,14423]
[null,null,null,null,null,14424]
[null,null,null,null,null,14425]
[null,null,null,null,null,14427]
[null,null,null,null,null,14428]
[null,null,null,null,null,14429]
[null,null,null,null,null,14430]
[null,null,null,null,null,14432]
[null,null,null,null,null,14433]
[null,null,null,null,null,14435]
[null,null,null,null,null,14437]
[null,null,null,null,null,14441]
[null,null,null,null,null,14443]
[null,null,null,null,null,14445]
[null,null,null,null,null,14449]
[null,null,null,null,null,14450]
[null,null,null,null,null,14452]
[null,null,null,null,null,14453]
[null,null,null,null,null,14454]
[null,null,null,null,null,14456]
[null,null,null,null,null,14461]
[null,null,null,null,null,14462]
[null,null,null,null,null,14463]
[null,null,null,null,null,14464]
[null,null,null,null,null,14466]
[null,null,null,null,null,14467]
[null,null,null,null,null,14468]
[null,null,null,null,null,14469]
[null,null,null,null,null,14470]
[null,null,null,null,null,14471]
[null,null,null,null,null,14472]
[null,null,null,null,null,14475]
[null,null,null,null,null,14476]
[null,null,null,null,null,14477]
[null,null,null,null,null,14478]
[null,null,null,null,null,14479]
[null,null,null,null,null,14480]
[null,null,null,null,null,14481]
[null,null,null,null,null,14482]
[null,null,null,null,null,14485]
[null,null,null,null,null,14486]
[null,null,null,null,null,14487]
[null,null,null,null,null,14488]
[null,null,null,null,null,14489]
[null,null,null,null,null,14502]
[null,null,null,null,null,14504]
[null,null,null,null,null,14505]
[null,null,null,null,null,14506]
[null,null,null,null,null,14507]
[null,null,null,null,null,14508]
[null,null,null,null,null,14510]
[null,null,null,null,null,14511]
[null,null,null,null,null,14512]
[null,null,null,null,null,14513]
[null,null,null,null,null,14514]
[null,null,null,null,null,14515]
[null,null,null,null,null,14516]
[null,null,null,null,null,14517]
[null,null,null,null,null,14518]
[null,null,null,null,null,14519]
[null,null,null,null,null,14520]
[null,null,null,null,null,14521]
[null,null,null,null,null,14522]
[null,null,null,null,null,14525]
[null,null,null,null,null,14526]
[null,null,null,null,null,14527]
[null,null,null,null,null,14529]
[null,null,null,null,null,14530]
[null,null,null,null,null,14532]
[null,null,null,null,null,14533]
[null,null,null,null,null,14534]
[null,null,null,null,null,14536]
[null,null,null,null,null,14537]
[null,null,null,null,null,14538]
[null,null,null,null,null,14539]
[null,null,null,null,null,14541]
[null,null,null,null,null,14542]
[null,null,null,null,null,14543]
[null,null,null,null,null,14544]
[null,null,null,null,null,14545]
[null,null,null,null,null,14546]
[null,null,null,null,null,14547]
[null,null,null,null,null,14548]
[null,null,null,null,null,14549]
[null,null,null,null,null,14550]
[null,null,null,null,null,14551]
[null,null,null,null,null,14555]
[null,null,null,null,null,14556]
[null,null,null,null,null,14557]
[null,null,null,null,null,14558]
[null,null,null,null,null,14559]
[null,null,null,null,null,14560]
[null,null,null,null,null,14561]
[null,null,null,null,null,14563]
[null,null,null,null,null,14564]
[null,null,null,null,null,14568]
[null,null,null,null,null,14569]
[null,null,null,null,null,14571]
[null,null,null,null,null,14572]
[null,null,null,null,null,14580]
[null,null,null,null,null,14585]
[null,null,null,null,null,14586]
[null,null,null,null,null,14588]
[null,null,null,null,null,14589]
[null,null,null,null,null,14590]
[null,null,null,null,null,14591]
[null,null,null,null,null,14592]
[null,null,null,null,null,14602]
[null,null,null,null,null,14603]
[null,null,null,null,null,14604]
[null,null,null,null,null,14605]
[null,null,null,null,null,14606]
[null,null,null,null,null,14607]
[null,null,null,null,null,14608]
[null,null,null,null,null,14609]
[null,null,null,null,null,14610]
[null,null,null,null,null,14611]
[null,null,null,null,null,14612]
[null,null,null,null,null,14613]
[null,null,null,null,null,14614]
[null,null,null,null,null,14615]
[null,null,null,null,null,14616]
[null,null,null,null,null,14617]
[null,null,null,null,null,14618]
[null,null,null,null,null,14619]
[null,null,null,null,null,14620]
[null,null,null,null,null,14621]
[null,null,null,null,null,14622]
[null,null,null,null,null,14623]
[null,null,null,null,null,14624]
[null,null,null,null,null,14625]
[null,null,null,null,null,14626]
[null,null,null,null,null,14627]
[null,null,null,null,null,14638]
[null,null,null,null,null,14639]
[null,null,null,null,null,14642]
[null,null,null,null,null,14643]
[null,null,null,null,null,14644]
[null,null,null,null,null,14646]
[null,null,null,null,null,14647]
[null,null,null,null,null,14649]
[null,null,null,null,null,14650]
[null,null,null,null,null,14651]
[null,null,null,null,null,14652]
[null,null,null,null,null,14653]
[null,null,null,null,null,14692]
[null,null,null,null,null,14694]
[null,null,null,null,null,14701]
[null,null,null,null,null,14702]
[null,null,null,null,null,14706]
[null,null,null,null,null,14707]
[null,null,null,null,null,14708]
[null,null,null,null,null,14709]
[null,null,null,null,null,14710]
[null,null,null,null,null,14711]
[null,null,null,null,null,14712]
[null,null,null,null,null,14714]
[null,null,null,null,null,14715]
[null,null,null,null,null,14716]
[null,null,null,null,null,14717]
[null,null,null,null,null,14718]
[null,null,null,null,null,14719]
[null,null,null,null,null,14720]
[null,null,null,null,null,14721]
[null,null,null,null,null,14722]
[null,null,null,null,null,14723]
[null,null,null,null,null,14724]
[null,null,null,null,null,14726]
[null,null,null,null,null,14727]
[null,null,null,null,null,14728]
[null,null,null,null,null,14729]
[null,null,null,null,null,14730]
[null,null,null,null,null,14731]
[null,null,null,null,null,14732]
[null,null,null,null,null,14733]
[null,null,null,null,null,14735]
[null,null,null,null,null,14736]
[null,null,null,null,null,14737]
[null,null,null,null,null,14738]
[null,null,null,null,null,14739]
[null,null,null,null,null,14740]
[null,null,null,null,null,14741]
[null,null,null,null,null,14742]
[null,null,null,null,null,14743]
[null,null,null,null,null,14744]
[null,null,null,null,null,14745]
[null,null,null,null,null,14747]
[null,null,null,null,null,14748]
[null,null,null,null,null,14750]
[null,null,null,null,null,14751]
[null,null,null,null,null,14752]
[null,null,null,null,null,14753]
[null,null,null,null,null,14754]
[null,null,null,null,null,14755]
[null,null,null,null,null,14756]
[null,null,null,null,null,14757]
[null,null,null,null,null,14758]
[null,null,null,null,null,14760]
[null,null,null,null,null,14766]
[null,null,null,null,null,14767]
[null,null,null,null,null,14769]
[null,null,null,null,null,14770]
[null,null,null,null,null,14772]
[null,null,null,null,null,14774]
[null,null,null,null,null,14775]
[null,null,null,null,null,14777]
[null,null,null,null,null,14778]
[null,null,null,null,null,14779]
[null,null,null,null,null,14781]
[null,null,null,null,null,14782]
[null,null,null,null,null,14783]
[null,null,null,null,null,14784]
[null,null,null,null,null,14785]
[null,null,null,null,null,14786]
[null,null,null,null,null,14787]
[null,null,null,null,null,14788]
[null,null,null,null,null,14801]
[null,null,null,null,null,14802]
[null,null,null,null,null,14803]
[null,null,null,null,null,14804]
[null,null,null,null,null,14805]
[null,null,null,null,null,14806]
[null,null,null,null,null,14807]
[null,null,null,null,null,14808]
[null,null,null,null,null,14809]
[null,null,null,null,null,14810]
[null,null,null,null,null,14812]
[null,null,null,null,null,14813]
[null,null,null,null,null,14814]
[null,null,null,null,null,14815]
[null,null,null,null,null,14816]
[null,null,null,null,null,14817]
[null,null,null,null,null,14818]
[null,null,null,null,null,14819]
[null,null,null,null,null,14820]
[null,null,null,null,null,14821]
[null,null,null,null,null,14822]
[null,null,null,null,null,14823]
[null,null,null,null,null,14824]
[null,null,null,null,null,14825]
[null,null,null,null,null,14826]
[null,null,null,null,null,14827]
[null,null,null,null,null,14830]
[null,null,null,null,null,14831]
[null,null,null,null,null,14836]
[null,null,null,null,null,14837]
[null,null,null,null,null,14838]
[null,null,null,null,null,14839]
[null,null,null,null,null,14840]
[null,null,null,null,null,14841]
[null,null,null,null,null,14842]
[null,null,null,null,null,14843]
[null,null,null,null,null,14845]
[null,null,null,null,null,14846]
[null,null,null,null,null,14847]
[null,null,null,null,null,14850]
[null,null,null,null,null,14851]
[null,null,null,null,null,14852]
[null,null,null,null,null,14853]
[null,null,null,null,null,14854]
[null,null,null,null,null,14855]
[null,null,null,null,null,14856]
[null,null,null,null,null,14857]
[null,null,null,null,null,14858]
[null,null,null,null,null,14859]
[null,null,null,null,null,14860]
[null,null,null,null,null,14861]
[null,null,null,null,null,14863]
[null,null,null,null,null,14864]
[null,null,null,null,null,14865]
[null,null,null,null,null,14867]
[null,null,null,null,null,14869]
[null,null,null,null,null,14870]
[null,null,null,null,null,14871]
[null,null,null,null,null,14872]
[null,null,null,null,null,14873]
[null,null,null,null,null,14874]
[null,null,null,null,null,14876]
[null,null,null,null,null,14877]
[null,null,null,null,null,14878]
[null,null,null,null,null,14879]
[null,null,null,null,null,14880]
[null,null,null,null,null,14881]
[null,null,null,null,null,14882]
[null,null,null,null,null,14883]
[null,null,null,null,null,14884]
[null,null,null,null,null,14885]
[null,null,null,null,null,14886]
[null,null,null,null,null,14887]
[null,null,null,null,null,14889]
[null,null,null,null,null,14891]
[null,null,null,null,null,14892]
[null,null,null,null,null,14893]
[null,null,null,null,null,14894]
[null,null,null,null,null,14895]
[null,null,null,null,null,14897]
[null,null,null,null,null,14898]
[null,null,null,null,null,14901]
[null,null,null,null,null,14902]
[null,null,null,null,null,14903]
[null,null,null,null,null,14904]
[null,null,null,null,null,14905]